-- Table structure for table `wpry_2_posts`
--

CREATE TABLE `wpry_2_posts` (
  `ID` bigint UNSIGNED NOT NULL,
  `post_author` bigint UNSIGNED NOT NULL DEFAULT '0',
  `post_date` datetime NOT NULL DEFAULT '0000-00-00 00:00:00',
  `post_date_gmt` datetime NOT NULL DEFAULT '0000-00-00 00:00:00',
  `post_content` longtext CHARACTER SET utf8mb4 COLLATE utf8mb4_unicode_520_ci NOT NULL,
  `post_title` text CHARACTER SET utf8mb4 COLLATE utf8mb4_unicode_520_ci NOT NULL,
  `post_excerpt` text CHARACTER SET utf8mb4 COLLATE utf8mb4_unicode_520_ci NOT NULL,
  `post_status` varchar(20) CHARACTER SET utf8mb4 COLLATE utf8mb4_unicode_520_ci NOT NULL DEFAULT 'publish',
  `comment_status` varchar(20) CHARACTER SET utf8mb4 COLLATE utf8mb4_unicode_520_ci NOT NULL DEFAULT 'open',
  `ping_status` varchar(20) CHARACTER SET utf8mb4 COLLATE utf8mb4_unicode_520_ci NOT NULL DEFAULT 'open',
  `post_password` varchar(255) CHARACTER SET utf8mb4 COLLATE utf8mb4_unicode_520_ci NOT NULL DEFAULT '',
  `post_name` varchar(200) CHARACTER SET utf8mb4 COLLATE utf8mb4_unicode_520_ci NOT NULL DEFAULT '',
  `to_ping` text CHARACTER SET utf8mb4 COLLATE utf8mb4_unicode_520_ci NOT NULL,
  `pinged` text CHARACTER SET utf8mb4 COLLATE utf8mb4_unicode_520_ci NOT NULL,
  `post_modified` datetime NOT NULL DEFAULT '0000-00-00 00:00:00',
  `post_modified_gmt` datetime NOT NULL DEFAULT '0000-00-00 00:00:00',
  `post_content_filtered` longtext CHARACTER SET utf8mb4 COLLATE utf8mb4_unicode_520_ci NOT NULL,
  `post_parent` bigint UNSIGNED NOT NULL DEFAULT '0',
  `guid` varchar(255) CHARACTER SET utf8mb4 COLLATE utf8mb4_unicode_520_ci NOT NULL DEFAULT '',
  `menu_order` int NOT NULL DEFAULT '0',
  `post_type` varchar(20) CHARACTER SET utf8mb4 COLLATE utf8mb4_unicode_520_ci NOT NULL DEFAULT 'post',
  `post_mime_type` varchar(100) CHARACTER SET utf8mb4 COLLATE utf8mb4_unicode_520_ci NOT NULL DEFAULT '',
  `comment_count` bigint NOT NULL DEFAULT '0'
) ENGINE=InnoDB DEFAULT CHARSET=utf8mb4 COLLATE=utf8mb4_unicode_520_ci;

--
-- Dumping data for table `wpry_2_posts`
--

INSERT INTO `wpry_2_posts` (`ID`, `post_author`, `post_date`, `post_date_gmt`, `post_content`, `post_title`, `post_excerpt`, `post_status`, `comment_status`, `ping_status`, `post_password`, `post_name`, `to_ping`, `pinged`, `post_modified`, `post_modified_gmt`, `post_content_filtered`, `post_parent`, `guid`, `menu_order`, `post_type`, `post_mime_type`, `comment_count`) VALUES
(16, 1, '2020-07-08 15:18:01', '2020-07-08 15:18:01', '<!-- wp:fl-builder/layout -->\n\n<!-- /wp:fl-builder/layout -->', 'My Header', '', 'publish', 'closed', 'closed', '', 'my-header', '', '', '2022-04-19 21:12:17', '2022-04-19 21:12:17', '', 0, 'https://mastermanagementcorp.com/demo/?post_type=fl-theme-layout&#038;p=16', 0, 'fl-theme-layout', '', 0),
(120, 1, '2020-07-15 16:11:37', '2020-07-15 16:11:37', '\n						', 'Featured listings', '\n						', 'publish', 'closed', 'closed', '', 'featured-listings', '', '', '2020-07-15 16:11:37', '2020-07-15 16:11:37', '', 0, 'https://mastermanagementcorp.com/fl-builder-template/featured-listings/', 0, 'fl-builder-template', '', 0),
(127, 1, '2020-07-15 16:40:40', '2020-07-15 16:40:40', '<!-- wp:fl-builder/layout -->\n\n				<img src=\"https://kitsapcounty.mastermanagementcorp.com/wp-content/uploads/sites/2/2020/07/kitsapcounty-logo.png\" alt=\"kitsapcounty-logo\" itemprop=\"image\" height=\"149\" width=\"360\" title=\"kitsapcounty-logo\" onerror=\"this.style.display=\'none\'\"  />\n<h3>\n		Additional Resources\n	</h3>\n	<p><a href=\"https://mastermanagementcorp.com/dmca\">DMCA</a></p>\n<p><a href=\"https://mastermanagementcorp.com/privacy-policy\">Privacy policy</a></p>\n<p><a href=\"https://mastermanagementcorp.com/term-of-service\">Terms and conditions</a></p>\n				<a href=\"https://mastermanagementcorp.com/wp-content/themes/bb-theme-child/app/app-release.apk\" target=\"_self\" itemprop=\"url\" rel=\"noopener\">\n				<img src=\"https://kitsapcounty.mastermanagementcorp.com/wp-content/uploads/sites/2/2020/07/downloadapp-10.png\" alt=\"downloadapp-10\" itemprop=\"image\" height=\"102\" width=\"360\" title=\"downloadapp-10\" onerror=\"this.style.display=\'none\'\"  />\n				</a>\n	<p>© 2020 Master Management Corp. All Rights Reserved.</p>\n\n<!-- /wp:fl-builder/layout -->', 'My Footer', '', 'publish', 'closed', 'closed', '', 'my-footer', '', '', '2022-04-19 20:47:34', '2022-04-19 20:47:34', '', 0, 'https://mastermanagementcorp.com/demo/?post_type=fl-theme-layout&#038;p=127', 0, 'fl-theme-layout', '', 0),
(181, 1, '2020-07-17 09:52:19', '2020-07-17 09:52:19', '\n						', 'Social Icons', '\n						', 'publish', 'closed', 'closed', '', 'social-icons', '', '', '2020-07-17 09:52:19', '2020-07-17 09:52:19', '', 0, 'https://mastermanagementcorp.com/fl-builder-template/social-icons/', 0, 'fl-builder-template', '', 0),
(232, 1, '2020-07-28 15:01:36', '2020-07-28 15:01:36', '', 'Homepage template', '', 'publish', 'closed', 'closed', '', 'homepage-template', '', '', '2020-07-28 15:01:36', '2020-07-28 15:01:36', '', 0, 'https://mastermanagementcorp.com/fl-builder-template/homepage-template/', 0, 'fl-builder-template', '', 0),
(234, 1, '2020-07-28 15:05:34', '2020-07-28 15:05:34', '<!-- wp:fl-builder/layout -->\n<h2>\n		Find Your Home <br>In Kitsap County, Washington State\n	</h2>\n		<p>Contact Us</p>			\n<p>360-900-9708</p>\n&nbsp;\n		<p>PO Box 2082</p>			\n<p>Kingston, WA</p>\n&nbsp;\n		<p>8AM-5PM</p>			\n<p>Monday-Friday</p>\n&nbsp;\n<h2>\n		About Us\n	</h2>\n	<p>Master Management has mastered the art of real estate. Utilize our resources to maximize your efficiency in buying or selling residential or commercial real estate. Make any real estate transaction more efficient and lucrative by utilizing the years of experience Master Management has to offer.</p>\n			<a href=\"https://mastermanagementcorp.com/about-us\" target=\"_self\" role=\"button\" rel=\"noopener\">\n							Learn More\n					</a>\n<h2>\n		Featured Homes For Sale\n	</h2>\n	<p>Featured homes coming soon.</p>\n<!-- /wp:fl-builder/layout -->', 'Home', '', 'publish', 'closed', 'closed', '', 'home', '', '', '2023-08-07 09:45:30', '2023-08-07 09:45:30', '', 0, 'https://kitsapcounty.mastermanagementcorp.com/?page_id=234', 0, 'page', '', 0),
(235, 1, '2020-07-28 15:05:34', '2020-07-28 15:05:34', '<!-- wp:fl-builder/layout /-->', 'Home', '', 'inherit', 'closed', 'closed', '', '234-revision-v1', '', '', '2020-07-28 15:05:34', '2020-07-28 15:05:34', '', 234, 'https://kitsapcounty.mastermanagementcorp.com/2020/07/28/234-revision-v1/', 0, 'revision', '', 0),
(236, 1, '2020-07-28 15:09:04', '2020-07-28 15:09:04', '<!-- wp:fl-builder/layout --><h2>\r\n		Find Your Home <br/>In Washington State\r\n	</h2>\r\n		<p>Contact Us</p>			\r\n<p>360-900-9708</p>\r\n \r\n		<p>PO Box 2082</p>			\r\n<p>Kingston, WA</p>\r\n \r\n		<p>8AM-5PM</p>			\r\n<p>Monday-Friday</p>\r\n \r\n<h2>\r\n		About Us\r\n	</h2>\r\n	<p>Master Management has mastered the art of real estate. Utilize our resources to maximize your efficiency in buying or selling residential or commercial real estate. Make any real estate transaction more efficient and lucrative by utilizing the years of experience Master Management has to offer.</p>\r\n			<a href=\"https://mastermanagementcorp.com/about-us\" target=\"_self\" role=\"button\" rel=\"noopener noreferrer\">\r\n							Learn More\r\n					</a>\r\n<h2>\r\n		<a href=\"https://kitsapcounty.mastermanagementcorp.com/\" title=\"Kitsap County\" target=\"_self\" rel=\"noopener noreferrer\">\r\n		Kitsap County\r\n		</a>\r\n	</h2>\r\n<h2>\r\n		<a href=\"https://clallamcounty.mastermanagementcorp.com/\" title=\"Clallam County\" target=\"_self\" rel=\"noopener noreferrer\">\r\n		Clallam County\r\n		</a>\r\n	</h2>\r\n<h2>\r\n		Featured Homes For Sale\r\n	</h2>\r\n	[Featured_Block]\r\n<h2>\r\n		Our Agents\r\n	</h2>\r\n				<img src=\"https://mastermanagementcorp.com/wp-content/uploads/2020/07/laurahenry.jpg\" alt=\"\" title=\"\" itemprop=\"image\"/>\r\n		<h2>Laura Henry</h2>			\r\n				<p>Master Management Co-Founder<br />E: Laura@MasterManagementCorp.com<br />T: 360-900-9708</p>\r\n				<img src=\"https://mastermanagementcorp.com/wp-content/uploads/2020/07/laurahenrybrooke.jpg\" alt=\"\" title=\"\" itemprop=\"image\"/>\r\n		<h2>Leah Henry Brooke</h2>			\r\n				<p>Master Management Co-Founder<br />E: Leah@NoteBuyerGo.com<br />T: 360-620-9000</p>\r\n<h2>\r\n		Our Partners\r\n	</h2>\r\n				<a href=\"https://www.nwmls.com/\" target=\"_self\" itemprop=\"url\" rel=\"noopener noreferrer\">\r\n				<img src=\"https://mastermanagementcorp.com/wp-content/uploads/2020/07/NWMLS_Logo_265x60-1.png\" alt=\"NWMLS_Logo_265x60\" itemprop=\"image\" height=\"60\" width=\"265\" title=\"NWMLS_Logo_265x60\" onerror=\"this.style.display=\'none\'\"  />\r\n				</a>\r\n				<a href=\"https://www.diversesolutions.com/\" target=\"_self\" itemprop=\"url\" rel=\"noopener noreferrer\">\r\n				<img src=\"https://mastermanagementcorp.com/wp-content/uploads/2020/07/diverse-solutions-1.png\" alt=\"diverse-solutions\" itemprop=\"image\" height=\"582\" width=\"2000\" title=\"diverse-solutions\" onerror=\"this.style.display=\'none\'\"  />\r\n				</a>\r\n				<a href=\"https://kingstonidealstorage.com/\" target=\"_self\" itemprop=\"url\" rel=\"noopener noreferrer\">\r\n				<img src=\"https://mastermanagementcorp.com/wp-content/uploads/2020/07/Ideal-Storage-Logo-final.jpg\" alt=\"Ideal Storage Logo final\" itemprop=\"image\" height=\"1050\" width=\"1685\" title=\"Ideal Storage Logo final\" onerror=\"this.style.display=\'none\'\"  />\r\n				</a>\r\n	<iframe src=\"https://www.google.com/maps/embed/v1/place?q=Master+Management%2C+Commercial+Avenue+Northeast%2C+Kingston%2C+WA&key=AIzaSyD09zQ9PNDNNy9TadMuzRV_UsPUoWKntt8\" aria-hidden=\"true\" title=\"Master Management Corp\"></iframe>\r\n<!-- /wp:fl-builder/layout -->', 'Home', '', 'inherit', 'closed', 'closed', '', '234-revision-v1', '', '', '2020-07-28 15:09:04', '2020-07-28 15:09:04', '', 234, 'https://kitsapcounty.mastermanagementcorp.com/2020/07/28/234-revision-v1/', 0, 'revision', '', 0),
(237, 1, '2020-07-28 15:47:44', '2020-07-28 15:47:44', '<!-- wp:fl-builder/layout -->\r\n\r\n<h2>\r\n\r\n		Find Your Home <br>In Washington State\r\n\r\n	</h2>\r\n\r\n		<p>Contact Us</p>			\r\n\r\n<p>360-900-9708</p>\r\n\r\n&nbsp;\r\n\r\n		<p>PO Box 2082</p>			\r\n\r\n<p>Kingston, WA</p>\r\n\r\n&nbsp;\r\n\r\n		<p>8AM-5PM</p>			\r\n\r\n<p>Monday-Friday</p>\r\n\r\n&nbsp;\r\n\r\n<h2>\r\n\r\n		About Us\r\n\r\n	</h2>\r\n\r\n	<p>Master Management has mastered the art of real estate. Utilize our resources to maximize your efficiency in buying or selling residential or commercial real estate. Make any real estate transaction more efficient and lucrative by utilizing the years of experience Master Management has to offer.</p>\r\n\r\n			<a href=\"https://mastermanagementcorp.com/about-us\" target=\"_self\" role=\"button\" rel=\"noopener noreferrer\">\r\n\r\n							Learn More\r\n\r\n					</a>\r\n\r\n<h2>\r\n\r\n		<a href=\"https://kitsapcounty.mastermanagementcorp.com/\" title=\"Kitsap County\" target=\"_self\" rel=\"noopener noreferrer\">\r\n\r\n		Kitsap County\r\n\r\n		</a>\r\n\r\n	</h2>\r\n\r\n<h2>\r\n\r\n		<a href=\"https://clallamcounty.mastermanagementcorp.com/\" title=\"Clallam County\" target=\"_self\" rel=\"noopener noreferrer\">\r\n\r\n		Clallam County\r\n\r\n		</a>\r\n\r\n	</h2>\r\n\r\n<h2>\r\n\r\n		Featured Homes For Sale\r\n\r\n	</h2>\r\n\r\n	[Featured_Block]\r\n\r\n<h2>\r\n\r\n		Our Agents\r\n\r\n	</h2>\r\n\r\n				<img src=\"https://mastermanagementcorp.com/wp-content/uploads/2020/07/laurahenry.jpg\" alt=\"\" title=\"\" itemprop=\"image\">\r\n\r\n		<h2>Laura Henry</h2>			\r\n\r\n				<p>Master Management Co-Founder<br>E: Laura@MasterManagementCorp.com<br>T: 360-900-9708</p>\r\n\r\n				<img src=\"https://mastermanagementcorp.com/wp-content/uploads/2020/07/laurahenrybrooke.jpg\" alt=\"\" title=\"\" itemprop=\"image\">\r\n\r\n		<h2>Leah Henry Brooke</h2>			\r\n\r\n				<p>Master Management Co-Founder<br>E: Leah@NoteBuyerGo.com<br>T: 360-620-9000</p>\r\n\r\n<h2>\r\n\r\n		Our Partners\r\n\r\n	</h2>\r\n\r\n				<a href=\"https://www.nwmls.com/\" target=\"_self\" itemprop=\"url\" rel=\"noopener noreferrer\">\r\n\r\n				<img src=\"https://mastermanagementcorp.com/wp-content/uploads/2020/07/NWMLS_Logo_265x60-1.png\" alt=\"NWMLS_Logo_265x60\" itemprop=\"image\" height=\"60\" width=\"265\" title=\"NWMLS_Logo_265x60\" onerror=\"this.style.display=\'none\'\">\r\n\r\n				</a>\r\n\r\n				<a href=\"https://www.diversesolutions.com/\" target=\"_self\" itemprop=\"url\" rel=\"noopener noreferrer\">\r\n\r\n				<img src=\"https://mastermanagementcorp.com/wp-content/uploads/2020/07/diverse-solutions-1.png\" alt=\"diverse-solutions\" itemprop=\"image\" height=\"582\" width=\"2000\" title=\"diverse-solutions\" onerror=\"this.style.display=\'none\'\">\r\n\r\n				</a>\r\n\r\n				<a href=\"https://kingstonidealstorage.com/\" target=\"_self\" itemprop=\"url\" rel=\"noopener noreferrer\">\r\n\r\n				<img src=\"https://mastermanagementcorp.com/wp-content/uploads/2020/07/Ideal-Storage-Logo-final.jpg\" alt=\"Ideal Storage Logo final\" itemprop=\"image\" height=\"1050\" width=\"1685\" title=\"Ideal Storage Logo final\" onerror=\"this.style.display=\'none\'\">\r\n\r\n				</a>\r\n\r\n	<iframe src=\"https://www.google.com/maps/embed/v1/place?q=Master+Management%2C+Commercial+Avenue+Northeast%2C+Kingston%2C+WA&amp;key=AIzaSyD09zQ9PNDNNy9TadMuzRV_UsPUoWKntt8\" aria-hidden=\"true\" title=\"Master Management Corp\"></iframe>\r\n\r\n<!-- /wp:fl-builder/layout -->', 'Home', '', 'inherit', 'closed', 'closed', '', '234-revision-v1', '', '', '2020-07-28 15:47:44', '2020-07-28 15:47:44', '', 234, 'https://kitsapcounty.mastermanagementcorp.com/2020/07/28/234-revision-v1/', 0, 'revision', '', 0),
(243, 1, '2020-07-29 15:54:23', '2020-07-29 15:54:23', '', 'download-app', '', 'inherit', 'open', 'closed', '', 'download-app', '', '', '2020-07-29 15:54:23', '2020-07-29 15:54:23', '', 127, 'https://kitsapcounty.mastermanagementcorp.com/wp-content/uploads/sites/2/2020/07/download-app.png', 0, 'attachment', 'image/png', 0),
(244, 1, '2020-07-29 15:54:41', '2020-07-29 15:54:41', '<!-- wp:fl-builder/layout -->\n				<img src=\"https://mastermanagementcorp.com/wp-content/uploads/2020/07/MasterManagementCorp_A11.png\" alt=\"MasterManagementCorp_A11\" itemprop=\"image\" height=\"806\" width=\"1948\" title=\"MasterManagementCorp_A11\" onerror=\"this.style.display=\'none\'\"  />\n<h3>\n		Additional Resources\n	</h3>\n	<p><a href=\"/dmca\">DMCA</a></p>\n<p><a href=\"/privacy-policy\">Privacy policy</a></p>\n<p><a href=\"/term-of-service\">Terms and conditions</a></p>\n				<a href=\"https://mastermanagementcorp.com/wp-content/themes/bb-theme-child/app/app-release.apk\" target=\"_self\" itemprop=\"url\" rel=\"noopener noreferrer\">\n				<img src=\"https://kitsapcounty.mastermanagementcorp.com/wp-content/uploads/sites/2/2020/07/download-app.png\" alt=\"download-app\" itemprop=\"image\" height=\"244\" width=\"860\" title=\"download-app\" onerror=\"this.style.display=\'none\'\"  />\n				</a>\n	<p>© 2020 Master Management Corp. All Rights Reserved.</p>\n<!-- /wp:fl-builder/layout -->', 'My Footer', '', 'inherit', 'closed', 'closed', '', '127-revision-v1', '', '', '2020-07-29 15:54:41', '2020-07-29 15:54:41', '', 127, 'https://kitsapcounty.mastermanagementcorp.com/2020/07/29/127-revision-v1/', 0, 'revision', '', 0),
(245, 1, '2020-07-29 15:56:03', '2020-07-29 15:56:03', '<!-- wp:fl-builder/layout -->\n				<img src=\"https://mastermanagementcorp.com/wp-content/uploads/2020/07/MasterManagementCorp_A11.png\" alt=\"MasterManagementCorp_A11\" itemprop=\"image\" height=\"806\" width=\"1948\" title=\"MasterManagementCorp_A11\" onerror=\"this.style.display=\'none\'\"  />\n<h3>\n		Additional Resources\n	</h3>\n	<p><a href=\"https://mastermanagementcorp.com/dmca\">DMCA</a></p>\n<p><a href=\"https://mastermanagementcorp.com/privacy-policy\">Privacy policy</a></p>\n<p><a href=\"https://mastermanagementcorp.com/term-of-service\">Terms and conditions</a></p>\n				<a href=\"https://mastermanagementcorp.com/wp-content/themes/bb-theme-child/app/app-release.apk\" target=\"_self\" itemprop=\"url\" rel=\"noopener noreferrer\">\n				<img src=\"https://kitsapcounty.mastermanagementcorp.com/wp-content/uploads/sites/2/2020/07/download-app.png\" alt=\"download-app\" itemprop=\"image\" height=\"244\" width=\"860\" title=\"download-app\" onerror=\"this.style.display=\'none\'\"  />\n				</a>\n	<p>© 2020 Master Management Corp. All Rights Reserved.</p>\n<!-- /wp:fl-builder/layout -->', 'My Footer', '', 'inherit', 'closed', 'closed', '', '127-revision-v1', '', '', '2020-07-29 15:56:03', '2020-07-29 15:56:03', '', 127, 'https://kitsapcounty.mastermanagementcorp.com/2020/07/29/127-revision-v1/', 0, 'revision', '', 0),
(246, 1, '2020-07-29 15:57:38', '2020-07-29 15:57:38', '<!-- wp:fl-builder/layout --><!-- /wp:fl-builder/layout -->', 'Home', '', 'inherit', 'closed', 'closed', '', '234-revision-v1', '', '', '2020-07-29 15:57:38', '2020-07-29 15:57:38', '', 234, 'https://kitsapcounty.mastermanagementcorp.com/2020/07/29/234-revision-v1/', 0, 'revision', '', 0),
(247, 1, '2020-07-29 15:57:38', '2020-07-29 15:57:38', '<!-- wp:fl-builder/layout --><!-- /wp:fl-builder/layout -->', 'Home', '', 'inherit', 'closed', 'closed', '', '234-revision-v1', '', '', '2020-07-29 15:57:38', '2020-07-29 15:57:38', '', 234, 'https://kitsapcounty.mastermanagementcorp.com/2020/07/29/234-revision-v1/', 0, 'revision', '', 0),
(251, 1, '2020-07-29 16:11:41', '2020-07-29 16:11:41', '<!-- wp:fl-builder/layout --><h2>\n		Find Your Home <br/>In Washington State\n	</h2>\n		<p>Contact Us</p>			\n<p>360-900-9708</p>\n \n		<p>PO Box 2082</p>			\n<p>Kingston, WA</p>\n \n		<p>8AM-5PM</p>			\n<p>Monday-Friday</p>\n \n<h2>\n		About Us\n	</h2>\n	<p>Master Management has mastered the art of real estate. Utilize our resources to maximize your efficiency in buying or selling residential or commercial real estate. Make any real estate transaction more efficient and lucrative by utilizing the years of experience Master Management has to offer.</p>\n			<a href=\"https://mastermanagementcorp.com/about-us\" target=\"_self\" role=\"button\" rel=\"noopener noreferrer\">\n							Learn More\n					</a>\n<h2>\n		Featured Homes For Sale\n	</h2>\n	[Featured_Block]\n<!-- /wp:fl-builder/layout -->', 'Home', '', 'inherit', 'closed', 'closed', '', '234-revision-v1', '', '', '2020-07-29 16:11:41', '2020-07-29 16:11:41', '', 234, 'https://kitsapcounty.mastermanagementcorp.com/2020/07/29/234-revision-v1/', 0, 'revision', '', 0),
(253, 1, '2020-07-29 16:12:38', '2020-07-29 16:12:38', '#home-search .dsidx-resp-vertical label{\n	color: #fff;\n    font-size: 18px !important;\n}\n#home-search .dsidx-resp-vertical .dsidx-resp-area input[type=\"text\"], .dsidx-resp-vertical .dsidx-resp-area select{\n	margin-bottom:0px;\n}\n#home-search .dsidx-resp-vertical .dsidx-autocomplete-box{\n	background:#fff;\n}\n#home-search .dsidx-resp-vertical .dsidx-quick-resp-min-baths-area select{\n	height: 35px;\n    border-radius: 5px;\n}\n#home-search .dsidx-resp-vertical .dsidx-resp-submit{\n	margin-top:20px !important;\n}\n#home-search .dsidx-resp-vertical .dsidx-resp-type-area{\n	display:none;\n}\n.fl-page-footer-widgets-container{\n	width:100% !important;\n	padding-top: 80px;\n  padding-bottom: 80px;\n}\n\n.fl-page-footer-widgets{\n	border-top:0;\n}\n#dsidx-disclaimer{\n	display:none;\n}\n.dsidx-resp-vertical label{\n		color:#808080;\n    font-size: 14px !important;\n}\n.fl-page-footer-widgets a{\n	color:#a53b26;\n}', 'bb-theme-child', '', 'publish', 'closed', 'closed', '', 'bb-theme-child', '', '', '2020-07-29 16:41:49', '2020-07-29 16:41:49', '', 0, 'https://kitsapcounty.mastermanagementcorp.com/2020/07/29/bb-theme-child/', 0, 'custom_css', '', 0),
(254, 1, '2020-07-29 16:12:38', '2020-07-29 16:12:38', '#home-search .dsidx-resp-vertical label{\n	color: #fff;\n    font-size: 18px !important;\n}\n#home-search .dsidx-resp-vertical .dsidx-resp-area input[type=\"text\"], .dsidx-resp-vertical .dsidx-resp-area select{\n	margin-bottom:0px;\n}\n#home-search .dsidx-resp-vertical .dsidx-autocomplete-box{\n	background:#fff;\n}\n#home-search .dsidx-resp-vertical .dsidx-quick-resp-min-baths-area select{\n	height: 35px;\n    border-radius: 5px;\n}\n#home-search .dsidx-resp-vertical .dsidx-resp-submit{\n	margin-top:20px !important;\n}\n#home-search .dsidx-resp-vertical .dsidx-resp-type-area{\n	display:none;\n}\n.fl-page-footer-widgets-container{\n	width:100% !important;\n	padding-top: 80px;\n  padding-bottom: 80px;\n}\n\n.fl-page-footer-widgets{\n	border-top:0;\n}\n#dsidx-disclaimer{\n	display:none;\n}\n.fl-page-footer-widgets a{\n	color:#a53b26;\n}', 'bb-theme-child', '', 'inherit', 'closed', 'closed', '', '253-revision-v1', '', '', '2020-07-29 16:12:38', '2020-07-29 16:12:38', '', 253, 'https://kitsapcounty.mastermanagementcorp.com/2020/07/29/253-revision-v1/', 0, 'revision', '', 0),
(256, 1, '2020-07-29 16:18:43', '2020-07-29 16:18:43', '', 'Kitsap-County-Historical-Society-Museum', '', 'inherit', 'open', 'closed', '', 'kitsap-county-historical-society-museum', '', '', '2020-07-29 16:18:43', '2020-07-29 16:18:43', '', 234, 'https://kitsapcounty.mastermanagementcorp.com/wp-content/uploads/sites/2/2020/07/Kitsap-County-Historical-Society-Museum.jpg', 0, 'attachment', 'image/jpeg', 0),
(257, 1, '2020-07-29 16:21:13', '2020-07-29 16:21:13', '<!-- wp:fl-builder/layout --><h2>\n		Find Your Home <br/>In Kitsap County, Washington State\n	</h2>\n		<p>Contact Us</p>			\n<p>360-900-9708</p>\n \n		<p>PO Box 2082</p>			\n<p>Kingston, WA</p>\n \n		<p>8AM-5PM</p>			\n<p>Monday-Friday</p>\n \n<h2>\n		About Us\n	</h2>\n	<p>Master Management has mastered the art of real estate. Utilize our resources to maximize your efficiency in buying or selling residential or commercial real estate. Make any real estate transaction more efficient and lucrative by utilizing the years of experience Master Management has to offer.</p>\n			<a href=\"https://mastermanagementcorp.com/about-us\" target=\"_self\" role=\"button\" rel=\"noopener noreferrer\">\n							Learn More\n					</a>\n<h2>\n		Featured Homes For Sale\n	</h2>\n	[Featured_Block]\n<!-- /wp:fl-builder/layout -->', 'Home', '', 'inherit', 'closed', 'closed', '', '234-revision-v1', '', '', '2020-07-29 16:21:13', '2020-07-29 16:21:13', '', 234, 'https://kitsapcounty.mastermanagementcorp.com/2020/07/29/234-revision-v1/', 0, 'revision', '', 0),
(259, 1, '2020-07-29 16:26:21', '2020-07-29 16:26:21', '<!-- wp:fl-builder/layout /-->', 'IDX', '', 'publish', 'closed', 'closed', '', 'idx', '', '', '2020-07-29 16:27:40', '2020-07-29 16:27:40', '', 0, 'https://kitsapcounty.mastermanagementcorp.com/?page_id=259', 0, 'page', '', 0),
(260, 1, '2020-07-29 16:26:21', '2020-07-29 16:26:21', '<!-- wp:fl-builder/layout /-->', 'IDX', '', 'inherit', 'closed', 'closed', '', '259-revision-v1', '', '', '2020-07-29 16:26:21', '2020-07-29 16:26:21', '', 259, 'https://kitsapcounty.mastermanagementcorp.com/2020/07/29/259-revision-v1/', 0, 'revision', '', 0),
(261, 1, '2020-07-29 16:38:41', '2020-07-29 16:38:41', '', 'Find A Home', '', 'publish', 'closed', 'closed', '', 'find-a-home', '', '', '2020-07-30 14:19:01', '2020-07-30 14:19:01', '', 0, 'https://kitsapcounty.mastermanagementcorp.com/?p=261', 2, 'nav_menu_item', '', 0),
(262, 1, '2020-07-29 16:39:30', '2020-07-29 16:39:30', '', 'Featured', '', 'publish', 'closed', 'closed', '', 'featured', '', '', '2020-07-30 14:19:01', '2020-07-30 14:19:01', '', 0, 'https://kitsapcounty.mastermanagementcorp.com/?p=262', 3, 'nav_menu_item', '', 0),
(264, 1, '2020-07-29 16:40:55', '2020-07-29 16:40:55', '#home-search .dsidx-resp-vertical label{\n	color: #fff;\n    font-size: 18px !important;\n}\n#home-search .dsidx-resp-vertical .dsidx-resp-area input[type=\"text\"], .dsidx-resp-vertical .dsidx-resp-area select{\n	margin-bottom:0px;\n}\n#home-search .dsidx-resp-vertical .dsidx-autocomplete-box{\n	background:#fff;\n}\n#home-search .dsidx-resp-vertical .dsidx-quick-resp-min-baths-area select{\n	height: 35px;\n    border-radius: 5px;\n}\n#home-search .dsidx-resp-vertical .dsidx-resp-submit{\n	margin-top:20px !important;\n}\n#home-search .dsidx-resp-vertical .dsidx-resp-type-area{\n	display:none;\n}\n.fl-page-footer-widgets-container{\n	width:100% !important;\n	padding-top: 80px;\n  padding-bottom: 80px;\n}\n\n.fl-page-footer-widgets{\n	border-top:0;\n}\n#dsidx-disclaimer{\n	display:none;\n}\n.dsidx-resp-vertical label{\n		color:#808080;\n    font-size: 18px !important;\n}\n.fl-page-footer-widgets a{\n	color:#a53b26;\n}', 'bb-theme-child', '', 'inherit', 'closed', 'closed', '', '253-revision-v1', '', '', '2020-07-29 16:40:55', '2020-07-29 16:40:55', '', 253, 'https://kitsapcounty.mastermanagementcorp.com/2020/07/29/253-revision-v1/', 0, 'revision', '', 0),
(266, 1, '2020-07-29 16:41:49', '2020-07-29 16:41:49', '#home-search .dsidx-resp-vertical label{\n	color: #fff;\n    font-size: 18px !important;\n}\n#home-search .dsidx-resp-vertical .dsidx-resp-area input[type=\"text\"], .dsidx-resp-vertical .dsidx-resp-area select{\n	margin-bottom:0px;\n}\n#home-search .dsidx-resp-vertical .dsidx-autocomplete-box{\n	background:#fff;\n}\n#home-search .dsidx-resp-vertical .dsidx-quick-resp-min-baths-area select{\n	height: 35px;\n    border-radius: 5px;\n}\n#home-search .dsidx-resp-vertical .dsidx-resp-submit{\n	margin-top:20px !important;\n}\n#home-search .dsidx-resp-vertical .dsidx-resp-type-area{\n	display:none;\n}\n.fl-page-footer-widgets-container{\n	width:100% !important;\n	padding-top: 80px;\n  padding-bottom: 80px;\n}\n\n.fl-page-footer-widgets{\n	border-top:0;\n}\n#dsidx-disclaimer{\n	display:none;\n}\n.dsidx-resp-vertical label{\n		color:#808080;\n    font-size: 14px !important;\n}\n.fl-page-footer-widgets a{\n	color:#a53b26;\n}', 'bb-theme-child', '', 'inherit', 'closed', 'closed', '', '253-revision-v1', '', '', '2020-07-29 16:41:49', '2020-07-29 16:41:49', '', 253, 'https://kitsapcounty.mastermanagementcorp.com/2020/07/29/253-revision-v1/', 0, 'revision', '', 0),
(267, 1, '2020-07-30 10:31:48', '2020-07-30 10:31:48', '', 'Go To WA', '', 'publish', 'closed', 'closed', '', 'go-to-wa', '', '', '2020-07-30 14:19:01', '2020-07-30 14:19:01', '', 0, 'https://kitsapcounty.mastermanagementcorp.com/?p=267', 1, 'nav_menu_item', '', 0),
(268, 1, '2020-07-30 14:08:45', '2020-07-30 14:08:45', '<!-- wp:fl-builder/layout -->\n<img src=\"https://kitsapcounty.mastermanagementcorp.com/wp-content/uploads/sites/2/2020/07/profile.jpg\" alt=\"profile\" itemprop=\"image\" height=\"1000\" width=\"1000\" title=\"profile\" onerror=\"this.style.display=\'none\'\">\n	Master Management Co-Founder<br>\nE: Laura@MasterManagementCorp.com<br>\nT: 360-900-9708\n<!-- /wp:fl-builder/layout -->', 'Contact', '', 'publish', 'closed', 'closed', '', 'contact', '', '', '2023-08-02 11:53:46', '2023-08-02 11:53:46', '', 0, 'https://kitsapcounty.mastermanagementcorp.com/?page_id=268', 0, 'page', '', 0),
(269, 1, '2020-07-30 14:08:45', '2020-07-30 14:08:45', '<!-- wp:fl-builder/layout /-->', 'Contact', '', 'inherit', 'closed', 'closed', '', '268-revision-v1', '', '', '2020-07-30 14:08:45', '2020-07-30 14:08:45', '', 268, 'https://kitsapcounty.mastermanagementcorp.com/2020/07/30/268-revision-v1/', 0, 'revision', '', 0),
(270, 1, '2020-07-30 14:11:39', '2020-07-30 14:11:39', '', 'profile', '', 'inherit', 'open', 'closed', '', 'profile', '', '', '2020-07-30 14:11:39', '2020-07-30 14:11:39', '', 268, 'https://kitsapcounty.mastermanagementcorp.com/wp-content/uploads/sites/2/2020/07/profile.jpg', 0, 'attachment', 'image/jpeg', 0),
(271, 1, '2020-07-30 14:16:22', '2020-07-30 14:16:22', '<!-- wp:fl-builder/layout -->\n				<img src=\"https://kitsapcounty.mastermanagementcorp.com/wp-content/uploads/sites/2/2020/07/profile.jpg\" alt=\"profile\" itemprop=\"image\" height=\"1000\" width=\"1000\" title=\"profile\" onerror=\"this.style.display=\'none\'\"  />\n	Master Management Co-Founder<br />\nE: Laura@MasterManagementCorp.com<br />\nT: 360-900-9708\n<!-- /wp:fl-builder/layout -->', 'Contact', '', 'inherit', 'closed', 'closed', '', '268-revision-v1', '', '', '2020-07-30 14:16:22', '2020-07-30 14:16:22', '', 268, 'https://kitsapcounty.mastermanagementcorp.com/2020/07/30/268-revision-v1/', 0, 'revision', '', 0),
(272, 1, '2020-07-30 14:18:29', '2020-07-30 14:18:29', '<!-- wp:fl-builder/layout -->\n				<img src=\"https://kitsapcounty.mastermanagementcorp.com/wp-content/uploads/sites/2/2020/07/profile.jpg\" alt=\"profile\" itemprop=\"image\" height=\"1000\" width=\"1000\" title=\"profile\" onerror=\"this.style.display=\'none\'\"  />\n	Master Management Co-Founder<br />\nE: Laura@MasterManagementCorp.com<br />\nT: 360-900-9708\n<!-- /wp:fl-builder/layout -->', 'Contact', '', 'inherit', 'closed', 'closed', '', '268-revision-v1', '', '', '2020-07-30 14:18:29', '2020-07-30 14:18:29', '', 268, 'https://kitsapcounty.mastermanagementcorp.com/2020/07/30/268-revision-v1/', 0, 'revision', '', 0),
(273, 1, '2020-07-30 14:19:01', '2020-07-30 14:19:01', ' ', '', '', 'publish', 'closed', 'closed', '', '273', '', '', '2020-07-30 14:19:01', '2020-07-30 14:19:01', '', 0, 'https://kitsapcounty.mastermanagementcorp.com/?p=273', 4, 'nav_menu_item', '', 0),
(274, 1, '2020-07-30 14:22:31', '2020-07-30 14:22:31', '<!-- wp:fl-builder/layout -->\n				<img src=\"https://kitsapcounty.mastermanagementcorp.com/wp-content/uploads/sites/2/2020/07/profile.jpg\" alt=\"profile\" itemprop=\"image\" height=\"1000\" width=\"1000\" title=\"profile\" onerror=\"this.style.display=\'none\'\"  />\n	Master Management Co-Founder<br />\nE: Laura@MasterManagementCorp.com<br />\nT: 360-900-9708\n<!-- /wp:fl-builder/layout -->', 'Contact', '', 'inherit', 'closed', 'closed', '', '268-revision-v1', '', '', '2020-07-30 14:22:31', '2020-07-30 14:22:31', '', 268, 'https://kitsapcounty.mastermanagementcorp.com/2020/07/30/268-revision-v1/', 0, 'revision', '', 0),
(275, 1, '2020-07-31 09:08:11', '2020-07-31 09:08:11', '<!-- wp:fl-builder/layout -->\n<h2>\n		Find Your Home <br>In Kitsap County, Washington State\n	</h2>\n		<p>Contact Us</p>			\n<p>360-900-9708</p>\n&nbsp;\n		<p>PO Box 2082</p>			\n<p>Kingston, WA</p>\n&nbsp;\n		<p>8AM-5PM</p>			\n<p>Monday-Friday</p>\n&nbsp;\n<h2>\n		About Us\n	</h2>\n	<p>Master Management has mastered the art of real estate. Utilize our resources to maximize your efficiency in buying or selling residential or commercial real estate. Make any real estate transaction more efficient and lucrative by utilizing the years of experience Master Management has to offer.</p>\n			<a href=\"https://mastermanagementcorp.com/about-us\" target=\"_self\" role=\"button\" rel=\"noopener noreferrer\">\n							Learn More\n					</a>\n<h2>\n		Featured Homes For Sale\n	</h2>\n	[Featured_Block]\n<!-- /wp:fl-builder/layout -->', 'Home', '', 'inherit', 'closed', 'closed', '', '234-revision-v1', '', '', '2020-07-31 09:08:11', '2020-07-31 09:08:11', '', 234, 'https://kitsapcounty.mastermanagementcorp.com/2020/07/31/234-revision-v1/', 0, 'revision', '', 0),
(276, 1, '2020-07-31 09:12:30', '2020-07-31 09:12:30', '<!-- wp:fl-builder/layout --><h2>\n		Find Your Home <br/>In Kitsap County, Washington State\n	</h2>\n		<p>Contact Us</p>			\n<p>360-900-9708</p>\n \n		<p>PO Box 2082</p>			\n<p>Kingston, WA</p>\n \n		<p>8AM-5PM</p>			\n<p>Monday-Friday</p>\n \n<h2>\n		About Us\n	</h2>\n	<p>Master Management has mastered the art of real estate. Utilize our resources to maximize your efficiency in buying or selling residential or commercial real estate. Make any real estate transaction more efficient and lucrative by utilizing the years of experience Master Management has to offer.</p>\n			<a href=\"https://mastermanagementcorp.com/about-us\" target=\"_self\" role=\"button\" rel=\"noopener noreferrer\">\n							Learn More\n					</a>\n<h2>\n		Featured Homes For Sale\n	</h2>\n	[Featured_Block]\n<!-- /wp:fl-builder/layout -->', 'Home', '', 'inherit', 'closed', 'closed', '', '234-revision-v1', '', '', '2020-07-31 09:12:30', '2020-07-31 09:12:30', '', 234, 'https://kitsapcounty.mastermanagementcorp.com/2020/07/31/234-revision-v1/', 0, 'revision', '', 0),
(277, 1, '2020-07-31 10:19:38', '2020-07-31 10:19:38', '<!-- wp:fl-builder/layout --><h2>\n		Find Your Home <br/>In Kitsap County, Washington State\n	</h2>\n		<p>Contact Us</p>			\n<p>360-900-9708</p>\n \n		<p>PO Box 2082</p>			\n<p>Kingston, WA</p>\n \n		<p>8AM-5PM</p>			\n<p>Monday-Friday</p>\n \n<h2>\n		About Us\n	</h2>\n	<p>Master Management has mastered the art of real estate. Utilize our resources to maximize your efficiency in buying or selling residential or commercial real estate. Make any real estate transaction more efficient and lucrative by utilizing the years of experience Master Management has to offer.</p>\n			<a href=\"https://mastermanagementcorp.com/about-us\" target=\"_self\" role=\"button\" rel=\"noopener noreferrer\">\n							Learn More\n					</a>\n<h2>\n		Featured Homes For Sale\n	</h2>\n	[Featured_Block]\n<!-- /wp:fl-builder/layout -->', 'Home', '', 'inherit', 'closed', 'closed', '', '234-revision-v1', '', '', '2020-07-31 10:19:38', '2020-07-31 10:19:38', '', 234, 'https://kitsapcounty.mastermanagementcorp.com/2020/07/31/234-revision-v1/', 0, 'revision', '', 0),
(278, 1, '2020-07-31 10:57:53', '2020-07-31 10:57:53', '<!-- wp:fl-builder/layout --><h2>\n		Find Your Home <br/>In Kitsap County, Washington State\n	</h2>\n		<p>Contact Us</p>			\n<p>360-900-9708</p>\n \n		<p>PO Box 2082</p>			\n<p>Kingston, WA</p>\n \n		<p>8AM-5PM</p>			\n<p>Monday-Friday</p>\n \n<h2>\n		About Us\n	</h2>\n	<p>Master Management has mastered the art of real estate. Utilize our resources to maximize your efficiency in buying or selling residential or commercial real estate. Make any real estate transaction more efficient and lucrative by utilizing the years of experience Master Management has to offer.</p>\n			<a href=\"https://mastermanagementcorp.com/about-us\" target=\"_self\" role=\"button\" rel=\"noopener noreferrer\">\n							Learn More\n					</a>\n<h2>\n		Featured Homes For Sale\n	</h2>\n	[Featured_Block]\n<!-- /wp:fl-builder/layout -->', 'Home', '', 'inherit', 'closed', 'closed', '', '234-revision-v1', '', '', '2020-07-31 10:57:53', '2020-07-31 10:57:53', '', 234, 'https://kitsapcounty.mastermanagementcorp.com/2020/07/31/234-revision-v1/', 0, 'revision', '', 0),
(279, 1, '2020-07-31 15:06:32', '2020-07-31 15:06:32', '<!-- wp:fl-builder/layout --><h2>\n		Find Your Home <br/>In Kitsap County, Washington State\n	</h2>\n		<p>Contact Us</p>			\n<p>360-900-9708</p>\n \n		<p>PO Box 2082</p>			\n<p>Kingston, WA</p>\n \n		<p>8AM-5PM</p>			\n<p>Monday-Friday</p>\n \n<h2>\n		About Us\n	</h2>\n	<p>Master Management has mastered the art of real estate. Utilize our resources to maximize your efficiency in buying or selling residential or commercial real estate. Make any real estate transaction more efficient and lucrative by utilizing the years of experience Master Management has to offer.</p>\n			<a href=\"https://mastermanagementcorp.com/about-us\" target=\"_self\" role=\"button\" rel=\"noopener noreferrer\">\n							Learn More\n					</a>\n<h2>\n		Featured Homes For Sale\n	</h2>\n	[Featured_Block]\n<!-- /wp:fl-builder/layout -->', 'Home', '', 'inherit', 'closed', 'closed', '', '234-revision-v1', '', '', '2020-07-31 15:06:32', '2020-07-31 15:06:32', '', 234, 'https://kitsapcounty.mastermanagementcorp.com/2020/07/31/234-revision-v1/', 0, 'revision', '', 0),
(284, 1, '2020-10-19 14:15:16', '2020-10-19 14:15:16', '<!-- wp:fl-builder/layout -->\n				<a href=\"/\" target=\"_self\" itemprop=\"url\" rel=\"noopener noreferrer\">\n				<img src=\"https://kitsapcounty.mastermanagementcorp.com/wp-content/uploads/sites/2/2020/07/kitsapcounty-logo.png\" alt=\"kitsapcounty-logo\" itemprop=\"image\" height=\"149\" width=\"360\" title=\"kitsapcounty-logo\" onerror=\"this.style.display=\'none\'\"  />\n				</a>\n<!-- /wp:fl-builder/layout -->', 'My Header', '', 'inherit', 'closed', 'closed', '', '16-revision-v1', '', '', '2020-10-19 14:15:16', '2020-10-19 14:15:16', '', 16, 'https://kitsapcounty.mastermanagementcorp.com/2020/10/19/16-revision-v1/', 0, 'revision', '', 0),
(285, 1, '2020-10-19 14:20:09', '2020-10-19 14:20:09', '', 'mastermcorp-logo', '', 'inherit', 'open', 'closed', '', 'mastermcorp-logo', '', '', '2020-10-19 14:20:09', '2020-10-19 14:20:09', '', 0, 'https://kitsapcounty.mastermanagementcorp.com/wp-content/uploads/sites/2/2020/10/mastermcorp-logo.png', 0, 'attachment', 'image/png', 0),
(286, 1, '2020-10-19 14:21:07', '2020-10-19 14:21:07', '<!-- wp:fl-builder/layout -->\n				<a href=\"/\" target=\"_self\" itemprop=\"url\" rel=\"noopener noreferrer\">\n				<img src=\"https://kitsapcounty.mastermanagementcorp.com/wp-content/uploads/sites/2/2020/10/mastermcorp-logo.png\" alt=\"mastermcorp-logo\" itemprop=\"image\" height=\"149\" width=\"360\" title=\"mastermcorp-logo\" onerror=\"this.style.display=\'none\'\"  />\n				</a>\n<!-- /wp:fl-builder/layout -->', 'My Header', '', 'inherit', 'closed', 'closed', '', '16-revision-v1', '', '', '2020-10-19 14:21:07', '2020-10-19 14:21:07', '', 16, 'https://kitsapcounty.mastermanagementcorp.com/2020/10/19/16-revision-v1/', 0, 'revision', '', 0),
(287, 1, '2020-10-19 14:26:34', '2020-10-19 14:26:34', '', 'kitsapcounty-logo', '', 'inherit', 'open', 'closed', '', 'kitsapcounty-logo', '', '', '2020-10-19 14:26:34', '2020-10-19 14:26:34', '', 127, 'https://kitsapcounty.mastermanagementcorp.com/wp-content/uploads/sites/2/2020/07/kitsapcounty-logo.png', 0, 'attachment', 'image/png', 0),
(288, 1, '2020-10-19 14:27:10', '2020-10-19 14:27:10', '', 'downloadapp-10', '', 'inherit', 'open', 'closed', '', 'downloadapp-10', '', '', '2020-10-19 14:27:10', '2020-10-19 14:27:10', '', 127, 'https://kitsapcounty.mastermanagementcorp.com/wp-content/uploads/sites/2/2020/07/downloadapp-10.png', 0, 'attachment', 'image/png', 0),
(289, 1, '2020-10-19 14:27:22', '2020-10-19 14:27:22', '<!-- wp:fl-builder/layout -->\n				<img src=\"https://kitsapcounty.mastermanagementcorp.com/wp-content/uploads/sites/2/2020/07/kitsapcounty-logo.png\" alt=\"kitsapcounty-logo\" itemprop=\"image\" height=\"149\" width=\"360\" title=\"kitsapcounty-logo\" onerror=\"this.style.display=\'none\'\"  />\n<h3>\n		Additional Resources\n	</h3>\n	<p><a href=\"https://mastermanagementcorp.com/dmca\">DMCA</a></p>\n<p><a href=\"https://mastermanagementcorp.com/privacy-policy\">Privacy policy</a></p>\n<p><a href=\"https://mastermanagementcorp.com/term-of-service\">Terms and conditions</a></p>\n				<a href=\"https://mastermanagementcorp.com/wp-content/themes/bb-theme-child/app/app-release.apk\" target=\"_self\" itemprop=\"url\" rel=\"noopener noreferrer\">\n				<img src=\"https://kitsapcounty.mastermanagementcorp.com/wp-content/uploads/sites/2/2020/07/downloadapp-10.png\" alt=\"downloadapp-10\" itemprop=\"image\" height=\"102\" width=\"360\" title=\"downloadapp-10\" onerror=\"this.style.display=\'none\'\"  />\n				</a>\n	<p>© 2020 Master Management Corp. All Rights Reserved.</p>\n<!-- /wp:fl-builder/layout -->', 'My Footer', '', 'inherit', 'closed', 'closed', '', '127-revision-v1', '', '', '2020-10-19 14:27:22', '2020-10-19 14:27:22', '', 127, 'https://kitsapcounty.mastermanagementcorp.com/2020/10/19/127-revision-v1/', 0, 'revision', '', 0),
(290, 1, '2020-10-19 14:27:49', '2020-10-19 14:27:49', '<!-- wp:fl-builder/layout -->\n				<a href=\"/\" target=\"_self\" itemprop=\"url\" rel=\"noopener noreferrer\">\n				<img src=\"https://kitsapcounty.mastermanagementcorp.com/wp-content/uploads/sites/2/2020/07/kitsapcounty-logo.png\" alt=\"kitsapcounty-logo\" itemprop=\"image\" height=\"149\" width=\"360\" title=\"kitsapcounty-logo\" onerror=\"this.style.display=\'none\'\"  />\n				</a>\n<!-- /wp:fl-builder/layout -->', 'My Header', '', 'inherit', 'closed', 'closed', '', '16-revision-v1', '', '', '2020-10-19 14:27:49', '2020-10-19 14:27:49', '', 16, 'https://kitsapcounty.mastermanagementcorp.com/2020/10/19/16-revision-v1/', 0, 'revision', '', 0),
(291, 1, '2020-10-19 14:32:43', '2020-10-19 14:32:43', '', 'footer', '', 'inherit', 'open', 'closed', '', 'footer', '', '', '2020-10-19 14:32:43', '2020-10-19 14:32:43', '', 127, 'https://kitsapcounty.mastermanagementcorp.com/wp-content/uploads/sites/2/2020/07/footer.jpg', 0, 'attachment', 'image/jpeg', 0),
(292, 1, '2020-10-19 14:33:16', '2020-10-19 14:33:16', '<!-- wp:fl-builder/layout -->\n				<img src=\"https://kitsapcounty.mastermanagementcorp.com/wp-content/uploads/sites/2/2020/07/kitsapcounty-logo.png\" alt=\"kitsapcounty-logo\" itemprop=\"image\" height=\"149\" width=\"360\" title=\"kitsapcounty-logo\" onerror=\"this.style.display=\'none\'\"  />\n<h3>\n		Additional Resources\n	</h3>\n	<p><a href=\"https://mastermanagementcorp.com/dmca\">DMCA</a></p>\n<p><a href=\"https://mastermanagementcorp.com/privacy-policy\">Privacy policy</a></p>\n<p><a href=\"https://mastermanagementcorp.com/term-of-service\">Terms and conditions</a></p>\n				<a href=\"https://mastermanagementcorp.com/wp-content/themes/bb-theme-child/app/app-release.apk\" target=\"_self\" itemprop=\"url\" rel=\"noopener noreferrer\">\n				<img src=\"https://kitsapcounty.mastermanagementcorp.com/wp-content/uploads/sites/2/2020/07/downloadapp-10.png\" alt=\"downloadapp-10\" itemprop=\"image\" height=\"102\" width=\"360\" title=\"downloadapp-10\" onerror=\"this.style.display=\'none\'\"  />\n				</a>\n	<p>© 2020 Master Management Corp. All Rights Reserved.</p>\n<!-- /wp:fl-builder/layout -->', 'My Footer', '', 'inherit', 'closed', 'closed', '', '127-revision-v1', '', '', '2020-10-19 14:33:16', '2020-10-19 14:33:16', '', 127, 'https://kitsapcounty.mastermanagementcorp.com/2020/10/19/127-revision-v1/', 0, 'revision', '', 0),
(293, 1, '2020-10-19 14:54:36', '2020-10-19 14:54:36', '<!-- wp:fl-builder/layout --><h2>\n		Find Your Home <br/>In Kitsap County, Washington State\n	</h2>\n		<p>Contact Us</p>			\n<p>360-900-9708</p>\n \n		<p>PO Box 2082</p>			\n<p>Kingston, WA</p>\n \n		<p>8AM-5PM</p>			\n<p>Monday-Friday</p>\n \n<h2>\n		About Us\n	</h2>\n	<p>Master Management has mastered the art of real estate. Utilize our resources to maximize your efficiency in buying or selling residential or commercial real estate. Make any real estate transaction more efficient and lucrative by utilizing the years of experience Master Management has to offer.</p>\n			<a href=\"https://mastermanagementcorp.com/about-us\" target=\"_self\" role=\"button\" rel=\"noopener noreferrer\">\n							Learn More\n					</a>\n<h2>\n		Featured Homes For Sale\n	</h2>\n	[Featured_Block]\n<!-- /wp:fl-builder/layout -->', 'Home', '', 'inherit', 'closed', 'closed', '', '234-revision-v1', '', '', '2020-10-19 14:54:36', '2020-10-19 14:54:36', '', 234, 'https://kitsapcounty.mastermanagementcorp.com/2020/10/19/234-revision-v1/', 0, 'revision', '', 0),
(294, 1, '2020-10-20 15:48:06', '2020-10-20 15:48:06', '<!-- wp:fl-builder/layout --><h2>\n		Find Your Home <br/>In Kitsap County, Washington State\n	</h2>\n		<p>Contact Us</p>			\n<p>360-900-9708</p>\n \n		<p>PO Box 2082</p>			\n<p>Kingston, WA</p>\n \n		<p>8AM-5PM</p>			\n<p>Monday-Friday</p>\n \n<h2>\n		About Us\n	</h2>\n	<p>Master Management has mastered the art of real estate. Utilize our resources to maximize your efficiency in buying or selling residential or commercial real estate. Make any real estate transaction more efficient and lucrative by utilizing the years of experience Master Management has to offer.</p>\n			<a href=\"https://mastermanagementcorp.com/about-us\" target=\"_self\" role=\"button\" rel=\"noopener noreferrer\">\n							Learn More\n					</a>\n<h2>\n		Featured Homes For Sale\n	</h2>\n	[Featured_Block]\n<!-- /wp:fl-builder/layout -->', 'Home', '', 'inherit', 'closed', 'closed', '', '234-revision-v1', '', '', '2020-10-20 15:48:06', '2020-10-20 15:48:06', '', 234, 'https://kitsapcounty.mastermanagementcorp.com/2020/10/20/234-revision-v1/', 0, 'revision', '', 0),
(295, 1, '2020-10-20 16:06:42', '2020-10-20 16:06:42', '', 'Discover Kitsap Peninsula Washington with Bainbridge Homes', '', 'inherit', 'open', 'closed', '', 'discover-kitsap-peninsula-washington-with-bainbridge-homes', '', '', '2020-10-20 16:06:42', '2020-10-20 16:06:42', '', 0, 'https://kitsapcounty.mastermanagementcorp.com/wp-content/uploads/sites/2/2020/10/Discover-Kitsap-Peninsula-Washington-with-Bainbridge-Homes.mp4', 0, 'attachment', 'video/mp4', 0),
(296, 1, '2020-10-20 16:07:57', '2020-10-20 16:07:57', '<!-- wp:fl-builder/layout --><h2>\n		Find Your Home <br/>In Kitsap County, Washington State\n	</h2>\n		<p>Contact Us</p>			\n<p>360-900-9708</p>\n \n		<p>PO Box 2082</p>			\n<p>Kingston, WA</p>\n \n		<p>8AM-5PM</p>			\n<p>Monday-Friday</p>\n \n<h2>\n		About Us\n	</h2>\n	<p>Master Management has mastered the art of real estate. Utilize our resources to maximize your efficiency in buying or selling residential or commercial real estate. Make any real estate transaction more efficient and lucrative by utilizing the years of experience Master Management has to offer.</p>\n			<a href=\"https://mastermanagementcorp.com/about-us\" target=\"_self\" role=\"button\" rel=\"noopener noreferrer\">\n							Learn More\n					</a>\n<h2>\n		Featured Homes For Sale\n	</h2>\n	[Featured_Block]\n<!-- /wp:fl-builder/layout -->', 'Home', '', 'inherit', 'closed', 'closed', '', '234-revision-v1', '', '', '2020-10-20 16:07:57', '2020-10-20 16:07:57', '', 234, 'https://kitsapcounty.mastermanagementcorp.com/2020/10/20/234-revision-v1/', 0, 'revision', '', 0),
(297, 3, '2022-03-25 22:03:35', '2022-03-25 22:03:35', '', 'Kitsap', '', 'inherit', 'open', 'closed', '', 'discover-kitsap-peninsula-washington-with-bainbridge-homes-2', '', '', '2022-03-25 22:03:40', '2022-03-25 22:03:40', '', 234, 'https://kitsapcounty.mastermanagementcorp.com/wp-content/uploads/sites/2/2022/03/Discover-Kitsap-Peninsula-Washington-with-Bainbridge-Homes.mp4', 0, 'attachment', 'video/mp4', 0),
(298, 3, '2022-03-25 22:03:48', '2022-03-25 22:03:48', '<!-- wp:fl-builder/layout -->\n<h2>\n		Find Your Home <br />In Kitsap County, Washington State\n	</h2>\n		<p>Contact Us</p>			\n<p>360-900-9708</p>\n \n		<p>PO Box 2082</p>			\n<p>Kingston, WA</p>\n \n		<p>8AM-5PM</p>			\n<p>Monday-Friday</p>\n \n<h2>\n		About Us\n	</h2>\n	<p>Master Management has mastered the art of real estate. Utilize our resources to maximize your efficiency in buying or selling residential or commercial real estate. Make any real estate transaction more efficient and lucrative by utilizing the years of experience Master Management has to offer.</p>\n			<a href=\"https://mastermanagementcorp.com/about-us\" target=\"_self\" role=\"button\" rel=\"noopener\">\n							Learn More\n					</a>\n<h2>\n		Featured Homes For Sale\n	</h2>\n	[Featured_Block]\n\n<!-- /wp:fl-builder/layout -->', 'Home', '', 'inherit', 'closed', 'closed', '', '234-revision-v1', '', '', '2022-03-25 22:03:48', '2022-03-25 22:03:48', '', 234, 'https://kitsapcounty.mastermanagementcorp.com/?p=298', 0, 'revision', '', 0),
(299, 3, '2022-03-25 22:07:19', '2022-03-25 22:07:19', '', 'Kitsap', '', 'inherit', 'open', 'closed', '', 'discover-kitsap-peninsula-washington-with-bainbridge-homes-3', '', '', '2022-03-25 22:07:23', '2022-03-25 22:07:23', '', 234, 'https://kitsapcounty.mastermanagementcorp.com/wp-content/uploads/sites/2/2022/03/Discover-Kitsap-Peninsula-Washington-with-Bainbridge-Homes-1.mp4', 0, 'attachment', 'video/mp4', 0),
(300, 3, '2022-03-25 22:07:31', '2022-03-25 22:07:31', '<!-- wp:fl-builder/layout -->\n<h2>\n		Find Your Home <br />In Kitsap County, Washington State\n	</h2>\n		<p>Contact Us</p>			\n<p>360-900-9708</p>\n \n		<p>PO Box 2082</p>			\n<p>Kingston, WA</p>\n \n		<p>8AM-5PM</p>			\n<p>Monday-Friday</p>\n \n<h2>\n		About Us\n	</h2>\n	<p>Master Management has mastered the art of real estate. Utilize our resources to maximize your efficiency in buying or selling residential or commercial real estate. Make any real estate transaction more efficient and lucrative by utilizing the years of experience Master Management has to offer.</p>\n			<a href=\"https://mastermanagementcorp.com/about-us\" target=\"_self\" role=\"button\" rel=\"noopener\">\n							Learn More\n					</a>\n<h2>\n		Featured Homes For Sale\n	</h2>\n	[Featured_Block]\n\n<!-- /wp:fl-builder/layout -->', 'Home', '', 'inherit', 'closed', 'closed', '', '234-revision-v1', '', '', '2022-03-25 22:07:31', '2022-03-25 22:07:31', '', 234, 'https://kitsapcounty.mastermanagementcorp.com/?p=300', 0, 'revision', '', 0),
(301, 3, '2022-04-19 14:32:43', '0000-00-00 00:00:00', '', 'Auto Draft', '', 'auto-draft', 'open', 'open', '', '', '', '', '2022-04-19 14:32:43', '0000-00-00 00:00:00', '', 0, 'https://kitsapcounty.mastermanagementcorp.com/?p=301', 0, 'post', '', 0),
(302, 3, '2022-04-19 15:13:58', '2022-04-19 15:13:58', '<!-- wp:fl-builder/layout -->\n<h2>\n		Find Your Home <br />In Kitsap County, Washington State\n	</h2>\n		<p>Contact Us</p>			\n<p>360-900-9708</p>\n \n		<p>PO Box 2082</p>			\n<p>Kingston, WA</p>\n \n		<p>8AM-5PM</p>			\n<p>Monday-Friday</p>\n \n<h2>\n		About Us\n	</h2>\n	<p>Master Management has mastered the art of real estate. Utilize our resources to maximize your efficiency in buying or selling residential or commercial real estate. Make any real estate transaction more efficient and lucrative by utilizing the years of experience Master Management has to offer.</p>\n			<a href=\"https://mastermanagementcorp.com/about-us\" target=\"_self\" role=\"button\" rel=\"noopener\">\n							Learn More\n					</a>\n<h2>\n		Featured Homes For Sale\n	</h2>\n\n<!-- /wp:fl-builder/layout -->', 'Home', '', 'inherit', 'closed', 'closed', '', '234-revision-v1', '', '', '2022-04-19 15:13:58', '2022-04-19 15:13:58', '', 234, 'https://kitsapcounty.mastermanagementcorp.com/?p=302', 0, 'revision', '', 0),
(303, 3, '2022-04-19 15:16:13', '2022-04-19 15:16:13', '<!-- wp:fl-builder/layout -->\n<h2>\n		Find Your Home <br />In Kitsap County, Washington State\n	</h2>\n		<p>Contact Us</p>			\n<p>360-900-9708</p>\n \n		<p>PO Box 2082</p>			\n<p>Kingston, WA</p>\n \n		<p>8AM-5PM</p>			\n<p>Monday-Friday</p>\n \n<h2>\n		About Us\n	</h2>\n	<p>Master Management has mastered the art of real estate. Utilize our resources to maximize your efficiency in buying or selling residential or commercial real estate. Make any real estate transaction more efficient and lucrative by utilizing the years of experience Master Management has to offer.</p>\n			<a href=\"https://mastermanagementcorp.com/about-us\" target=\"_self\" role=\"button\" rel=\"noopener\">\n							Learn More\n					</a>\n<h2>\n		Featured Homes For Sale\n	</h2>\n	<p>Featured homes coming soon.</p>\n\n<!-- /wp:fl-builder/layout -->', 'Home', '', 'inherit', 'closed', 'closed', '', '234-revision-v1', '', '', '2022-04-19 15:16:13', '2022-04-19 15:16:13', '', 234, 'https://kitsapcounty.mastermanagementcorp.com/?p=303', 0, 'revision', '', 0),
(304, 3, '2022-04-19 19:44:18', '2022-04-19 19:44:18', '<!-- wp:fl-builder/layout -->\n<h2>\n		Find Your Home <br />In Kitsap County, Washington State\n	</h2>\n		<p>Contact Us</p>			\n<p>360-900-9708</p>\n \n		<p>PO Box 2082</p>			\n<p>Kingston, WA</p>\n \n		<p>8AM-5PM</p>			\n<p>Monday-Friday</p>\n \n<h2>\n		About Us\n	</h2>\n	<p>Master Management has mastered the art of real estate. Utilize our resources to maximize your efficiency in buying or selling residential or commercial real estate. Make any real estate transaction more efficient and lucrative by utilizing the years of experience Master Management has to offer.</p>\n			<a href=\"https://mastermanagementcorp.com/about-us\" target=\"_self\" role=\"button\" rel=\"noopener\">\n							Learn More\n					</a>\n<h2>\n		Featured Homes For Sale\n	</h2>\n	<p>Featured homes coming soon.</p>\n\n<!-- /wp:fl-builder/layout -->', 'Home', '', 'inherit', 'closed', 'closed', '', '234-revision-v1', '', '', '2022-04-19 19:44:18', '2022-04-19 19:44:18', '', 234, 'https://kitsapcounty.mastermanagementcorp.com/?p=304', 0, 'revision', '', 0);
INSERT INTO `wpry_2_posts` (`ID`, `post_author`, `post_date`, `post_date_gmt`, `post_content`, `post_title`, `post_excerpt`, `post_status`, `comment_status`, `ping_status`, `post_password`, `post_name`, `to_ping`, `pinged`, `post_modified`, `post_modified_gmt`, `post_content_filtered`, `post_parent`, `guid`, `menu_order`, `post_type`, `post_mime_type`, `comment_count`) VALUES
(305, 3, '2022-04-19 19:45:17', '2022-04-19 19:45:17', '<!-- wp:fl-builder/layout -->\n<h2>\n		Find Your Home <br />In Kitsap County, Washington State\n	</h2>\n		<p>Contact Us</p>			\n<p>360-900-9708</p>\n \n		<p>PO Box 2082</p>			\n<p>Kingston, WA</p>\n \n		<p>8AM-5PM</p>			\n<p>Monday-Friday</p>\n \n<h2>\n		About Us\n	</h2>\n	<p>Master Management has mastered the art of real estate. Utilize our resources to maximize your efficiency in buying or selling residential or commercial real estate. Make any real estate transaction more efficient and lucrative by utilizing the years of experience Master Management has to offer.</p>\n			<a href=\"https://mastermanagementcorp.com/about-us\" target=\"_self\" role=\"button\" rel=\"noopener\">\n							Learn More\n					</a>\n<h2>\n		Featured Homes For Sale\n	</h2>\n	<p>Featured homes coming soon.</p>\n\n<!-- /wp:fl-builder/layout -->', 'Home', '', 'inherit', 'closed', 'closed', '', '234-revision-v1', '', '', '2022-04-19 19:45:17', '2022-04-19 19:45:17', '', 234, 'https://kitsapcounty.mastermanagementcorp.com/?p=305', 0, 'revision', '', 0),
(306, 3, '2022-04-19 19:55:34', '2022-04-19 19:55:34', '', 'Favicon', '', 'inherit', 'open', 'closed', '', 'mastermanagementcorp_a11_cv', '', '', '2022-04-19 19:55:40', '2022-04-19 19:55:40', '', 0, 'https://kitsapcounty.mastermanagementcorp.com/wp-content/uploads/sites/2/2022/04/MasterManagementCorp_A11_CV.png', 0, 'attachment', 'image/png', 0),
(307, 3, '2022-04-19 19:55:41', '2022-04-19 19:55:41', 'https://kitsapcounty.mastermanagementcorp.com/wp-content/uploads/sites/2/2022/04/cropped-MasterManagementCorp_A11_CV.png', 'cropped-MasterManagementCorp_A11_CV.png', '', 'inherit', 'open', 'closed', '', 'cropped-mastermanagementcorp_a11_cv-png', '', '', '2022-04-19 19:55:41', '2022-04-19 19:55:41', '', 0, 'https://kitsapcounty.mastermanagementcorp.com/wp-content/uploads/sites/2/2022/04/cropped-MasterManagementCorp_A11_CV.png', 0, 'attachment', 'image/png', 0),
(308, 3, '2022-04-19 19:55:45', '2022-04-19 19:55:45', '{\n    \"site_icon\": {\n        \"value\": 307,\n        \"type\": \"option\",\n        \"user_id\": 3,\n        \"date_modified_gmt\": \"2022-04-19 19:55:45\"\n    }\n}', '', '', 'trash', 'closed', 'closed', '', '4f3ab0c8-9673-4526-bf1f-39ab28ecfaf2', '', '', '2022-04-19 19:55:45', '2022-04-19 19:55:45', '', 0, 'https://kitsapcounty.mastermanagementcorp.com/2022/04/19/4f3ab0c8-9673-4526-bf1f-39ab28ecfaf2/', 0, 'customize_changeset', '', 0),
(309, 3, '2022-04-19 20:00:01', '0000-00-00 00:00:00', '', 'Auto Draft', '', 'auto-draft', 'open', 'open', '', '', '', '', '2022-04-19 20:00:01', '0000-00-00 00:00:00', '', 0, 'https://kitsapcounty.mastermanagementcorp.com/?p=309', 0, 'post', '', 0),
(310, 3, '2022-04-19 20:00:11', '0000-00-00 00:00:00', '', 'Auto Draft', '', 'auto-draft', 'open', 'open', '', '', '', '', '2022-04-19 20:00:11', '0000-00-00 00:00:00', '', 0, 'https://kitsapcounty.mastermanagementcorp.com/?p=310', 0, 'post', '', 0),
(311, 3, '2022-04-19 20:04:08', '0000-00-00 00:00:00', '', 'Auto Draft', '', 'auto-draft', 'open', 'open', '', '', '', '', '2022-04-19 20:04:08', '0000-00-00 00:00:00', '', 0, 'https://kitsapcounty.mastermanagementcorp.com/?p=311', 0, 'post', '', 0),
(312, 3, '2022-04-19 20:22:13', '2022-04-19 20:22:13', '', 'OG Image', '', 'inherit', 'open', 'closed', '', 'og-image', '', '', '2022-04-19 20:22:13', '2022-04-19 20:22:13', '', 0, 'https://kitsapcounty.mastermanagementcorp.com/wp-content/uploads/sites/2/2022/04/OG-Image.jpeg', 0, 'attachment', 'image/jpeg', 0),
(313, 3, '2022-04-19 20:45:32', '2022-04-19 20:45:32', '<!-- wp:fl-builder/layout -->\n<h2>\n		Find Your Home <br />In Kitsap County, Washington State\n	</h2>\n		<p>Contact Us</p>			\n<p>360-900-9708</p>\n \n		<p>PO Box 2082</p>			\n<p>Kingston, WA</p>\n \n		<p>8AM-5PM</p>			\n<p>Monday-Friday</p>\n \n<h2>\n		About Us\n	</h2>\n	<p>Master Management has mastered the art of real estate. Utilize our resources to maximize your efficiency in buying or selling residential or commercial real estate. Make any real estate transaction more efficient and lucrative by utilizing the years of experience Master Management has to offer.</p>\n			<a href=\"https://mastermanagementcorp.com/about-us\" target=\"_self\" role=\"button\" rel=\"noopener\">\n							Learn More\n					</a>\n<h2>\n		Featured Homes For Sale\n	</h2>\n	<p>Featured homes coming soon.</p>\n\n<!-- /wp:fl-builder/layout -->', 'Home', '', 'inherit', 'closed', 'closed', '', '234-revision-v1', '', '', '2022-04-19 20:45:32', '2022-04-19 20:45:32', '', 234, 'https://kitsapcounty.mastermanagementcorp.com/?p=313', 0, 'revision', '', 0),
(314, 3, '2022-04-19 20:47:00', '2022-04-19 20:47:00', '<!-- wp:fl-builder/layout -->\n\n				<img src=\"https://kitsapcounty.mastermanagementcorp.com/wp-content/uploads/sites/2/2020/07/kitsapcounty-logo.png\" alt=\"kitsapcounty-logo\" itemprop=\"image\" height=\"149\" width=\"360\" title=\"kitsapcounty-logo\" onerror=\"this.style.display=\'none\'\"  />\n<h3>\n		Additional Resources\n	</h3>\n	<p><a href=\"https://mastermanagementcorp.com/dmca\">DMCA</a></p>\n<p><a href=\"https://mastermanagementcorp.com/privacy-policy\">Privacy policy</a></p>\n<p><a href=\"https://mastermanagementcorp.com/term-of-service\">Terms and conditions</a></p>\n				<a href=\"https://mastermanagementcorp.com/wp-content/themes/bb-theme-child/app/app-release.apk\" target=\"_self\" itemprop=\"url\" rel=\"noopener\">\n				<img src=\"https://kitsapcounty.mastermanagementcorp.com/wp-content/uploads/sites/2/2020/07/downloadapp-10.png\" alt=\"downloadapp-10\" itemprop=\"image\" height=\"102\" width=\"360\" title=\"downloadapp-10\" onerror=\"this.style.display=\'none\'\"  />\n				</a>\n	<p>© 2020 Master Management Corp. All Rights Reserved.</p>\n\n<!-- /wp:fl-builder/layout -->', 'My Footer', '', 'inherit', 'closed', 'closed', '', '127-revision-v1', '', '', '2022-04-19 20:47:00', '2022-04-19 20:47:00', '', 127, 'https://kitsapcounty.mastermanagementcorp.com/?p=314', 0, 'revision', '', 0),
(315, 3, '2022-04-19 20:47:34', '2022-04-19 20:47:34', '<!-- wp:fl-builder/layout -->\n\n				<img src=\"https://kitsapcounty.mastermanagementcorp.com/wp-content/uploads/sites/2/2020/07/kitsapcounty-logo.png\" alt=\"kitsapcounty-logo\" itemprop=\"image\" height=\"149\" width=\"360\" title=\"kitsapcounty-logo\" onerror=\"this.style.display=\'none\'\"  />\n<h3>\n		Additional Resources\n	</h3>\n	<p><a href=\"https://mastermanagementcorp.com/dmca\">DMCA</a></p>\n<p><a href=\"https://mastermanagementcorp.com/privacy-policy\">Privacy policy</a></p>\n<p><a href=\"https://mastermanagementcorp.com/term-of-service\">Terms and conditions</a></p>\n				<a href=\"https://mastermanagementcorp.com/wp-content/themes/bb-theme-child/app/app-release.apk\" target=\"_self\" itemprop=\"url\" rel=\"noopener\">\n				<img src=\"https://kitsapcounty.mastermanagementcorp.com/wp-content/uploads/sites/2/2020/07/downloadapp-10.png\" alt=\"downloadapp-10\" itemprop=\"image\" height=\"102\" width=\"360\" title=\"downloadapp-10\" onerror=\"this.style.display=\'none\'\"  />\n				</a>\n	<p>© 2020 Master Management Corp. All Rights Reserved.</p>\n\n<!-- /wp:fl-builder/layout -->', 'My Footer', '', 'inherit', 'closed', 'closed', '', '127-revision-v1', '', '', '2022-04-19 20:47:34', '2022-04-19 20:47:34', '', 127, 'https://kitsapcounty.mastermanagementcorp.com/?p=315', 0, 'revision', '', 0),
(316, 3, '2022-04-19 20:54:44', '0000-00-00 00:00:00', '', 'Auto Draft', '', 'auto-draft', 'open', 'open', '', '', '', '', '2022-04-19 20:54:44', '0000-00-00 00:00:00', '', 0, 'https://kitsapcounty.mastermanagementcorp.com/?p=316', 0, 'post', '', 0),
(317, 3, '2022-04-19 21:07:42', '2022-04-19 21:07:42', '<!-- wp:fl-builder/layout -->\n<h2>\n		Find Your Home <br />In Kitsap County, Washington State\n	</h2>\n		<p>Contact Us</p>			\n<p>360-900-9708</p>\n \n		<p>PO Box 2082</p>			\n<p>Kingston, WA</p>\n \n		<p>8AM-5PM</p>			\n<p>Monday-Friday</p>\n \n<h2>\n		About Us\n	</h2>\n	<p>Master Management has mastered the art of real estate. Utilize our resources to maximize your efficiency in buying or selling residential or commercial real estate. Make any real estate transaction more efficient and lucrative by utilizing the years of experience Master Management has to offer.</p>\n			<a href=\"https://mastermanagementcorp.com/about-us\" target=\"_self\" role=\"button\" rel=\"noopener\">\n							Learn More\n					</a>\n<h2>\n		Featured Homes For Sale\n	</h2>\n	<p>Featured homes coming soon.</p>\n\n<!-- /wp:fl-builder/layout -->', 'Home', '', 'inherit', 'closed', 'closed', '', '234-revision-v1', '', '', '2022-04-19 21:07:42', '2022-04-19 21:07:42', '', 234, 'https://kitsapcounty.mastermanagementcorp.com/?p=317', 0, 'revision', '', 0),
(318, 3, '2022-04-19 21:08:55', '2022-04-19 21:08:55', '{\n    \"bb-theme-child::fl-header-padding\": {\n        \"value\": \"30\",\n        \"type\": \"theme_mod\",\n        \"user_id\": 3,\n        \"date_modified_gmt\": \"2022-04-19 21:08:55\"\n    },\n    \"bb-theme-child::fl-logo-max-height\": {\n        \"value\": \"35\",\n        \"type\": \"theme_mod\",\n        \"user_id\": 3,\n        \"date_modified_gmt\": \"2022-04-19 21:08:55\"\n    }\n}', '', '', 'trash', 'closed', 'closed', '', '0b1f2091-b61d-42d2-a078-8afef46aa6e8', '', '', '2022-04-19 21:08:55', '2022-04-19 21:08:55', '', 0, 'https://kitsapcounty.mastermanagementcorp.com/2022/04/19/0b1f2091-b61d-42d2-a078-8afef46aa6e8/', 0, 'customize_changeset', '', 0),
(319, 3, '2022-04-19 21:10:15', '2022-04-19 21:10:15', '{\n    \"bb-theme-child::fl-fixed-header\": {\n        \"value\": \"fixed\",\n        \"type\": \"theme_mod\",\n        \"user_id\": 3,\n        \"date_modified_gmt\": \"2022-04-19 21:10:15\"\n    },\n    \"bb-theme-child::fl-logo-max-height\": {\n        \"value\": \"46\",\n        \"type\": \"theme_mod\",\n        \"user_id\": 3,\n        \"date_modified_gmt\": \"2022-04-19 21:10:15\"\n    }\n}', '', '', 'trash', 'closed', 'closed', '', 'a9deee3a-5634-40ee-adca-f9bf097a2f90', '', '', '2022-04-19 21:10:15', '2022-04-19 21:10:15', '', 0, 'https://kitsapcounty.mastermanagementcorp.com/2022/04/19/a9deee3a-5634-40ee-adca-f9bf097a2f90/', 0, 'customize_changeset', '', 0),
(320, 3, '2022-04-19 21:10:48', '0000-00-00 00:00:00', '', 'Auto Draft', '', 'auto-draft', 'open', 'open', '', '', '', '', '2022-04-19 21:10:48', '0000-00-00 00:00:00', '', 0, 'https://kitsapcounty.mastermanagementcorp.com/?p=320', 0, 'post', '', 0),
(321, 3, '2022-04-19 21:12:17', '2022-04-19 21:12:17', '<!-- wp:fl-builder/layout -->\n\n<!-- /wp:fl-builder/layout -->', 'My Header', '', 'inherit', 'closed', 'closed', '', '16-revision-v1', '', '', '2022-04-19 21:12:17', '2022-04-19 21:12:17', '', 16, 'https://kitsapcounty.mastermanagementcorp.com/?p=321', 0, 'revision', '', 0),
(322, 3, '2022-04-19 21:20:16', '2022-04-19 21:20:16', '<!-- wp:fl-builder/layout -->\n<h2>\n		Find Your Home <br />In Kitsap County, Washington State\n	</h2>\n		<p>Contact Us</p>			\n<p>360-900-9708</p>\n \n		<p>PO Box 2082</p>			\n<p>Kingston, WA</p>\n \n		<p>8AM-5PM</p>			\n<p>Monday-Friday</p>\n \n<h2>\n		About Us\n	</h2>\n	<p>Master Management has mastered the art of real estate. Utilize our resources to maximize your efficiency in buying or selling residential or commercial real estate. Make any real estate transaction more efficient and lucrative by utilizing the years of experience Master Management has to offer.</p>\n			<a href=\"https://mastermanagementcorp.com/about-us\" target=\"_self\" role=\"button\" rel=\"noopener\">\n							Learn More\n					</a>\n<h2>\n		Featured Homes For Sale\n	</h2>\n	<p>Featured homes coming soon.</p>\n\n<!-- /wp:fl-builder/layout -->', 'Home', '', 'inherit', 'closed', 'closed', '', '234-revision-v1', '', '', '2022-04-19 21:20:16', '2022-04-19 21:20:16', '', 234, 'https://kitsapcounty.mastermanagementcorp.com/?p=322', 0, 'revision', '', 0),
(323, 3, '2022-04-19 21:21:48', '0000-00-00 00:00:00', '', 'Auto Draft', '', 'auto-draft', 'open', 'open', '', '', '', '', '2022-04-19 21:21:48', '0000-00-00 00:00:00', '', 0, 'https://kitsapcounty.mastermanagementcorp.com/?p=323', 0, 'post', '', 0),
(324, 3, '2022-04-19 21:28:40', '2022-04-19 21:28:40', '<!-- wp:fl-builder/layout -->\n<h2>\n		Find Your Home <br />In Kitsap County, Washington State\n	</h2>\n		<p>Contact Us</p>			\n<p>360-900-9708</p>\n \n		<p>PO Box 2082</p>			\n<p>Kingston, WA</p>\n \n		<p>8AM-5PM</p>			\n<p>Monday-Friday</p>\n \n<h2>\n		About Us\n	</h2>\n	<p>Master Management has mastered the art of real estate. Utilize our resources to maximize your efficiency in buying or selling residential or commercial real estate. Make any real estate transaction more efficient and lucrative by utilizing the years of experience Master Management has to offer.</p>\n			<a href=\"https://mastermanagementcorp.com/about-us\" target=\"_self\" role=\"button\" rel=\"noopener\">\n							Learn More\n					</a>\n<h2>\n		Featured Homes For Sale\n	</h2>\n	<p>Featured homes coming soon.</p>\n\n<!-- /wp:fl-builder/layout -->', 'Home', '', 'inherit', 'closed', 'closed', '', '234-revision-v1', '', '', '2022-04-19 21:28:40', '2022-04-19 21:28:40', '', 234, 'https://kitsapcounty.mastermanagementcorp.com/?p=324', 0, 'revision', '', 0),
(325, 3, '2022-04-19 21:31:49', '0000-00-00 00:00:00', '', 'Auto Draft', '', 'auto-draft', 'open', 'open', '', '', '', '', '2022-04-19 21:31:49', '0000-00-00 00:00:00', '', 0, 'https://kitsapcounty.mastermanagementcorp.com/?p=325', 0, 'post', '', 0),
(326, 3, '2022-04-26 15:17:03', '0000-00-00 00:00:00', '', 'Auto Draft', '', 'auto-draft', 'open', 'open', '', '', '', '', '2022-04-26 15:17:03', '0000-00-00 00:00:00', '', 0, 'https://kitsapcounty.mastermanagementcorp.com/?p=326', 0, 'post', '', 0),
(327, 3, '2022-04-26 15:19:10', '0000-00-00 00:00:00', '', 'Auto Draft', '', 'auto-draft', 'open', 'open', '', '', '', '', '2022-04-26 15:19:10', '0000-00-00 00:00:00', '', 0, 'https://kitsapcounty.mastermanagementcorp.com/?p=327', 0, 'post', '', 0),
(328, 3, '2022-04-26 15:32:22', '0000-00-00 00:00:00', '', 'Auto Draft', '', 'auto-draft', 'open', 'open', '', '', '', '', '2022-04-26 15:32:22', '0000-00-00 00:00:00', '', 0, 'https://kitsapcounty.mastermanagementcorp.com/?p=328', 0, 'post', '', 0),
(329, 7, '2023-08-02 11:49:52', '0000-00-00 00:00:00', '', 'Auto Draft', '', 'auto-draft', 'open', 'open', '', '', '', '', '2023-08-02 11:49:52', '0000-00-00 00:00:00', '', 0, 'https://kitsapcounty.mastermanagementcorp.com/?p=329', 0, 'post', '', 0),
(330, 7, '2023-08-02 11:52:52', '2023-08-02 11:52:52', '<!-- wp:fl-builder/layout -->\n<img src=\"https://kitsapcounty.mastermanagementcorp.com/wp-content/uploads/sites/2/2020/07/profile.jpg\" alt=\"profile\" itemprop=\"image\" height=\"1000\" width=\"1000\" title=\"profile\" onerror=\"this.style.display=\'none\'\">\n	Master Management Co-Founder<br>\nE: Laura@MasterManagementCorp.com<br>\nT: 360-900-9708\n<!-- /wp:fl-builder/layout -->', 'Contact', '', 'inherit', 'closed', 'closed', '', '268-revision-v1', '', '', '2023-08-02 11:52:52', '2023-08-02 11:52:52', '', 268, 'https://kitsapcounty.mastermanagementcorp.com/?p=330', 0, 'revision', '', 0),
(331, 7, '2023-08-07 09:03:29', '0000-00-00 00:00:00', '', 'Auto Draft', '', 'auto-draft', 'open', 'open', '', '', '', '', '2023-08-07 09:03:29', '0000-00-00 00:00:00', '', 0, 'https://kitsapcounty.mastermanagementcorp.com/?p=331', 0, 'post', '', 0),
(332, 7, '2023-08-07 09:11:41', '0000-00-00 00:00:00', '', 'Auto Draft', '', 'auto-draft', 'open', 'open', '', '', '', '', '2023-08-07 09:11:41', '0000-00-00 00:00:00', '', 0, 'https://kitsapcounty.mastermanagementcorp.com/?p=332', 0, 'post', '', 0),
(333, 7, '2023-08-07 09:45:28', '2023-08-07 09:45:28', '<!-- wp:fl-builder/layout -->\n<h2>\n		Find Your Home <br>In Kitsap County, Washington State\n	</h2>\n		<p>Contact Us</p>			\n<p>360-900-9708</p>\n&nbsp;\n		<p>PO Box 2082</p>			\n<p>Kingston, WA</p>\n&nbsp;\n		<p>8AM-5PM</p>			\n<p>Monday-Friday</p>\n&nbsp;\n<h2>\n		About Us\n	</h2>\n	<p>Master Management has mastered the art of real estate. Utilize our resources to maximize your efficiency in buying or selling residential or commercial real estate. Make any real estate transaction more efficient and lucrative by utilizing the years of experience Master Management has to offer.</p>\n			<a href=\"https://mastermanagementcorp.com/about-us\" target=\"_self\" role=\"button\" rel=\"noopener\">\n							Learn More\n					</a>\n<h2>\n		Featured Homes For Sale\n	</h2>\n	<p>Featured homes coming soon.</p>\n<!-- /wp:fl-builder/layout -->', 'Home', '', 'inherit', 'closed', 'closed', '', '234-revision-v1', '', '', '2023-08-07 09:45:28', '2023-08-07 09:45:28', '', 234, 'https://kitsapcounty.mastermanagementcorp.com/?p=333', 0, 'revision', '', 0),
(334, 7, '2023-08-07 10:31:51', '0000-00-00 00:00:00', '', 'Auto Draft', '', 'auto-draft', 'open', 'open', '', '', '', '', '2023-08-07 10:31:51', '0000-00-00 00:00:00', '', 0, 'https://kitsapcounty.mastermanagementcorp.com/?p=334', 0, 'post', '', 0);

-- --------------------------------------------------------

--
-- Table structure for table `wpry_2_seopress_content_analysis`
--

CREATE TABLE `wpry_2_seopress_content_analysis` (
  `id` bigint NOT NULL,
  `post_id` bigint DEFAULT NULL,
  `title` longtext COLLATE utf8mb4_unicode_520_ci,
  `description` longtext COLLATE utf8mb4_unicode_520_ci,
  `og_title` longtext COLLATE utf8mb4_unicode_520_ci,
  `og_description` longtext COLLATE utf8mb4_unicode_520_ci,
  `og_image` longtext COLLATE utf8mb4_unicode_520_ci,
  `og_url` longtext COLLATE utf8mb4_unicode_520_ci,
  `og_site_name` longtext COLLATE utf8mb4_unicode_520_ci,
  `twitter_title` longtext COLLATE utf8mb4_unicode_520_ci,
  `twitter_description` longtext COLLATE utf8mb4_unicode_520_ci,
  `twitter_image` longtext COLLATE utf8mb4_unicode_520_ci,
  `twitter_image_src` longtext COLLATE utf8mb4_unicode_520_ci,
  `canonical` longtext COLLATE utf8mb4_unicode_520_ci,
  `h1` longtext COLLATE utf8mb4_unicode_520_ci,
  `h2` longtext COLLATE utf8mb4_unicode_520_ci,
  `h3` longtext COLLATE utf8mb4_unicode_520_ci,
  `images` longtext COLLATE utf8mb4_unicode_520_ci,
  `meta_robots` longtext COLLATE utf8mb4_unicode_520_ci,
  `meta_google` longtext COLLATE utf8mb4_unicode_520_ci,
  `links_no_follow` longtext COLLATE utf8mb4_unicode_520_ci,
  `outbound_links` longtext COLLATE utf8mb4_unicode_520_ci,
  `internal_links` longtext COLLATE utf8mb4_unicode_520_ci,
  `json_schemas` longtext COLLATE utf8mb4_unicode_520_ci,
  `keywords` text COLLATE utf8mb4_unicode_520_ci,
  `permalink` text COLLATE utf8mb4_unicode_520_ci,
  `score` text COLLATE utf8mb4_unicode_520_ci,
  `analysis_date` datetime DEFAULT NULL
) ENGINE=InnoDB DEFAULT CHARSET=utf8mb4 COLLATE=utf8mb4_unicode_520_ci;

-- --------------------------------------------------------

--
-- Table structure for table `wpry_2_seopress_significant_keywords`
--

CREATE TABLE `wpry_2_seopress_significant_keywords` (
  `id` bigint NOT NULL,
  `post_id` bigint DEFAULT NULL,
  `word` varchar(100) CHARACTER SET utf8mb4 COLLATE utf8mb4_unicode_520_ci DEFAULT NULL,
  `count` int DEFAULT NULL,
  `tf` float DEFAULT NULL
) ENGINE=InnoDB DEFAULT CHARSET=utf8mb4 COLLATE=utf8mb4_unicode_520_ci;

--
-- Dumping data for table `wpry_2_seopress_significant_keywords`
--

INSERT INTO `wpry_2_seopress_significant_keywords` (`id`, `post_id`, `word`, `count`, `tf`) VALUES
(101, 234, 'nbsp', 3, 0.024),
(102, 234, 'estate', 3, 0.024),
(103, 234, 'real', 3, 0.024),
(104, 234, 'management', 2, 0.016),
(105, 234, 'homes', 2, 0.016),
(106, 234, 'featured', 2, 0.016),
(107, 234, 'master', 2, 0.016),
(108, 234, 'find', 1, 0.008),
(109, 234, 'commercial', 1, 0.008),
(110, 234, 'transaction', 1, 0.008),
(111, 234, 'efficient', 1, 0.008),
(112, 234, 'lucrative', 1, 0.008),
(113, 234, 'utilizing', 1, 0.008),
(114, 234, 'selling', 1, 0.008),
(115, 234, 'years', 1, 0.008),
(116, 234, 'experience', 1, 0.008),
(117, 234, 'offer', 1, 0.008),
(118, 234, 'learn', 1, 0.008),
(119, 234, 'sale', 1, 0.008),
(120, 234, 'residential', 1, 0.008);

-- --------------------------------------------------------

--
-- Table structure for table `wpry_2_termmeta`
--

CREATE TABLE `wpry_2_termmeta` (
  `meta_id` bigint UNSIGNED NOT NULL,
  `term_id` bigint UNSIGNED NOT NULL DEFAULT '0',
  `meta_key` varchar(255) CHARACTER SET utf8mb4 COLLATE utf8mb4_unicode_520_ci DEFAULT NULL,
  `meta_value` longtext CHARACTER SET utf8mb4 COLLATE utf8mb4_unicode_520_ci
) ENGINE=InnoDB DEFAULT CHARSET=utf8mb4 COLLATE=utf8mb4_unicode_520_ci;

-- --------------------------------------------------------

--
-- Table structure for table `wpry_2_terms`
--

CREATE TABLE `wpry_2_terms` (
  `term_id` bigint UNSIGNED NOT NULL,
  `name` varchar(200) CHARACTER SET utf8mb4 COLLATE utf8mb4_unicode_520_ci NOT NULL DEFAULT '',
  `slug` varchar(200) CHARACTER SET utf8mb4 COLLATE utf8mb4_unicode_520_ci NOT NULL DEFAULT '',
  `term_group` bigint NOT NULL DEFAULT '0'
) ENGINE=InnoDB DEFAULT CHARSET=utf8mb4 COLLATE=utf8mb4_unicode_520_ci;

--
-- Dumping data for table `wpry_2_terms`
--

INSERT INTO `wpry_2_terms` (`term_id`, `name`, `slug`, `term_group`) VALUES
(1, 'Uncategorized', 'uncategorized', 0),
(2, 'row', 'row', 0),
(3, 'module', 'module', 0),
(4, 'layout', 'layout', 0),
(5, 'Primary Menu', 'primary-menu', 0);

-- --------------------------------------------------------

--
-- Table structure for table `wpry_2_term_relationships`
--

CREATE TABLE `wpry_2_term_relationships` (
  `object_id` bigint UNSIGNED NOT NULL DEFAULT '0',
  `term_taxonomy_id` bigint UNSIGNED NOT NULL DEFAULT '0',
  `term_order` int NOT NULL DEFAULT '0'
) ENGINE=InnoDB DEFAULT CHARSET=utf8mb4 COLLATE=utf8mb4_unicode_520_ci;

--
-- Dumping data for table `wpry_2_term_relationships`
--

INSERT INTO `wpry_2_term_relationships` (`object_id`, `term_taxonomy_id`, `term_order`) VALUES
(120, 2, 0),
(181, 3, 0),
(232, 4, 0),
(261, 5, 0),
(262, 5, 0),
(267, 5, 0),
(273, 5, 0);

-- --------------------------------------------------------

--
-- Table structure for table `wpry_2_term_taxonomy`
--

CREATE TABLE `wpry_2_term_taxonomy` (
  `term_taxonomy_id` bigint UNSIGNED NOT NULL,
  `term_id` bigint UNSIGNED NOT NULL DEFAULT '0',
  `taxonomy` varchar(32) CHARACTER SET utf8mb4 COLLATE utf8mb4_unicode_520_ci NOT NULL DEFAULT '',
  `description` longtext CHARACTER SET utf8mb4 COLLATE utf8mb4_unicode_520_ci NOT NULL,
  `parent` bigint UNSIGNED NOT NULL DEFAULT '0',
  `count` bigint NOT NULL DEFAULT '0'
) ENGINE=InnoDB DEFAULT CHARSET=utf8mb4 COLLATE=utf8mb4_unicode_520_ci;

--
-- Dumping data for table `wpry_2_term_taxonomy`
--

INSERT INTO `wpry_2_term_taxonomy` (`term_taxonomy_id`, `term_id`, `taxonomy`, `description`, `parent`, `count`) VALUES
(1, 1, 'category', '', 0, 0),
(2, 2, 'fl-builder-template-type', '', 0, 1),
(3, 3, 'fl-builder-template-type', '', 0, 1),
(4, 4, 'fl-builder-template-type', '', 0, 1),
(5, 5, 'nav_menu', '', 0, 4);

-- --------------------------------------------------------

--
-- Table structure for table `wpry_2_wpr_rocket_cache`
--

CREATE TABLE `wpry_2_wpr_rocket_cache` (
  `id` bigint UNSIGNED NOT NULL,
  `url` varchar(2000) CHARACTER SET utf8mb4 COLLATE utf8mb4_unicode_520_ci NOT NULL DEFAULT '',
  `status` varchar(255) CHARACTER SET utf8mb4 COLLATE utf8mb4_unicode_520_ci NOT NULL DEFAULT '',
  `modified` timestamp NOT NULL DEFAULT '0000-00-00 00:00:00',
  `last_accessed` timestamp NOT NULL DEFAULT '0000-00-00 00:00:00',
  `is_locked` tinyint(1) NOT NULL DEFAULT '0'
) ENGINE=InnoDB DEFAULT CHARSET=utf8mb4 COLLATE=utf8mb4_unicode_520_ci;

--
-- Dumping data for table `wpry_2_wpr_rocket_cache`
--

INSERT INTO `wpry_2_wpr_rocket_cache` (`id`, `url`, `status`, `modified`, `last_accessed`, `is_locked`) VALUES
(2, 'https://kitsapcounty.mastermanagementcorp.com/idx', 'completed', '2023-09-12 01:35:49', '2023-09-12 01:35:49', 0),
(3, 'https://kitsapcounty.mastermanagementcorp.com/contact', 'completed', '2023-08-07 17:02:31', '2023-08-07 17:02:31', 0),
(4, 'https://kitsapcounty.mastermanagementcorp.com/idx/community/mccormick', 'completed', '2024-11-13 13:05:56', '2024-11-13 13:05:56', 0),
(5, 'https://kitsapcounty.mastermanagementcorp.com/idx/community/east-port-orchard', 'completed', '2023-08-14 10:15:34', '2023-08-14 10:15:34', 0),
(6, 'https://kitsapcounty.mastermanagementcorp.com/idx/community/Silverdale', 'completed', '2024-09-19 11:42:18', '2024-09-19 11:42:18', 0),
(7, 'https://kitsapcounty.mastermanagementcorp.com/category/uncategorized', 'completed', '2023-08-19 20:39:48', '2023-08-19 20:39:48', 0),
(8, 'https://kitsapcounty.mastermanagementcorp.com/idx/community/Bremerton', 'completed', '2025-01-05 12:52:43', '2025-01-05 12:52:43', 0),
(9, 'https://kitsapcounty.mastermanagementcorp.com/idx/community/eagle-harbor', 'completed', '2023-08-31 18:21:38', '2023-08-31 18:21:38', 0),
(10, 'https://kitsapcounty.mastermanagementcorp.com/idx/community/weaver-creek', 'completed', '2023-09-01 00:14:23', '2023-09-01 00:14:23', 0),
(11, 'https://kitsapcounty.mastermanagementcorp.com/idx/tract/horseshoe-lake', 'completed', '2023-09-01 00:16:38', '2023-09-01 00:16:38', 0),
(12, 'https://kitsapcounty.mastermanagementcorp.com/idx/community/Breckenridge', 'completed', '2023-09-05 12:05:41', '2023-09-05 12:05:41', 0),
(13, 'https://kitsapcounty.mastermanagementcorp.com/idx/tract/clear-creek', 'completed', '2023-09-01 02:49:51', '2023-09-01 02:49:51', 0),
(14, 'https://kitsapcounty.mastermanagementcorp.com/idx/tract/gamblewood', 'completed', '2023-09-01 04:28:11', '2023-09-01 04:28:11', 0),
(15, 'https://kitsapcounty.mastermanagementcorp.com/idx/community/gazzam-lake', 'completed', '2023-09-01 08:21:01', '2023-09-01 08:21:01', 0),
(16, 'https://kitsapcounty.mastermanagementcorp.com/idx/community/wye-lake', 'completed', '2023-09-01 12:51:04', '2023-09-01 12:51:04', 0),
(17, 'https://kitsapcounty.mastermanagementcorp.com/idx/community/finn-hill', 'completed', '2023-09-01 13:35:17', '2023-09-01 13:35:17', 0),
(18, 'https://kitsapcounty.mastermanagementcorp.com/idx/community/jefferson-beach', 'completed', '2023-09-01 13:54:24', '2023-09-01 13:54:24', 0),
(19, 'https://kitsapcounty.mastermanagementcorp.com/idx/community/emerald-heights', 'completed', '2023-09-01 13:54:29', '2023-09-01 13:54:29', 0),
(20, 'https://kitsapcounty.mastermanagementcorp.com/idx/community/burley', 'completed', '2023-09-01 15:37:45', '2023-09-01 15:37:45', 0),
(21, 'https://kitsapcounty.mastermanagementcorp.com/idx/community/north-town-woods', 'completed', '2023-09-01 18:04:29', '2023-09-01 18:04:29', 0),
(22, 'https://kitsapcounty.mastermanagementcorp.com/idx/tract/Phinney%20Bay', 'completed', '2024-11-09 23:24:10', '2024-11-09 23:24:10', 0),
(23, 'https://kitsapcounty.mastermanagementcorp.com/idx/community/Suquamish', 'completed', '2024-09-19 11:43:07', '2024-09-19 11:43:07', 0),
(24, 'https://kitsapcounty.mastermanagementcorp.com/idx/tract/Commodore', 'completed', '2024-09-19 12:34:44', '2024-09-19 12:34:44', 0),
(25, 'https://kitsapcounty.mastermanagementcorp.com/idx/community/central-kitsap', 'completed', '2023-09-05 03:42:27', '2023-09-05 03:42:27', 0),
(26, 'https://kitsapcounty.mastermanagementcorp.com/idx/community/keyport', 'completed', '2023-09-05 03:46:52', '2023-09-05 03:46:52', 0),
(27, 'https://kitsapcounty.mastermanagementcorp.com/idx/tract/island-lake', 'completed', '2023-09-05 04:10:01', '2023-09-05 04:10:01', 0),
(28, 'https://kitsapcounty.mastermanagementcorp.com/idx/tract/minterbrook', 'completed', '2023-09-05 04:50:20', '2023-09-05 04:50:20', 0),
(29, 'https://kitsapcounty.mastermanagementcorp.com/idx/tract/Fletcher%20Bay', 'completed', '2024-09-19 12:35:32', '2024-09-19 12:35:32', 0),
(30, 'https://kitsapcounty.mastermanagementcorp.com/idx/community/harper', 'completed', '2023-09-05 06:27:30', '2023-09-05 06:27:30', 0),
(31, 'https://kitsapcounty.mastermanagementcorp.com/idx/tract/Sinclair', 'completed', '2024-09-19 12:37:57', '2024-09-19 12:37:57', 0),
(32, 'https://kitsapcounty.mastermanagementcorp.com/idx/tract/Kingston', 'completed', '2024-09-19 12:35:59', '2024-09-19 12:35:59', 0),
(33, 'https://kitsapcounty.mastermanagementcorp.com/idx/community/lake-tahuyeh', 'completed', '2023-09-05 12:51:20', '2023-09-05 12:51:20', 0),
(34, 'https://kitsapcounty.mastermanagementcorp.com/idx/community/olympic-view', 'completed', '2023-09-05 14:35:12', '2023-09-05 14:35:12', 0),
(35, 'https://kitsapcounty.mastermanagementcorp.com/idx/community/seabold', 'completed', '2023-09-05 15:19:02', '2023-09-05 15:19:02', 0),
(36, 'https://kitsapcounty.mastermanagementcorp.com/idx/tract/Glenwood', 'completed', '2024-09-19 12:35:39', '2024-09-19 12:35:39', 0),
(37, 'https://kitsapcounty.mastermanagementcorp.com/idx/tract/miami-beach', 'completed', '2023-09-05 15:50:46', '2023-09-05 15:50:46', 0),
(38, 'https://kitsapcounty.mastermanagementcorp.com/idx/tract/suquamish', 'completed', '2024-09-19 12:42:51', '2024-09-19 12:42:51', 0),
(39, 'https://kitsapcounty.mastermanagementcorp.com/idx/tract/stavis-creek', 'completed', '2023-09-05 16:30:09', '2023-09-05 16:30:09', 0),
(40, 'https://kitsapcounty.mastermanagementcorp.com/idx/community/Lofall', 'completed', '2024-09-19 11:39:53', '2024-09-19 11:39:53', 0),
(41, 'https://kitsapcounty.mastermanagementcorp.com/idx/community/port-orchard', 'completed', '2023-09-05 16:37:45', '2023-09-05 16:37:45', 0),
(42, 'https://kitsapcounty.mastermanagementcorp.com/idx/tract/seabold', 'completed', '2023-09-05 17:24:17', '2023-09-05 17:24:17', 0),
(43, 'https://kitsapcounty.mastermanagementcorp.com/idx/community/manzanita', 'completed', '2023-09-05 18:02:36', '2023-09-05 18:02:36', 0),
(44, 'https://kitsapcounty.mastermanagementcorp.com/idx/tract/island-center', 'completed', '2023-09-05 18:05:57', '2023-09-05 18:05:57', 0),
(45, 'https://kitsapcounty.mastermanagementcorp.com/idx/tract/blueberry-meadows', 'completed', '2023-09-05 20:57:37', '2023-09-05 20:57:37', 0),
(46, 'https://kitsapcounty.mastermanagementcorp.com/idx/community/driftwood-key', 'completed', '2023-09-05 22:46:18', '2023-09-05 22:46:18', 0),
(47, 'https://kitsapcounty.mastermanagementcorp.com/idx/community/south-colby', 'completed', '2023-09-05 22:46:32', '2023-09-05 22:46:32', 0),
(48, 'https://kitsapcounty.mastermanagementcorp.com/idx/tract/lake-symington', 'completed', '2023-09-06 00:58:07', '2023-09-06 00:58:07', 0),
(49, 'https://kitsapcounty.mastermanagementcorp.com/idx/tract/navy-yard-city', 'completed', '2023-09-06 01:14:52', '2023-09-06 01:14:52', 0),
(50, 'https://kitsapcounty.mastermanagementcorp.com/idx/tract/fort-ward', 'completed', '2023-09-06 01:25:06', '2023-09-06 01:25:06', 0),
(51, 'https://kitsapcounty.mastermanagementcorp.com/idx/community/minterbrook', 'completed', '2023-09-09 11:51:43', '2023-09-09 11:51:43', 0),
(52, 'https://kitsapcounty.mastermanagementcorp.com/idx/community/illahee', 'completed', '2023-09-09 12:29:28', '2023-09-09 12:29:28', 0),
(53, 'https://kitsapcounty.mastermanagementcorp.com/idx/community/Eagledale', 'completed', '2024-09-19 11:38:20', '2024-09-19 11:38:20', 0),
(54, 'https://kitsapcounty.mastermanagementcorp.com/idx/community/hidden-valley', 'completed', '2023-09-12 02:23:54', '2023-09-12 02:23:54', 0),
(55, 'https://kitsapcounty.mastermanagementcorp.com/idx/tract/kitsap-lake', 'completed', '2023-09-13 13:09:06', '2023-09-13 13:09:06', 0),
(56, 'https://kitsapcounty.mastermanagementcorp.com/idx/tract/long-lake', 'completed', '2023-09-13 13:38:12', '2023-09-13 13:38:12', 0),
(57, 'https://kitsapcounty.mastermanagementcorp.com/idx/tract/wildwood', 'completed', '2023-09-13 16:39:13', '2023-09-13 16:39:13', 0),
(58, 'https://kitsapcounty.mastermanagementcorp.com/idx/community/Olalla', 'completed', '2024-09-19 11:40:50', '2024-09-19 11:40:50', 0),
(59, 'https://kitsapcounty.mastermanagementcorp.com/idx/community/twin-spits', 'completed', '2023-09-13 18:50:32', '2023-09-13 18:50:32', 0),
(60, 'https://kitsapcounty.mastermanagementcorp.com/idx/tract/stavis-bay', 'completed', '2023-09-13 19:40:22', '2023-09-13 19:40:22', 0),
(61, 'https://kitsapcounty.mastermanagementcorp.com/idx/tract/Bremerton', 'completed', '2024-09-19 12:34:15', '2024-09-19 12:34:15', 0),
(62, 'https://kitsapcounty.mastermanagementcorp.com/idx/tract/west-hills', 'completed', '2023-09-14 01:59:58', '2023-09-14 01:59:58', 0),
(63, 'https://kitsapcounty.mastermanagementcorp.com/idx/community/Bainbridge%20Island', 'completed', '2024-09-19 11:37:13', '2024-09-19 11:37:13', 0),
(64, 'https://kitsapcounty.mastermanagementcorp.com/idx/tract/central-kitsap', 'completed', '2023-09-14 03:54:56', '2023-09-14 03:54:56', 0),
(65, 'https://kitsapcounty.mastermanagementcorp.com/idx/tract/lake-tahuyeh', 'completed', '2023-09-14 04:01:22', '2023-09-14 04:01:22', 0),
(66, 'https://kitsapcounty.mastermanagementcorp.com/idx/community/island-lake', 'completed', '2023-09-14 04:11:25', '2023-09-14 04:11:25', 0),
(67, 'https://kitsapcounty.mastermanagementcorp.com/idx/community/colchester', 'completed', '2023-09-14 05:02:24', '2023-09-14 05:02:24', 0),
(68, 'https://kitsapcounty.mastermanagementcorp.com/idx/tract/breckenridge', 'completed', '2023-09-14 05:59:22', '2023-09-14 05:59:22', 0),
(69, 'https://kitsapcounty.mastermanagementcorp.com/idx/community/Poulsbo', 'completed', '2024-09-19 11:41:36', '2024-09-19 11:41:36', 0),
(70, 'https://kitsapcounty.mastermanagementcorp.com/idx/tract/Burley', 'completed', '2024-09-19 12:34:22', '2024-09-19 12:34:22', 0),
(71, 'https://kitsapcounty.mastermanagementcorp.com/idx/tract/hidden-valley', 'completed', '2023-09-14 08:04:52', '2023-09-14 08:04:52', 0),
(72, 'https://kitsapcounty.mastermanagementcorp.com/idx/tract/south-park-village', 'completed', '2023-09-14 10:05:08', '2023-09-14 10:05:08', 0),
(73, 'https://kitsapcounty.mastermanagementcorp.com/idx/tract/esquire-hills', 'completed', '2023-09-14 10:58:29', '2023-09-14 10:58:29', 0),
(74, 'https://kitsapcounty.mastermanagementcorp.com/idx/community/stavis-creek', 'completed', '2023-09-14 12:36:21', '2023-09-14 12:36:21', 0),
(75, 'https://kitsapcounty.mastermanagementcorp.com/idx/tract/arrow-point', 'completed', '2023-09-16 09:07:40', '2023-09-16 09:07:40', 0),
(76, 'https://kitsapcounty.mastermanagementcorp.com/idx/community/sherman-heights', 'completed', '2023-09-18 03:23:30', '2023-09-18 03:23:30', 0),
(77, 'https://kitsapcounty.mastermanagementcorp.com/idx/tract/Ridgetop', 'completed', '2024-09-19 12:37:35', '2024-09-19 12:37:35', 0),
(78, 'https://kitsapcounty.mastermanagementcorp.com/idx/community/central-valley', 'completed', '2023-09-22 06:22:32', '2023-09-22 06:22:32', 0),
(79, 'https://kitsapcounty.mastermanagementcorp.com/idx/community/fairgrounds', 'completed', '2024-07-17 11:02:16', '2024-07-17 11:02:16', 0),
(80, 'https://kitsapcounty.mastermanagementcorp.com/idx/community/pleasant-beach', 'completed', '2023-09-23 18:29:16', '2023-09-23 18:29:16', 0),
(81, 'https://kitsapcounty.mastermanagementcorp.com/idx/community/Sinclair', 'completed', '2024-09-19 11:42:23', '2024-09-19 11:42:23', 0),
(82, 'https://kitsapcounty.mastermanagementcorp.com/idx/community/marine-drive', 'completed', '2023-09-24 22:18:11', '2023-09-24 22:18:11', 0),
(83, 'https://kitsapcounty.mastermanagementcorp.com/idx/community/Crosby', 'completed', '2024-09-19 11:38:05', '2024-09-19 11:38:05', 0),
(84, 'https://kitsapcounty.mastermanagementcorp.com/idx/community/east-bremerton', 'completed', '2023-09-27 05:30:27', '2023-09-27 05:30:27', 0),
(85, 'https://kitsapcounty.mastermanagementcorp.com/idx/community/kitsap-lake', 'completed', '2023-09-27 17:18:31', '2023-09-27 17:18:31', 0),
(86, 'https://kitsapcounty.mastermanagementcorp.com/idx/community/gorst', 'completed', '2023-09-28 00:26:36', '2023-09-28 00:26:36', 0),
(87, 'https://kitsapcounty.mastermanagementcorp.com/idx/tract/olympic-view', 'completed', '2023-09-28 20:23:23', '2023-09-28 20:23:23', 0),
(88, 'https://kitsapcounty.mastermanagementcorp.com/idx/community/seabeck-heights', 'completed', '2023-09-30 10:05:35', '2023-09-30 10:05:35', 0),
(89, 'https://kitsapcounty.mastermanagementcorp.com/idx/mls-1578114-692_ravens_ridge_road_sequim_wa_98382', 'completed', '2025-01-07 05:01:47', '2025-01-07 05:01:47', 0),
(90, 'https://kitsapcounty.mastermanagementcorp.com/idx/tract/Bell%20Hill', 'completed', '2023-09-30 10:59:38', '2023-09-30 10:59:38', 0),
(91, 'https://kitsapcounty.mastermanagementcorp.com/idx/tract/Hansville', 'completed', '2024-09-19 12:35:46', '2024-09-19 12:35:46', 0),
(92, 'https://kitsapcounty.mastermanagementcorp.com/idx/tract/lincoln-hill', 'completed', '2023-10-01 22:36:40', '2023-10-01 22:36:40', 0),
(93, 'https://kitsapcounty.mastermanagementcorp.com/idx/tract/eastpark', 'completed', '2023-10-02 01:15:26', '2023-10-02 01:15:26', 0),
(95, 'https://kitsapcounty.mastermanagementcorp.com/idx/community/navy-yard-city', 'completed', '2023-10-02 03:46:23', '2023-10-02 03:46:23', 0),
(96, 'https://kitsapcounty.mastermanagementcorp.com/idx/tract/rolling-bay', 'completed', '2023-10-02 03:48:09', '2023-10-02 03:48:09', 0),
(97, 'https://kitsapcounty.mastermanagementcorp.com/idx/tract/eagle-harbor', 'completed', '2023-10-02 05:55:30', '2023-10-02 05:55:30', 0),
(98, 'https://kitsapcounty.mastermanagementcorp.com/idx/community/port-blakely', 'completed', '2023-10-02 06:20:57', '2023-10-02 06:20:57', 0),
(99, 'https://kitsapcounty.mastermanagementcorp.com/idx/community/Parkwood', 'completed', '2024-10-20 16:08:33', '2024-10-20 16:08:33', 0),
(100, 'https://kitsapcounty.mastermanagementcorp.com/idx/community/newberry-hill', 'completed', '2023-10-02 09:18:59', '2023-10-02 09:18:59', 0),
(101, 'https://kitsapcounty.mastermanagementcorp.com/idx/community/miami-beach', 'completed', '2023-10-02 11:28:27', '2023-10-02 11:28:27', 0),
(102, 'https://kitsapcounty.mastermanagementcorp.com/idx/community/lincoln-hill', 'completed', '2023-10-02 13:08:36', '2023-10-02 13:08:36', 0),
(103, 'https://kitsapcounty.mastermanagementcorp.com/idx/community/south-kitsap', 'completed', '2023-10-02 17:12:59', '2023-10-02 17:12:59', 0),
(104, 'https://kitsapcounty.mastermanagementcorp.com/idx/community/Shorewood', 'completed', '2024-09-19 11:42:15', '2024-09-19 11:42:15', 0),
(105, 'https://kitsapcounty.mastermanagementcorp.com/idx/community/Manchester', 'completed', '2024-09-19 11:40:04', '2024-09-19 11:40:04', 0),
(106, 'https://kitsapcounty.mastermanagementcorp.com/idx/community/Ridgetop', 'completed', '2024-09-19 11:41:53', '2024-09-19 11:41:53', 0),
(107, 'https://kitsapcounty.mastermanagementcorp.com/idx/tract/Tracyton', 'completed', '2024-09-19 12:38:30', '2024-09-19 12:38:30', 0),
(108, 'https://kitsapcounty.mastermanagementcorp.com/idx/community/edgewater-estates', 'completed', '2023-10-09 05:53:37', '2023-10-09 05:53:37', 0),
(109, 'https://kitsapcounty.mastermanagementcorp.com/idx/community/madrona-point', 'completed', '2023-10-09 12:20:46', '2023-10-09 12:20:46', 0),
(110, 'https://kitsapcounty.mastermanagementcorp.com/idx/tract/Charleston', 'completed', '2024-09-19 12:34:32', '2024-09-19 12:34:32', 0),
(111, 'https://kitsapcounty.mastermanagementcorp.com/idx/community/Manette', 'completed', '2024-12-01 16:07:10', '2024-12-01 16:07:10', 0),
(112, 'https://kitsapcounty.mastermanagementcorp.com/idx/community/gilberton', 'completed', '2023-10-17 13:50:39', '2023-10-17 13:50:39', 0),
(113, 'https://kitsapcounty.mastermanagementcorp.com/idx/tract/Enetai', 'completed', '2024-09-19 12:35:15', '2024-09-19 12:35:15', 0),
(114, 'https://kitsapcounty.mastermanagementcorp.com/idx/tract/McCormick', 'completed', '2024-12-01 09:49:25', '2024-12-01 09:49:25', 0),
(115, 'https://kitsapcounty.mastermanagementcorp.com/idx/tract/Eagledale', 'completed', '2024-09-19 12:34:58', '2024-09-19 12:34:58', 0),
(116, 'https://kitsapcounty.mastermanagementcorp.com/idx/tract/Gorst', 'completed', '2024-09-19 12:35:42', '2024-09-19 12:35:42', 0),
(117, 'https://kitsapcounty.mastermanagementcorp.com/idx/tract/illahee', 'completed', '2023-10-23 16:25:19', '2023-10-23 16:25:19', 0),
(118, 'https://kitsapcounty.mastermanagementcorp.com/idx/community/crystal-springs', 'completed', '2023-10-25 09:09:43', '2023-10-25 09:09:43', 0),
(119, 'https://kitsapcounty.mastermanagementcorp.com/idx/community/esquire-hills', 'completed', '2023-10-26 06:58:52', '2023-10-26 06:58:52', 0),
(120, 'https://kitsapcounty.mastermanagementcorp.com/idx/tract/scandia', 'completed', '2023-10-27 10:57:46', '2023-10-27 10:57:46', 0),
(121, 'https://kitsapcounty.mastermanagementcorp.com/idx/tract/chief-seattle-park', 'completed', '2023-10-27 15:46:27', '2023-10-27 15:46:27', 0),
(122, 'https://kitsapcounty.mastermanagementcorp.com/idx/community/scandia', 'completed', '2023-10-29 02:30:19', '2023-10-29 02:30:19', 0),
(123, 'https://kitsapcounty.mastermanagementcorp.com/idx/tract/West%20Bremerton', 'completed', '2024-09-19 12:38:37', '2024-09-19 12:38:37', 0),
(124, 'https://kitsapcounty.mastermanagementcorp.com/idx/community/West%20Bremerton', 'completed', '2024-12-21 03:19:24', '2024-12-21 03:19:24', 0),
(125, 'https://kitsapcounty.mastermanagementcorp.com/idx/tract/Olalla', 'completed', '2024-09-19 12:36:54', '2024-09-19 12:36:54', 0),
(126, 'https://kitsapcounty.mastermanagementcorp.com/idx/community/bainbridge-island', 'completed', '2023-11-25 18:04:58', '2023-11-25 18:04:58', 0),
(127, 'https://kitsapcounty.mastermanagementcorp.com/idx/tract/gorst/0-full.jpg', 'completed', '2024-11-04 02:53:34', '2024-11-04 02:53:34', 0),
(128, 'https://kitsapcounty.mastermanagementcorp.com/idx/community/gamblewood', 'completed', '2023-11-29 16:20:27', '2023-11-29 16:20:27', 0),
(129, 'https://kitsapcounty.mastermanagementcorp.com/idx/community/fairwood-ranch', 'completed', '2023-11-30 21:44:59', '2023-11-30 21:44:59', 0),
(130, 'https://kitsapcounty.mastermanagementcorp.com/idx/tract/Lofall', 'completed', '2024-09-19 12:36:12', '2024-09-19 12:36:12', 0),
(131, 'https://kitsapcounty.mastermanagementcorp.com/idx/community/bethel', 'completed', '2023-12-01 09:33:34', '2023-12-01 09:33:34', 0),
(132, 'https://kitsapcounty.mastermanagementcorp.com/idx/tract/bethel', 'completed', '2023-12-01 09:34:25', '2023-12-01 09:34:25', 0),
(133, 'https://kitsapcounty.mastermanagementcorp.com/idx/community/Southworth', 'completed', '2024-09-19 11:42:44', '2024-09-19 11:42:44', 0),
(134, 'https://kitsapcounty.mastermanagementcorp.com/idx/community/west-hills', 'completed', '2023-12-01 09:35:51', '2023-12-01 09:35:51', 0),
(135, 'https://kitsapcounty.mastermanagementcorp.com/idx/community/Charleston', 'completed', '2024-10-10 10:31:15', '2024-10-10 10:31:15', 0),
(136, 'https://kitsapcounty.mastermanagementcorp.com/idx/community/rolling-bay', 'completed', '2023-12-01 09:36:32', '2023-12-01 09:36:32', 0),
(137, 'https://kitsapcounty.mastermanagementcorp.com/idx/tract/Silverdale', 'completed', '2024-09-19 12:37:54', '2024-09-19 12:37:54', 0),
(138, 'https://kitsapcounty.mastermanagementcorp.com/idx/tract/Southworth', 'completed', '2024-09-19 12:38:11', '2024-09-19 12:38:11', 0),
(139, 'https://kitsapcounty.mastermanagementcorp.com/idx/tract/Poulsbo', 'completed', '2024-09-19 12:37:24', '2024-09-19 12:37:24', 0),
(140, 'https://kitsapcounty.mastermanagementcorp.com/idx/community/Winslow', 'completed', '2024-09-19 11:43:36', '2024-09-19 11:43:36', 0),
(141, 'https://kitsapcounty.mastermanagementcorp.com/idx/tract/sheridan-park', 'completed', '2023-12-01 09:40:14', '2023-12-01 09:40:14', 0),
(142, 'https://kitsapcounty.mastermanagementcorp.com/idx/community/sheridan-park', 'completed', '2023-12-01 09:40:53', '2023-12-01 09:40:53', 0),
(143, 'https://kitsapcounty.mastermanagementcorp.com/idx/tract/bainbridge-island', 'completed', '2023-12-01 09:41:11', '2023-12-01 09:41:11', 0),
(144, 'https://kitsapcounty.mastermanagementcorp.com/idx/tract/west-bremerton', 'completed', '2023-12-01 09:41:53', '2023-12-01 09:41:53', 0),
(145, 'https://kitsapcounty.mastermanagementcorp.com/idx/community/west-bremerton', 'completed', '2023-12-01 09:42:14', '2023-12-01 09:42:14', 0),
(146, 'https://kitsapcounty.mastermanagementcorp.com/idx/tract/fairgrounds', 'completed', '2025-01-01 13:16:55', '2025-01-01 13:16:55', 0),
(147, 'https://kitsapcounty.mastermanagementcorp.com/idx/community/ravenswood', 'completed', '2023-12-05 00:31:06', '2023-12-05 00:31:06', 0),
(148, 'https://kitsapcounty.mastermanagementcorp.com/idx/tract/poulsbo-place', 'completed', '2023-12-08 00:03:14', '2023-12-08 00:03:14', 0),
(149, 'https://kitsapcounty.mastermanagementcorp.com/idx/tract/driftwood-key', 'completed', '2023-12-08 07:15:55', '2023-12-08 07:15:55', 0),
(150, 'https://kitsapcounty.mastermanagementcorp.com/idx/community/fletcher-bay', 'completed', '2023-12-08 18:52:48', '2023-12-08 18:52:48', 0),
(151, 'https://kitsapcounty.mastermanagementcorp.com/idx/tract/madrona-point', 'completed', '2023-12-09 21:32:28', '2023-12-09 21:32:28', 0),
(152, 'https://kitsapcounty.mastermanagementcorp.com/idx/tract/Manzanita', 'completed', '2024-09-19 12:36:29', '2024-09-19 12:36:29', 0),
(153, 'https://kitsapcounty.mastermanagementcorp.com/idx/tract/Brownsville', 'completed', '2024-09-19 12:34:18', '2024-09-19 12:34:18', 0),
(154, 'https://kitsapcounty.mastermanagementcorp.com/idx/community/yeomalt-point', 'completed', '2023-12-15 13:26:37', '2023-12-15 13:26:37', 0),
(155, 'https://kitsapcounty.mastermanagementcorp.com/idx/tract/Summerwind', 'completed', '2024-09-19 12:38:17', '2024-09-19 12:38:17', 0),
(156, 'https://kitsapcounty.mastermanagementcorp.com/idx/tract/trikkala', 'completed', '2023-12-20 13:50:00', '2023-12-20 13:50:00', 0),
(157, 'https://kitsapcounty.mastermanagementcorp.com/idx/community/fort-ward', 'completed', '2023-12-21 16:25:32', '2023-12-21 16:25:32', 0),
(158, 'https://kitsapcounty.mastermanagementcorp.com/idx/tract/holly', 'completed', '2023-12-26 03:40:11', '2023-12-26 03:40:11', 0),
(159, 'https://kitsapcounty.mastermanagementcorp.com/idx/tract/Winslow', 'completed', '2024-09-19 12:38:51', '2024-09-19 12:38:51', 0),
(160, 'https://kitsapcounty.mastermanagementcorp.com/idx/0-full.jpg', 'completed', '2024-10-01 07:40:19', '2024-10-01 07:40:19', 0),
(161, 'https://kitsapcounty.mastermanagementcorp.com/idx/community/south-park-village', 'completed', '2024-01-13 10:43:15', '2024-01-13 10:43:15', 0),
(162, 'https://kitsapcounty.mastermanagementcorp.com/idx/community/port-madison', 'completed', '2024-01-15 20:08:40', '2024-01-15 20:08:40', 0),
(163, 'https://kitsapcounty.mastermanagementcorp.com/idx/community/stetson-ridge', 'completed', '2024-01-19 03:16:13', '2024-01-19 03:16:13', 0),
(164, 'https://kitsapcounty.mastermanagementcorp.com/idx/tract/pleasant-beach', 'completed', '2024-01-22 01:06:21', '2024-01-22 01:06:21', 0),
(165, 'https://kitsapcounty.mastermanagementcorp.com/idx/tract/sherman-heights', 'completed', '2024-01-23 15:48:42', '2024-01-23 15:48:42', 0),
(166, 'https://kitsapcounty.mastermanagementcorp.com/idx/tract/Manchester', 'completed', '2024-09-19 12:36:19', '2024-09-19 12:36:19', 0),
(167, 'https://kitsapcounty.mastermanagementcorp.com/idx/tract/central-valley', 'completed', '2024-01-24 22:10:34', '2024-01-24 22:10:34', 0),
(168, 'https://kitsapcounty.mastermanagementcorp.com/idx/tract/port-orchard', 'completed', '2024-01-24 22:12:33', '2024-01-24 22:12:33', 0),
(169, 'https://kitsapcounty.mastermanagementcorp.com/idx/tract/huckle-ridge', 'completed', '2024-01-29 07:20:30', '2024-01-29 07:20:30', 0),
(170, 'https://kitsapcounty.mastermanagementcorp.com/idx/tract/point-no-point', 'completed', '2024-02-02 16:01:58', '2024-02-02 16:01:58', 0),
(171, 'https://kitsapcounty.mastermanagementcorp.com/idx/community/Tracyton', 'completed', '2024-09-19 11:43:14', '2024-09-19 11:43:14', 0),
(172, 'https://kitsapcounty.mastermanagementcorp.com/idx/tract/Shorewood', 'completed', '2024-09-19 12:37:51', '2024-09-19 12:37:51', 0),
(173, 'https://kitsapcounty.mastermanagementcorp.com/idx/tract/Crystal%20Springs', 'completed', '2024-09-19 12:34:51', '2024-09-19 12:34:51', 0),
(174, 'https://kitsapcounty.mastermanagementcorp.com/idx/tract/crystal-springs', 'completed', '2024-02-20 23:50:00', '2024-02-20 23:50:00', 0),
(175, 'https://kitsapcounty.mastermanagementcorp.com/idx/tract/yeomalt-point', 'completed', '2024-02-21 11:52:38', '2024-02-21 11:52:38', 0),
(176, 'https://kitsapcounty.mastermanagementcorp.com/idx/community/Blueberry%20Meadows', 'completed', '2024-09-19 11:37:27', '2024-09-19 11:37:27', 0),
(177, 'https://kitsapcounty.mastermanagementcorp.com/idx/community/blueberry-meadows', 'completed', '2024-03-06 16:40:41', '2024-03-06 16:40:41', 0),
(178, 'https://kitsapcounty.mastermanagementcorp.com/idx/tract/Parkwood', 'completed', '2024-12-13 10:10:36', '2024-12-13 10:10:36', 0),
(179, 'https://kitsapcounty.mastermanagementcorp.com/idx/tract/0-full.jpg', 'completed', '2024-10-31 06:20:52', '2024-10-31 06:20:52', 0),
(180, 'https://kitsapcounty.mastermanagementcorp.com/idx/community/0-full.jpg', 'completed', '2024-11-07 06:14:03', '2024-11-07 06:14:03', 0),
(181, 'https://kitsapcounty.mastermanagementcorp.com/idx/community/annapolis', 'completed', '2024-09-19 11:43:45', '2024-09-19 11:43:45', 0),
(182, 'https://kitsapcounty.mastermanagementcorp.com/idx/community/Baker%20Hill', 'completed', '2024-09-19 11:37:19', '2024-09-19 11:37:19', 0),
(183, 'https://kitsapcounty.mastermanagementcorp.com/idx/community/Brownsville', 'completed', '2024-09-19 11:37:32', '2024-09-19 11:37:32', 0),
(184, 'https://kitsapcounty.mastermanagementcorp.com/idx/community/Central%20Kitsap', 'completed', '2024-09-19 11:37:40', '2024-09-19 11:37:40', 0),
(185, 'https://kitsapcounty.mastermanagementcorp.com/idx/community/Central%20Valley', 'completed', '2024-09-19 11:37:46', '2024-09-19 11:37:46', 0),
(186, 'https://kitsapcounty.mastermanagementcorp.com/idx/community/chico', 'completed', '2024-09-19 11:44:36', '2024-09-19 11:44:36', 0),
(187, 'https://kitsapcounty.mastermanagementcorp.com/idx/community/commodore', 'completed', '2024-09-19 11:44:43', '2024-09-19 11:44:43', 0),
(188, 'https://kitsapcounty.mastermanagementcorp.com/idx/community/Crystal%20Springs', 'completed', '2024-09-19 11:38:11', '2024-09-19 11:38:11', 0),
(189, 'https://kitsapcounty.mastermanagementcorp.com/idx/community/Driftwood%20Key', 'completed', '2024-09-19 11:38:17', '2024-09-19 11:38:17', 0),
(190, 'https://kitsapcounty.mastermanagementcorp.com/idx/community/East%20Bremerton', 'completed', '2024-09-19 11:38:23', '2024-09-19 11:38:23', 0),
(191, 'https://kitsapcounty.mastermanagementcorp.com/idx/community/eglon', 'completed', '2024-09-19 11:45:08', '2024-09-19 11:45:08', 0),
(192, 'https://kitsapcounty.mastermanagementcorp.com/idx/community/Emerald%20Heights', 'completed', '2024-09-19 11:38:37', '2024-09-19 11:38:37', 0),
(193, 'https://kitsapcounty.mastermanagementcorp.com/idx/community/enetai', 'completed', '2024-09-19 11:45:15', '2024-09-19 11:45:15', 0),
(194, 'https://kitsapcounty.mastermanagementcorp.com/idx/community/Esquire%20Hills', 'completed', '2024-09-19 11:38:49', '2024-09-19 11:38:49', 0),
(195, 'https://kitsapcounty.mastermanagementcorp.com/idx/community/ferncliff', 'completed', '2024-09-19 11:45:29', '2024-09-19 11:45:29', 0),
(196, 'https://kitsapcounty.mastermanagementcorp.com/idx/community/Horseshoe%20Lake', 'completed', '2024-09-19 11:39:27', '2024-09-19 11:39:27', 0),
(197, 'https://kitsapcounty.mastermanagementcorp.com/idx/community/Kariotis', 'completed', '2024-09-19 11:39:34', '2024-09-19 11:39:34', 0),
(198, 'https://kitsapcounty.mastermanagementcorp.com/idx/community/kingston', 'completed', '2024-09-19 11:46:10', '2024-09-19 11:46:10', 0),
(199, 'https://kitsapcounty.mastermanagementcorp.com/idx/community/Lake%20Symington', 'completed', '2024-09-19 11:39:41', '2024-09-19 11:39:41', 0),
(200, 'https://kitsapcounty.mastermanagementcorp.com/idx/community/Long%20Lake', 'completed', '2024-09-19 11:39:58', '2024-09-19 11:39:58', 0),
(201, 'https://kitsapcounty.mastermanagementcorp.com/idx/community/Manitou%20Beach', 'completed', '2024-09-19 11:40:14', '2024-09-19 11:40:14', 0),
(202, 'https://kitsapcounty.mastermanagementcorp.com/idx/community/Miami%20Beach', 'completed', '2024-09-19 11:40:23', '2024-09-19 11:40:23', 0),
(203, 'https://kitsapcounty.mastermanagementcorp.com/idx/community/Miller%20Bay%20Estates', 'completed', '2024-09-19 11:40:29', '2024-09-19 11:40:29', 0),
(204, 'https://kitsapcounty.mastermanagementcorp.com/idx/community/Murden%20Cove', 'completed', '2024-09-19 11:40:33', '2024-09-19 11:40:33', 0),
(205, 'https://kitsapcounty.mastermanagementcorp.com/idx/community/Navy%20Yard%20City', 'completed', '2024-09-19 11:40:38', '2024-09-19 11:40:38', 0),
(206, 'https://kitsapcounty.mastermanagementcorp.com/idx/community/North%20Hill', 'completed', '2024-09-19 11:40:44', '2024-09-19 11:40:44', 0),
(207, 'https://kitsapcounty.mastermanagementcorp.com/idx/community/Orchard%20Heights', 'completed', '2024-09-19 11:40:55', '2024-09-19 11:40:55', 0),
(208, 'https://kitsapcounty.mastermanagementcorp.com/idx/community/Parkwood%20East', 'completed', '2024-09-19 11:41:12', '2024-09-19 11:41:12', 0),
(209, 'https://kitsapcounty.mastermanagementcorp.com/idx/community/Pleasant%20Beach', 'completed', '2024-09-19 11:41:15', '2024-09-19 11:41:15', 0),
(210, 'https://kitsapcounty.mastermanagementcorp.com/idx/community/Port%20Madison', 'completed', '2024-09-19 11:41:26', '2024-09-19 11:41:26', 0),
(211, 'https://kitsapcounty.mastermanagementcorp.com/idx/community/Port%20Orchard', 'completed', '2024-09-19 11:41:32', '2024-09-19 11:41:32', 0),
(212, 'https://kitsapcounty.mastermanagementcorp.com/idx/community/President%20Point', 'completed', '2024-09-19 11:41:41', '2024-09-19 11:41:41', 0),
(213, 'https://kitsapcounty.mastermanagementcorp.com/idx/community/Retsil', 'completed', '2024-09-19 11:41:47', '2024-09-19 11:41:47', 0),
(214, 'https://kitsapcounty.mastermanagementcorp.com/idx/community/Rocky%20Point', 'completed', '2024-09-19 11:41:59', '2024-09-19 11:41:59', 0),
(215, 'https://kitsapcounty.mastermanagementcorp.com/idx/community/Rolling%20Bay', 'completed', '2024-09-19 11:42:02', '2024-09-19 11:42:02', 0),
(216, 'https://kitsapcounty.mastermanagementcorp.com/idx/community/seabeck', 'completed', '2024-09-19 11:48:27', '2024-09-19 11:48:27', 0),
(217, 'https://kitsapcounty.mastermanagementcorp.com/idx/community/Sheridan%20Park', 'completed', '2024-09-19 11:42:09', '2024-09-19 11:42:09', 0),
(218, 'https://kitsapcounty.mastermanagementcorp.com/idx/community/South%20Beach', 'completed', '2024-09-19 11:42:27', '2024-09-19 11:42:27', 0),
(219, 'https://kitsapcounty.mastermanagementcorp.com/idx/community/South%20Kitsap', 'completed', '2024-09-19 11:42:31', '2024-09-19 11:42:31', 0),
(220, 'https://kitsapcounty.mastermanagementcorp.com/idx/community/South%20Park%20Village', 'completed', '2024-09-19 11:42:39', '2024-09-19 11:42:39', 0),
(221, 'https://kitsapcounty.mastermanagementcorp.com/idx/community/summerwind', 'completed', '2024-09-19 11:49:05', '2024-09-19 11:49:05', 0),
(222, 'https://kitsapcounty.mastermanagementcorp.com/idx/community/Sunnyslope', 'completed', '2024-09-19 11:42:56', '2024-09-19 11:42:56', 0),
(223, 'https://kitsapcounty.mastermanagementcorp.com/idx/community/sunrise', 'completed', '2024-09-19 11:49:14', '2024-09-19 11:49:14', 0),
(224, 'https://kitsapcounty.mastermanagementcorp.com/idx/community/West%20Hills', 'completed', '2024-09-19 11:43:27', '2024-09-19 11:43:27', 0),
(225, 'https://kitsapcounty.mastermanagementcorp.com/idx/community/Wildcat%20Lake', 'completed', '2024-09-19 11:43:31', '2024-09-19 11:43:31', 0),
(226, 'https://kitsapcounty.mastermanagementcorp.com/idx/community/Wye%20Lake', 'completed', '2024-09-19 11:43:40', '2024-09-19 11:43:40', 0),
(227, 'https://kitsapcounty.mastermanagementcorp.com/idx/community/battle-point', 'completed', '2024-09-19 11:43:57', '2024-09-19 11:43:57', 0),
(228, 'https://kitsapcounty.mastermanagementcorp.com/idx/community/chief-seattle-park', 'completed', '2024-09-19 11:44:40', '2024-09-19 11:44:40', 0),
(229, 'https://kitsapcounty.mastermanagementcorp.com/idx/community/glenwood', 'completed', '2024-09-19 11:45:46', '2024-09-19 11:45:46', 0),
(230, 'https://kitsapcounty.mastermanagementcorp.com/idx/community/hansville', 'completed', '2024-09-19 11:45:56', '2024-09-19 11:45:56', 0),
(231, 'https://kitsapcounty.mastermanagementcorp.com/idx/community/horseshoe-lake', 'completed', '2024-09-19 11:46:00', '2024-09-19 11:46:00', 0),
(232, 'https://kitsapcounty.mastermanagementcorp.com/idx/community/indianola-beach', 'completed', '2024-09-19 11:46:04', '2024-09-19 11:46:04', 0),
(233, 'https://kitsapcounty.mastermanagementcorp.com/idx/community/miller-bay-estates', 'completed', '2024-09-19 11:46:48', '2024-09-19 11:46:48', 0),
(234, 'https://kitsapcounty.mastermanagementcorp.com/idx/community/north-hill', 'completed', '2024-09-19 11:47:01', '2024-09-19 11:47:01', 0),
(235, 'https://kitsapcounty.mastermanagementcorp.com/idx/community/orchard-heights', 'completed', '2024-09-19 11:47:08', '2024-09-19 11:47:08', 0),
(236, 'https://kitsapcounty.mastermanagementcorp.com/idx/community/oyster-bay', 'completed', '2024-09-19 11:47:11', '2024-09-19 11:47:11', 0),
(237, 'https://kitsapcounty.mastermanagementcorp.com/idx/community/parkwood-east', 'completed', '2024-09-19 11:47:15', '2024-09-19 11:47:15', 0),
(238, 'https://kitsapcounty.mastermanagementcorp.com/idx/community/point-white', 'completed', '2024-09-19 11:47:23', '2024-09-19 11:47:23', 0),
(239, 'https://kitsapcounty.mastermanagementcorp.com/idx/community/president-point', 'completed', '2024-09-19 11:48:08', '2024-09-19 11:48:08', 0),
(240, 'https://kitsapcounty.mastermanagementcorp.com/idx/community/rocky-point', 'completed', '2024-09-19 11:48:20', '2024-09-19 11:48:20', 0),
(241, 'https://kitsapcounty.mastermanagementcorp.com/idx/community/vinland', 'completed', '2024-09-19 11:49:24', '2024-09-19 11:49:24', 0),
(242, 'https://kitsapcounty.mastermanagementcorp.com/idx/community/wildcat-lake', 'completed', '2024-09-19 11:49:51', '2024-09-19 11:49:51', 0),
(243, 'https://kitsapcounty.mastermanagementcorp.com/idx/tract/annapolis', 'completed', '2024-09-19 12:39:03', '2024-09-19 12:39:03', 0),
(244, 'https://kitsapcounty.mastermanagementcorp.com/idx/tract/Bainbridge%20Island', 'completed', '2024-09-19 12:33:59', '2024-09-19 12:33:59', 0),
(245, 'https://kitsapcounty.mastermanagementcorp.com/idx/tract/Baker%20Hill', 'completed', '2024-09-19 12:34:03', '2024-09-19 12:34:03', 0),
(246, 'https://kitsapcounty.mastermanagementcorp.com/idx/tract/Battle%20Point', 'completed', '2024-09-19 12:34:07', '2024-09-19 12:34:07', 0),
(247, 'https://kitsapcounty.mastermanagementcorp.com/idx/tract/Blueberry%20Meadows', 'completed', '2024-09-19 12:34:11', '2024-09-19 12:34:11', 0),
(248, 'https://kitsapcounty.mastermanagementcorp.com/idx/tract/Central%20Kitsap', 'completed', '2024-12-06 01:24:58', '2024-12-06 01:24:58', 0),
(249, 'https://kitsapcounty.mastermanagementcorp.com/idx/tract/Central%20Valley', 'completed', '2024-09-19 12:34:29', '2024-09-19 12:34:29', 0),
(250, 'https://kitsapcounty.mastermanagementcorp.com/idx/tract/chico', 'completed', '2024-09-19 12:39:45', '2024-09-19 12:39:45', 0),
(251, 'https://kitsapcounty.mastermanagementcorp.com/idx/tract/Chief%20Seattle%20Park', 'completed', '2024-09-19 12:34:41', '2024-09-19 12:34:41', 0),
(252, 'https://kitsapcounty.mastermanagementcorp.com/idx/tract/crosby', 'completed', '2024-09-19 12:39:52', '2024-09-19 12:39:52', 0),
(253, 'https://kitsapcounty.mastermanagementcorp.com/idx/tract/Driftwood%20Key', 'completed', '2024-09-19 12:34:54', '2024-09-19 12:34:54', 0),
(254, 'https://kitsapcounty.mastermanagementcorp.com/idx/tract/East%20Bremerton', 'completed', '2024-09-19 12:35:01', '2024-09-19 12:35:01', 0),
(255, 'https://kitsapcounty.mastermanagementcorp.com/idx/tract/East%20Port%20Orchard', 'completed', '2024-09-19 12:35:05', '2024-09-19 12:35:05', 0),
(256, 'https://kitsapcounty.mastermanagementcorp.com/idx/tract/eglon', 'completed', '2024-09-19 12:40:08', '2024-09-19 12:40:08', 0),
(257, 'https://kitsapcounty.mastermanagementcorp.com/idx/tract/Emerald%20Heights', 'completed', '2024-09-19 12:35:12', '2024-09-19 12:35:12', 0),
(258, 'https://kitsapcounty.mastermanagementcorp.com/idx/tract/Esquire%20Hills', 'completed', '2024-09-19 12:35:19', '2024-09-19 12:35:19', 0),
(259, 'https://kitsapcounty.mastermanagementcorp.com/idx/tract/ferncliff', 'completed', '2024-09-19 12:40:20', '2024-09-19 12:40:20', 0),
(260, 'https://kitsapcounty.mastermanagementcorp.com/idx/tract/Finn%20Hill', 'completed', '2024-09-19 12:35:29', '2024-09-19 12:35:29', 0),
(261, 'https://kitsapcounty.mastermanagementcorp.com/idx/tract/Fort%20Ward', 'completed', '2024-09-19 12:35:35', '2024-09-19 12:35:35', 0),
(262, 'https://kitsapcounty.mastermanagementcorp.com/idx/tract/Horseshoe%20Lake', 'completed', '2024-09-19 12:35:49', '2024-09-19 12:35:49', 0),
(263, 'https://kitsapcounty.mastermanagementcorp.com/idx/tract/Indianola%20Beach', 'completed', '2024-09-19 12:35:52', '2024-09-19 12:35:52', 0),
(264, 'https://kitsapcounty.mastermanagementcorp.com/idx/tract/kariotis', 'completed', '2024-09-19 12:40:43', '2024-09-19 12:40:43', 0),
(265, 'https://kitsapcounty.mastermanagementcorp.com/idx/tract/Lake%20Symington', 'completed', '2024-09-19 12:36:02', '2024-09-19 12:36:02', 0),
(266, 'https://kitsapcounty.mastermanagementcorp.com/idx/tract/Lake%20Tahuyeh', 'completed', '2024-09-19 12:36:05', '2024-09-19 12:36:05', 0),
(267, 'https://kitsapcounty.mastermanagementcorp.com/idx/tract/Lincoln%20Hill', 'completed', '2024-09-19 12:36:09', '2024-09-19 12:36:09', 0),
(268, 'https://kitsapcounty.mastermanagementcorp.com/idx/tract/Long%20Lake', 'completed', '2024-09-19 12:36:16', '2024-09-19 12:36:16', 0),
(269, 'https://kitsapcounty.mastermanagementcorp.com/idx/tract/manette', 'completed', '2024-09-19 12:40:57', '2024-09-19 12:40:57', 0),
(270, 'https://kitsapcounty.mastermanagementcorp.com/idx/tract/Manitou%20Beach', 'completed', '2024-09-19 12:36:25', '2024-09-19 12:36:25', 0),
(271, 'https://kitsapcounty.mastermanagementcorp.com/idx/tract/Miami%20Beach', 'completed', '2024-09-19 12:36:36', '2024-09-19 12:36:36', 0),
(272, 'https://kitsapcounty.mastermanagementcorp.com/idx/tract/Miller%20Bay%20Estates', 'completed', '2024-09-19 12:36:39', '2024-09-19 12:36:39', 0),
(273, 'https://kitsapcounty.mastermanagementcorp.com/idx/tract/Murden%20Cove', 'completed', '2024-09-19 12:36:43', '2024-09-19 12:36:43', 0),
(274, 'https://kitsapcounty.mastermanagementcorp.com/idx/tract/Navy%20Yard%20City', 'completed', '2024-09-19 12:36:47', '2024-09-19 12:36:47', 0),
(275, 'https://kitsapcounty.mastermanagementcorp.com/idx/tract/North%20Hill', 'completed', '2024-09-19 12:36:50', '2024-09-19 12:36:50', 0),
(276, 'https://kitsapcounty.mastermanagementcorp.com/idx/tract/Orchard%20Heights', 'completed', '2024-09-19 12:36:57', '2024-09-19 12:36:57', 0),
(277, 'https://kitsapcounty.mastermanagementcorp.com/idx/tract/Oyster%20Bay', 'completed', '2024-09-19 12:37:01', '2024-09-19 12:37:01', 0),
(278, 'https://kitsapcounty.mastermanagementcorp.com/idx/tract/Parkwood%20East', 'completed', '2024-09-19 12:37:08', '2024-09-19 12:37:08', 0),
(279, 'https://kitsapcounty.mastermanagementcorp.com/idx/tract/Pleasant%20Beach', 'completed', '2024-09-19 12:37:11', '2024-09-19 12:37:11', 0),
(280, 'https://kitsapcounty.mastermanagementcorp.com/idx/tract/Point%20White', 'completed', '2024-09-19 12:37:15', '2024-09-19 12:37:15', 0),
(281, 'https://kitsapcounty.mastermanagementcorp.com/idx/tract/Port%20Madison', 'completed', '2024-09-19 12:37:18', '2024-09-19 12:37:18', 0),
(282, 'https://kitsapcounty.mastermanagementcorp.com/idx/tract/Port%20Orchard', 'completed', '2024-09-19 12:37:21', '2024-09-19 12:37:21', 0),
(283, 'https://kitsapcounty.mastermanagementcorp.com/idx/tract/President%20Point', 'completed', '2024-09-19 12:37:28', '2024-09-19 12:37:28', 0),
(284, 'https://kitsapcounty.mastermanagementcorp.com/idx/tract/retsil', 'completed', '2024-09-19 12:42:12', '2024-09-19 12:42:12', 0),
(285, 'https://kitsapcounty.mastermanagementcorp.com/idx/tract/Rocky%20Point', 'completed', '2024-09-19 12:37:38', '2024-09-19 12:37:38', 0),
(286, 'https://kitsapcounty.mastermanagementcorp.com/idx/tract/Rolling%20Bay', 'completed', '2024-09-19 12:37:41', '2024-09-19 12:37:41', 0),
(287, 'https://kitsapcounty.mastermanagementcorp.com/idx/tract/seabeck', 'completed', '2024-09-19 12:42:22', '2024-09-19 12:42:22', 0),
(288, 'https://kitsapcounty.mastermanagementcorp.com/idx/tract/Sheridan%20Park', 'completed', '2024-09-19 12:37:47', '2024-09-19 12:37:47', 0),
(289, 'https://kitsapcounty.mastermanagementcorp.com/idx/tract/South%20Beach', 'completed', '2024-09-19 12:38:01', '2024-09-19 12:38:01', 0),
(290, 'https://kitsapcounty.mastermanagementcorp.com/idx/tract/South%20Kitsap', 'completed', '2024-09-19 12:38:04', '2024-09-19 12:38:04', 0),
(291, 'https://kitsapcounty.mastermanagementcorp.com/idx/tract/South%20Park%20Village', 'completed', '2024-09-19 12:38:08', '2024-09-19 12:38:08', 0),
(292, 'https://kitsapcounty.mastermanagementcorp.com/idx/tract/Stetson%20Ridge', 'completed', '2024-09-19 12:38:14', '2024-09-19 12:38:14', 0),
(293, 'https://kitsapcounty.mastermanagementcorp.com/idx/tract/sunnyslope', 'completed', '2024-09-19 12:42:44', '2024-09-19 12:42:44', 0),
(294, 'https://kitsapcounty.mastermanagementcorp.com/idx/tract/sunrise', 'completed', '2024-09-19 12:42:47', '2024-09-19 12:42:47', 0),
(295, 'https://kitsapcounty.mastermanagementcorp.com/idx/tract/vinland', 'completed', '2024-09-19 12:42:56', '2024-09-19 12:42:56', 0),
(296, 'https://kitsapcounty.mastermanagementcorp.com/idx/tract/West%20Hills', 'completed', '2024-09-19 12:38:40', '2024-09-19 12:38:40', 0),
(297, 'https://kitsapcounty.mastermanagementcorp.com/idx/tract/Wildcat%20Lake', 'completed', '2024-09-19 12:38:43', '2024-09-19 12:38:43', 0),
(298, 'https://kitsapcounty.mastermanagementcorp.com/idx/tract/Wye%20Lake', 'completed', '2024-09-19 12:38:59', '2024-09-19 12:38:59', 0),
(299, 'https://kitsapcounty.mastermanagementcorp.com/idx/tract/baker-hill', 'completed', '2024-09-19 12:39:08', '2024-09-19 12:39:08', 0),
(300, 'https://kitsapcounty.mastermanagementcorp.com/idx/tract/battle-point', 'completed', '2024-09-19 12:39:11', '2024-09-19 12:39:11', 0),
(301, 'https://kitsapcounty.mastermanagementcorp.com/idx/tract/east-bremerton', 'completed', '2024-09-19 12:40:01', '2024-09-19 12:40:01', 0),
(302, 'https://kitsapcounty.mastermanagementcorp.com/idx/tract/east-port-orchard', 'completed', '2024-09-19 12:40:05', '2024-09-19 12:40:05', 0),
(303, 'https://kitsapcounty.mastermanagementcorp.com/idx/tract/emerald-heights', 'completed', '2024-09-19 12:40:12', '2024-09-19 12:40:12', 0),
(304, 'https://kitsapcounty.mastermanagementcorp.com/idx/tract/finn-hill', 'completed', '2024-09-19 12:40:23', '2024-09-19 12:40:23', 0),
(305, 'https://kitsapcounty.mastermanagementcorp.com/idx/tract/fletcher-bay', 'completed', '2024-09-19 12:40:26', '2024-09-19 12:40:26', 0),
(306, 'https://kitsapcounty.mastermanagementcorp.com/idx/tract/indianola-beach', 'completed', '2024-09-19 12:40:40', '2024-09-19 12:40:40', 0),
(307, 'https://kitsapcounty.mastermanagementcorp.com/idx/tract/manitou-beach', 'completed', '2024-09-19 12:41:00', '2024-09-19 12:41:00', 0),
(308, 'https://kitsapcounty.mastermanagementcorp.com/idx/tract/miller-bay-estates', 'completed', '2024-09-19 12:41:07', '2024-09-19 12:41:07', 0),
(309, 'https://kitsapcounty.mastermanagementcorp.com/idx/tract/murden-cove', 'completed', '2024-09-19 12:41:11', '2024-09-19 12:41:11', 0),
(310, 'https://kitsapcounty.mastermanagementcorp.com/idx/tract/north-hill', 'completed', '2024-09-19 12:41:16', '2024-09-19 12:41:16', 0),
(311, 'https://kitsapcounty.mastermanagementcorp.com/idx/tract/orchard-heights', 'completed', '2024-09-19 12:41:22', '2024-09-19 12:41:22', 0),
(312, 'https://kitsapcounty.mastermanagementcorp.com/idx/tract/oyster-bay', 'completed', '2024-09-19 12:41:25', '2024-09-19 12:41:25', 0),
(313, 'https://kitsapcounty.mastermanagementcorp.com/idx/tract/parkwood-east', 'completed', '2024-09-19 12:41:28', '2024-09-19 12:41:28', 0),
(314, 'https://kitsapcounty.mastermanagementcorp.com/idx/tract/point-white', 'completed', '2024-09-19 12:41:37', '2024-09-19 12:41:37', 0),
(315, 'https://kitsapcounty.mastermanagementcorp.com/idx/tract/port-madison', 'completed', '2024-09-19 12:41:40', '2024-09-19 12:41:40', 0),
(316, 'https://kitsapcounty.mastermanagementcorp.com/idx/tract/president-point', 'completed', '2024-09-19 12:42:09', '2024-09-19 12:42:09', 0),
(317, 'https://kitsapcounty.mastermanagementcorp.com/idx/tract/rocky-point', 'completed', '2024-09-19 12:42:17', '2024-09-19 12:42:17', 0),
(318, 'https://kitsapcounty.mastermanagementcorp.com/idx/tract/south-beach', 'completed', '2024-09-19 12:42:33', '2024-09-19 12:42:33', 0),
(319, 'https://kitsapcounty.mastermanagementcorp.com/idx/tract/south-kitsap', 'completed', '2024-09-19 12:42:36', '2024-09-19 12:42:36', 0),
(320, 'https://kitsapcounty.mastermanagementcorp.com/idx/tract/wildcat-lake', 'completed', '2024-09-19 12:43:11', '2024-09-19 12:43:11', 0),
(321, 'https://kitsapcounty.mastermanagementcorp.com/idx/tract/wye-lake', 'completed', '2024-09-19 12:43:15', '2024-09-19 12:43:15', 0);

-- --------------------------------------------------------

--
-- Table structure for table `wpry_2_wpr_rucss_used_css`
--

CREATE TABLE `wpry_2_wpr_rucss_used_css` (
  `id` bigint UNSIGNED NOT NULL,
  `url` varchar(2000) CHARACTER SET utf8mb4 COLLATE utf8mb4_unicode_520_ci NOT NULL DEFAULT '',
  `css` longtext CHARACTER SET utf8mb4 COLLATE utf8mb4_unicode_520_ci,
  `hash` varchar(32) CHARACTER SET utf8mb4 COLLATE utf8mb4_unicode_520_ci DEFAULT '',
  `error_code` varchar(32) CHARACTER SET utf8mb4 COLLATE utf8mb4_unicode_520_ci DEFAULT NULL,
  `error_message` longtext CHARACTER SET utf8mb4 COLLATE utf8mb4_unicode_520_ci,
  `unprocessedcss` longtext CHARACTER SET utf8mb4 COLLATE utf8mb4_unicode_520_ci,
  `retries` tinyint(1) NOT NULL DEFAULT '1',
  `is_mobile` tinyint(1) NOT NULL DEFAULT '0',
  `job_id` varchar(255) CHARACTER SET utf8mb4 COLLATE utf8mb4_unicode_520_ci NOT NULL DEFAULT '',
  `queue_name` varchar(255) CHARACTER SET utf8mb4 COLLATE utf8mb4_unicode_520_ci NOT NULL DEFAULT '',
  `status` varchar(255) CHARACTER SET utf8mb4 COLLATE utf8mb4_unicode_520_ci NOT NULL DEFAULT '',
  `modified` timestamp NOT NULL DEFAULT '0000-00-00 00:00:00',
  `last_accessed` timestamp NOT NULL DEFAULT '0000-00-00 00:00:00'
) ENGINE=InnoDB DEFAULT CHARSET=utf8mb4 COLLATE=utf8mb4_unicode_520_ci;

-- --------------------------------------------------------

--
-- Table structure for table `wpry_2_yoast_indexable`
--

CREATE TABLE `wpry_2_yoast_indexable` (
  `id` int UNSIGNED NOT NULL,
  `permalink` longtext CHARACTER SET utf8mb4 COLLATE utf8mb4_unicode_520_ci,
  `permalink_hash` varchar(40) CHARACTER SET utf8mb4 COLLATE utf8mb4_unicode_520_ci DEFAULT NULL,
  `object_id` bigint DEFAULT NULL,
  `object_type` varchar(32) CHARACTER SET utf8mb4 COLLATE utf8mb4_unicode_520_ci NOT NULL,
  `object_sub_type` varchar(32) CHARACTER SET utf8mb4 COLLATE utf8mb4_unicode_520_ci DEFAULT NULL,
  `author_id` bigint DEFAULT NULL,
  `post_parent` bigint DEFAULT NULL,
  `title` text CHARACTER SET utf8mb4 COLLATE utf8mb4_unicode_520_ci,
  `description` mediumtext CHARACTER SET utf8mb4 COLLATE utf8mb4_unicode_520_ci,
  `breadcrumb_title` text CHARACTER SET utf8mb4 COLLATE utf8mb4_unicode_520_ci,
  `post_status` varchar(20) CHARACTER SET utf8mb4 COLLATE utf8mb4_unicode_520_ci DEFAULT NULL,
  `is_public` tinyint(1) DEFAULT NULL,
  `is_protected` tinyint(1) DEFAULT '0',
  `has_public_posts` tinyint(1) DEFAULT NULL,
  `number_of_pages` int UNSIGNED DEFAULT NULL,
  `canonical` longtext CHARACTER SET utf8mb4 COLLATE utf8mb4_unicode_520_ci,
  `primary_focus_keyword` varchar(191) CHARACTER SET utf8mb4 COLLATE utf8mb4_unicode_520_ci DEFAULT NULL,
  `primary_focus_keyword_score` int DEFAULT NULL,
  `readability_score` int DEFAULT NULL,
  `is_cornerstone` tinyint(1) DEFAULT '0',
  `is_robots_noindex` tinyint(1) DEFAULT '0',
  `is_robots_nofollow` tinyint(1) DEFAULT '0',
  `is_robots_noarchive` tinyint(1) DEFAULT '0',
  `is_robots_noimageindex` tinyint(1) DEFAULT '0',
  `is_robots_nosnippet` tinyint(1) DEFAULT '0',
  `twitter_title` text CHARACTER SET utf8mb4 COLLATE utf8mb4_unicode_520_ci,
  `twitter_image` longtext CHARACTER SET utf8mb4 COLLATE utf8mb4_unicode_520_ci,
  `twitter_description` longtext CHARACTER SET utf8mb4 COLLATE utf8mb4_unicode_520_ci,
  `twitter_image_id` varchar(191) CHARACTER SET utf8mb4 COLLATE utf8mb4_unicode_520_ci DEFAULT NULL,
  `twitter_image_source` text CHARACTER SET utf8mb4 COLLATE utf8mb4_unicode_520_ci,
  `open_graph_title` text CHARACTER SET utf8mb4 COLLATE utf8mb4_unicode_520_ci,
  `open_graph_description` longtext CHARACTER SET utf8mb4 COLLATE utf8mb4_unicode_520_ci,
  `open_graph_image` longtext CHARACTER SET utf8mb4 COLLATE utf8mb4_unicode_520_ci,
  `open_graph_image_id` varchar(191) CHARACTER SET utf8mb4 COLLATE utf8mb4_unicode_520_ci DEFAULT NULL,
  `open_graph_image_source` text CHARACTER SET utf8mb4 COLLATE utf8mb4_unicode_520_ci,
  `open_graph_image_meta` mediumtext CHARACTER SET utf8mb4 COLLATE utf8mb4_unicode_520_ci,
  `link_count` int DEFAULT NULL,
  `incoming_link_count` int DEFAULT NULL,
  `prominent_words_version` int UNSIGNED DEFAULT NULL,
  `created_at` datetime DEFAULT NULL,
  `updated_at` timestamp NOT NULL DEFAULT CURRENT_TIMESTAMP ON UPDATE CURRENT_TIMESTAMP,
  `blog_id` bigint NOT NULL DEFAULT '2',
  `language` varchar(32) CHARACTER SET utf8mb4 COLLATE utf8mb4_unicode_520_ci DEFAULT NULL,
  `region` varchar(32) CHARACTER SET utf8mb4 COLLATE utf8mb4_unicode_520_ci DEFAULT NULL,
  `schema_page_type` varchar(64) CHARACTER SET utf8mb4 COLLATE utf8mb4_unicode_520_ci DEFAULT NULL,
  `schema_article_type` varchar(64) CHARACTER SET utf8mb4 COLLATE utf8mb4_unicode_520_ci DEFAULT NULL,
  `has_ancestors` tinyint(1) DEFAULT '0',
  `estimated_reading_time_minutes` int DEFAULT NULL,
  `version` int DEFAULT '1',
  `object_last_modified` datetime DEFAULT NULL,
  `object_published_at` datetime DEFAULT NULL,
  `inclusive_language_score` int DEFAULT NULL
) ENGINE=InnoDB DEFAULT CHARSET=utf8mb4 COLLATE=utf8mb4_unicode_520_ci;

--
-- Dumping data for table `wpry_2_yoast_indexable`
--

INSERT INTO `wpry_2_yoast_indexable` (`id`, `permalink`, `permalink_hash`, `object_id`, `object_type`, `object_sub_type`, `author_id`, `post_parent`, `title`, `description`, `breadcrumb_title`, `post_status`, `is_public`, `is_protected`, `has_public_posts`, `number_of_pages`, `canonical`, `primary_focus_keyword`, `primary_focus_keyword_score`, `readability_score`, `is_cornerstone`, `is_robots_noindex`, `is_robots_nofollow`, `is_robots_noarchive`, `is_robots_noimageindex`, `is_robots_nosnippet`, `twitter_title`, `twitter_image`, `twitter_description`, `twitter_image_id`, `twitter_image_source`, `open_graph_title`, `open_graph_description`, `open_graph_image`, `open_graph_image_id`, `open_graph_image_source`, `open_graph_image_meta`, `link_count`, `incoming_link_count`, `prominent_words_version`, `created_at`, `updated_at`, `blog_id`, `language`, `region`, `schema_page_type`, `schema_article_type`, `has_ancestors`, `estimated_reading_time_minutes`, `version`, `object_last_modified`, `object_published_at`, `inclusive_language_score`) VALUES
(1, 'https://kitsapcounty.mastermanagementcorp.com/', '46:da29b7fcf88db69aab95905720150835', 234, 'post', 'page', 1, 0, '%%sitename%% %%sep%% %%sitedesc%%', 'Real Estate Agency in Kitsap County, Washington', 'Home', 'publish', NULL, 0, NULL, NULL, NULL, NULL, NULL, 60, 0, NULL, 0, NULL, NULL, NULL, NULL, NULL, NULL, NULL, NULL, NULL, NULL, NULL, NULL, NULL, NULL, 0, NULL, NULL, '2023-08-02 11:49:42', '2023-08-02 16:49:53', 2, NULL, NULL, NULL, NULL, 0, NULL, 2, '2022-04-19 21:28:40', '2020-07-28 15:05:34', 0),
(2, 'https://kitsapcounty.mastermanagementcorp.com/', '46:da29b7fcf88db69aab95905720150835', NULL, 'home-page', NULL, NULL, NULL, '%%sitename%% %%page%% %%sep%% %%sitedesc%%', 'Real Estate Agency in  Kitsap County, Washington', 'Home', NULL, NULL, 0, NULL, NULL, NULL, NULL, NULL, NULL, 0, 0, 0, 0, 0, 0, NULL, NULL, NULL, NULL, NULL, '%%sitename%%', '', '', '0', NULL, NULL, NULL, NULL, NULL, '2023-08-02 11:49:42', '2023-08-02 16:53:47', 2, NULL, NULL, NULL, NULL, 0, NULL, 2, '2023-08-02 11:53:46', NULL, NULL),
(3, 'https://kitsapcounty.mastermanagementcorp.com/idx/', '50:0b06862536a9922c42ac809fb818c9d0', 259, 'post', 'page', 1, 0, NULL, NULL, 'IDX', 'publish', NULL, 0, NULL, NULL, NULL, NULL, NULL, 30, 0, NULL, 0, NULL, NULL, NULL, NULL, NULL, NULL, NULL, NULL, NULL, NULL, NULL, NULL, NULL, NULL, 0, NULL, NULL, '2023-08-02 11:49:53', '2023-08-02 16:49:53', 2, NULL, NULL, NULL, NULL, 0, NULL, 2, '2020-07-29 16:27:40', '2020-07-29 16:26:21', 0),
(4, 'https://kitsapcounty.mastermanagementcorp.com/contact/', '54:0978eacf533e5430b3d396e913966220', 268, 'post', 'page', 1, 0, NULL, 'Kitsap County Master Management Co-Founder E: Laura@MasterManagementCorp.com T: 360-900-9708', 'Contact', 'publish', NULL, 0, NULL, NULL, NULL, NULL, NULL, 90, 0, NULL, 0, NULL, NULL, NULL, NULL, 'https://kitsapcounty.mastermanagementcorp.com/wp-content/uploads/sites/2/2020/07/profile.jpg', NULL, NULL, 'first-content-image', NULL, NULL, 'https://kitsapcounty.mastermanagementcorp.com/wp-content/uploads/sites/2/2020/07/profile.jpg', NULL, 'first-content-image', NULL, 0, NULL, NULL, '2023-08-02 11:49:53', '2023-08-02 16:53:47', 2, NULL, NULL, NULL, NULL, 0, 1, 2, '2023-08-02 11:53:46', '2020-07-30 14:08:45', 0),
(5, 'https://kitsapcounty.mastermanagementcorp.com/category/uncategorized/', '69:8e91793f53d18d69ff6caaa3e2d1de14', 1, 'term', 'category', NULL, NULL, NULL, NULL, 'Uncategorized', NULL, NULL, 0, NULL, NULL, NULL, NULL, NULL, NULL, 0, NULL, NULL, NULL, NULL, NULL, NULL, NULL, NULL, NULL, NULL, NULL, NULL, NULL, NULL, NULL, NULL, 0, NULL, NULL, '2023-08-02 11:49:53', '2023-08-02 16:49:53', 2, NULL, NULL, NULL, NULL, 0, NULL, 2, NULL, NULL, NULL),
(6, NULL, NULL, NULL, 'system-page', '404', NULL, NULL, 'Page not found %%sep%% %%sitename%%', NULL, 'Error 404: Page not found', NULL, NULL, 0, NULL, NULL, NULL, NULL, NULL, NULL, 0, 1, 0, 0, 0, 0, NULL, NULL, NULL, NULL, NULL, NULL, NULL, NULL, NULL, NULL, NULL, NULL, NULL, NULL, '2023-08-02 11:49:53', '2023-08-02 16:49:53', 2, NULL, NULL, NULL, NULL, 0, NULL, 1, NULL, NULL, NULL),
(7, NULL, NULL, NULL, 'system-page', 'search-result', NULL, NULL, 'You searched for %%searchphrase%% %%page%% %%sep%% %%sitename%%', NULL, NULL, NULL, NULL, 0, NULL, NULL, NULL, NULL, NULL, NULL, 0, 1, 0, 0, 0, 0, NULL, NULL, NULL, NULL, NULL, NULL, NULL, NULL, NULL, NULL, NULL, NULL, NULL, NULL, '2023-08-02 11:49:53', '2023-08-02 16:49:53', 2, NULL, NULL, NULL, NULL, 0, NULL, 1, NULL, NULL, NULL),
(8, NULL, NULL, NULL, 'date-archive', NULL, NULL, NULL, '%%date%% %%page%% %%sep%% %%sitename%%', '', NULL, NULL, 0, 0, NULL, NULL, NULL, NULL, NULL, NULL, 0, 1, 0, 0, 0, 0, NULL, NULL, NULL, NULL, NULL, NULL, NULL, NULL, NULL, NULL, NULL, NULL, NULL, NULL, '2023-08-02 11:49:53', '2023-08-02 16:49:53', 2, NULL, NULL, NULL, NULL, 0, NULL, 1, NULL, NULL, NULL),
(9, 'https://kitsapcounty.mastermanagementcorp.com/idx/', '50:0b06862536a9922c42ac809fb818c9d0', 1690977318, 'post', 'page', 1, 0, NULL, NULL, 'Real estate matching your search', 'publish', NULL, 0, NULL, NULL, NULL, NULL, NULL, 0, 0, NULL, 0, NULL, NULL, NULL, NULL, 'https://api-idx.diversesolutions.com/Images/dsIDXpress/loadingimage.gif', NULL, NULL, 'first-content-image', NULL, NULL, 'https://api-idx.diversesolutions.com/Images/dsIDXpress/loadingimage.gif', NULL, 'first-content-image', NULL, NULL, NULL, NULL, '2023-08-02 11:55:19', '2023-08-02 16:55:19', 2, NULL, NULL, NULL, NULL, 0, NULL, 2, '0000-00-00 00:00:00', '2023-08-02 11:55:19', 0),
(10, 'https://kitsapcounty.mastermanagementcorp.com/idx/', '50:0b06862536a9922c42ac809fb818c9d0', 1690977326, 'post', 'page', 1, 0, NULL, NULL, 'Real estate matching your search', 'publish', NULL, 0, NULL, NULL, NULL, NULL, NULL, 0, 0, NULL, 0, NULL, NULL, NULL, NULL, 'https://api-idx.diversesolutions.com/Images/dsIDXpress/loadingimage.gif', NULL, NULL, 'first-content-image', NULL, NULL, 'https://api-idx.diversesolutions.com/Images/dsIDXpress/loadingimage.gif', NULL, 'first-content-image', NULL, NULL, NULL, NULL, '2023-08-02 11:55:27', '2023-08-02 16:55:27', 2, NULL, NULL, NULL, NULL, 0, NULL, 2, '0000-00-00 00:00:00', '2023-08-02 11:55:26', 0),
(11, 'https://kitsapcounty.mastermanagementcorp.com/idx/', '50:0b06862536a9922c42ac809fb818c9d0', 1690977331, 'post', 'page', 1, 0, NULL, NULL, 'Real estate matching your search', 'publish', NULL, 0, NULL, NULL, NULL, NULL, NULL, 0, 0, NULL, 0, NULL, NULL, NULL, NULL, 'https://api-idx.diversesolutions.com/Images/dsIDXpress/loadingimage.gif', NULL, NULL, 'first-content-image', NULL, NULL, 'https://api-idx.diversesolutions.com/Images/dsIDXpress/loadingimage.gif', NULL, 'first-content-image', NULL, NULL, NULL, NULL, '2023-08-02 11:55:31', '2023-08-02 16:55:31', 2, NULL, NULL, NULL, NULL, 0, NULL, 2, '0000-00-00 00:00:00', '2023-08-02 11:55:31', 0);

-- --------------------------------------------------------

--
-- Table structure for table `wpry_2_yoast_indexable_hierarchy`
--

CREATE TABLE `wpry_2_yoast_indexable_hierarchy` (
  `indexable_id` int UNSIGNED NOT NULL,
  `ancestor_id` int UNSIGNED NOT NULL,
  `depth` int UNSIGNED DEFAULT NULL,
  `blog_id` bigint NOT NULL DEFAULT '2'
) ENGINE=InnoDB DEFAULT CHARSET=utf8mb4 COLLATE=utf8mb4_unicode_520_ci;

--
-- Dumping data for table `wpry_2_yoast_indexable_hierarchy`
--

INSERT INTO `wpry_2_yoast_indexable_hierarchy` (`indexable_id`, `ancestor_id`, `depth`, `blog_id`) VALUES
(1, 0, 0, 2),
(2, 0, 0, 2),
(3, 0, 0, 2),
(4, 0, 0, 2),
(5, 0, 0, 2),
(9, 0, 0, 2),
(10, 0, 0, 2),
(11, 0, 0, 2);

-- --------------------------------------------------------

--
-- Table structure for table `wpry_2_yoast_migrations`
--

CREATE TABLE `wpry_2_yoast_migrations` (
  `id` int UNSIGNED NOT NULL,
  `version` varchar(191) CHARACTER SET utf8mb4 COLLATE utf8mb4_unicode_520_ci DEFAULT NULL
) ENGINE=InnoDB DEFAULT CHARSET=utf8mb4 COLLATE=utf8mb4_unicode_520_ci;

--
-- Dumping data for table `wpry_2_yoast_migrations`
--

INSERT INTO `wpry_2_yoast_migrations` (`id`, `version`) VALUES
(1, '20171228151840'),
(2, '20171228151841'),
(3, '20190529075038'),
(25, '20190715101200'),
(4, '20191011111109'),
(5, '20200408101900'),
(6, '20200420073606'),
(7, '20200428123747'),
(8, '20200428194858'),
(9, '20200429105310'),
(10, '20200430075614'),
(11, '20200430150130'),
(12, '20200507054848'),
(13, '20200513133401'),
(14, '20200609154515'),
(15, '20200616130143'),
(16, '20200617122511'),
(17, '20200702141921'),
(18, '20200728095334'),
(19, '20201202144329'),
(20, '20201216124002'),
(21, '20201216141134'),
(22, '20210817092415'),
(26, '20210827093024'),
(23, '20211020091404'),
(24, '20230417083836');

-- --------------------------------------------------------

--
-- Table structure for table `wpry_2_yoast_primary_term`
--

CREATE TABLE `wpry_2_yoast_primary_term` (
  `id` int UNSIGNED NOT NULL,
  `post_id` bigint DEFAULT NULL,
  `term_id` bigint DEFAULT NULL,
  `taxonomy` varchar(32) CHARACTER SET utf8mb4 COLLATE utf8mb4_unicode_520_ci NOT NULL,
  `created_at` datetime DEFAULT NULL,
  `updated_at` timestamp NOT NULL DEFAULT CURRENT_TIMESTAMP ON UPDATE CURRENT_TIMESTAMP,
  `blog_id` bigint NOT NULL DEFAULT '2'
) ENGINE=InnoDB DEFAULT CHARSET=utf8mb4 COLLATE=utf8mb4_unicode_520_ci;

-- --------------------------------------------------------

--
-- Table structure for table `wpry_2_yoast_prominent_words`
--

CREATE TABLE `wpry_2_yoast_prominent_words` (
  `id` int UNSIGNED NOT NULL,
  `stem` varchar(191) DEFAULT NULL,
  `indexable_id` int UNSIGNED DEFAULT NULL,
  `weight` float DEFAULT NULL
) ENGINE=InnoDB DEFAULT CHARSET=utf8mb3;

-- --------------------------------------------------------

--
-- Table structure for table `wpry_2_yoast_seo_links`
--

CREATE TABLE `wpry_2_yoast_seo_links` (
  `id` bigint UNSIGNED NOT NULL,
  `url` varchar(255) DEFAULT NULL,
  `post_id` bigint UNSIGNED DEFAULT NULL,
  `target_post_id` bigint UNSIGNED DEFAULT NULL,
  `type` varchar(8) DEFAULT NULL,
  `indexable_id` int UNSIGNED DEFAULT NULL,
  `target_indexable_id` int UNSIGNED DEFAULT NULL,
  `height` int UNSIGNED DEFAULT NULL,
  `width` int UNSIGNED DEFAULT NULL,
  `size` int UNSIGNED DEFAULT NULL,
  `language` varchar(32) DEFAULT NULL,
  `region` varchar(32) DEFAULT NULL
) ENGINE=InnoDB DEFAULT CHARSET=utf8mb3;

--
-- Dumping data for table `wpry_2_yoast_seo_links`
--

INSERT INTO `wpry_2_yoast_seo_links` (`id`, `url`, `post_id`, `target_post_id`, `type`, `indexable_id`, `target_indexable_id`, `height`, `width`, `size`, `language`, `region`) VALUES
(1, 'https://mastermanagementcorp.com/about-us', 234, NULL, 'external', 1, NULL, NULL, NULL, NULL, NULL, NULL),
(2, 'https://kitsapcounty.mastermanagementcorp.com/wp-content/uploads/sites/2/2020/07/profile.jpg', 268, 270, 'image-in', 4, NULL, 1000, 1000, 111775, NULL, NULL);

-- --------------------------------------------------------

--
-- Table structure for table `wpry_4_actionscheduler_actions`
--

CREATE TABLE `wpry_4_actionscheduler_actions` (
  `action_id` bigint UNSIGNED NOT NULL,
  `hook` varchar(191) CHARACTER SET utf8mb4 COLLATE utf8mb4_unicode_520_ci NOT NULL,
  `status` varchar(20) CHARACTER SET utf8mb4 COLLATE utf8mb4_unicode_520_ci NOT NULL,
  `scheduled_date_gmt` datetime DEFAULT '0000-00-00 00:00:00',
  `scheduled_date_local` datetime DEFAULT '0000-00-00 00:00:00',
  `args` varchar(191) CHARACTER SET utf8mb4 COLLATE utf8mb4_unicode_520_ci DEFAULT NULL,
  `schedule` longtext CHARACTER SET utf8mb4 COLLATE utf8mb4_unicode_520_ci,
  `group_id` bigint UNSIGNED NOT NULL DEFAULT '0',
  `attempts` int NOT NULL DEFAULT '0',
  `last_attempt_gmt` datetime DEFAULT '0000-00-00 00:00:00',
  `last_attempt_local` datetime DEFAULT '0000-00-00 00:00:00',
  `claim_id` bigint UNSIGNED NOT NULL DEFAULT '0',
  `extended_args` varchar(8000) CHARACTER SET utf8mb4 COLLATE utf8mb4_unicode_520_ci DEFAULT NULL
) ENGINE=InnoDB DEFAULT CHARSET=utf8mb4 COLLATE=utf8mb4_unicode_520_ci;

--
-- Dumping data for table `wpry_4_actionscheduler_actions`
--

INSERT INTO `wpry_4_actionscheduler_actions` (`action_id`, `hook`, `status`, `scheduled_date_gmt`, `scheduled_date_local`, `args`, `schedule`, `group_id`, `attempts`, `last_attempt_gmt`, `last_attempt_local`, `claim_id`, `extended_args`) VALUES
(571, 'rocket_preload_job_check_finished', 'complete', '2026-05-16 04:20:57', '2026-05-16 04:20:57', '[1778905197]', 'O:30:\"ActionScheduler_SimpleSchedule\":2:{s:22:\"\0*\0scheduled_timestamp\";i:1778905257;s:41:\"\0ActionScheduler_SimpleSchedule\0timestamp\";i:1778905257;}', 2, 1, '2026-05-23 03:52:47', '2026-05-23 03:52:47', 0, NULL),
(572, 'rocket_preload_job_check_finished', 'complete', '2026-05-23 03:53:47', '2026-05-23 03:53:47', '[1779508367]', 'O:30:\"ActionScheduler_SimpleSchedule\":2:{s:22:\"\0*\0scheduled_timestamp\";i:1779508427;s:41:\"\0ActionScheduler_SimpleSchedule\0timestamp\";i:1779508427;}', 2, 1, '2026-05-30 03:37:00', '2026-05-30 03:37:00', 0, NULL),
(573, 'rocket_preload_job_check_finished', 'complete', '2026-05-30 03:38:00', '2026-05-30 03:38:00', '[1780112220]', 'O:30:\"ActionScheduler_SimpleSchedule\":2:{s:22:\"\0*\0scheduled_timestamp\";i:1780112280;s:41:\"\0ActionScheduler_SimpleSchedule\0timestamp\";i:1780112280;}', 2, 1, '2026-06-18 15:32:51', '2026-06-18 15:32:51', 0, NULL),
(574, 'rocket_preload_job_check_finished', 'pending', '2026-06-18 15:33:51', '2026-06-18 15:33:51', '[1781796771]', 'O:30:\"ActionScheduler_SimpleSchedule\":2:{s:22:\"\0*\0scheduled_timestamp\";i:1781796831;s:41:\"\0ActionScheduler_SimpleSchedule\0timestamp\";i:1781796831;}', 2, 0, '0000-00-00 00:00:00', '0000-00-00 00:00:00', 0, NULL);

-- --------------------------------------------------------

--
-- Table structure for table `wpry_4_actionscheduler_claims`
--

CREATE TABLE `wpry_4_actionscheduler_claims` (
  `claim_id` bigint UNSIGNED NOT NULL,
  `date_created_gmt` datetime DEFAULT '0000-00-00 00:00:00'
) ENGINE=InnoDB DEFAULT CHARSET=utf8mb4 COLLATE=utf8mb4_unicode_520_ci;

-- --------------------------------------------------------

--
-- Table structure for table `wpry_4_actionscheduler_groups`
--

CREATE TABLE `wpry_4_actionscheduler_groups` (
  `group_id` bigint UNSIGNED NOT NULL,
  `slug` varchar(255) CHARACTER SET utf8mb4 COLLATE utf8mb4_unicode_520_ci NOT NULL
) ENGINE=InnoDB DEFAULT CHARSET=utf8mb4 COLLATE=utf8mb4_unicode_520_ci;

--
-- Dumping data for table `wpry_4_actionscheduler_groups`
--

INSERT INTO `wpry_4_actionscheduler_groups` (`group_id`, `slug`) VALUES
(1, 'action-scheduler-migration'),
(2, 'rocket-preload');

-- --------------------------------------------------------

--
-- Table structure for table `wpry_4_actionscheduler_logs`
--

CREATE TABLE `wpry_4_actionscheduler_logs` (
  `log_id` bigint UNSIGNED NOT NULL,
  `action_id` bigint UNSIGNED NOT NULL,
  `message` text CHARACTER SET utf8mb4 COLLATE utf8mb4_unicode_520_ci NOT NULL,
  `log_date_gmt` datetime DEFAULT '0000-00-00 00:00:00',
  `log_date_local` datetime DEFAULT '0000-00-00 00:00:00'
) ENGINE=InnoDB DEFAULT CHARSET=utf8mb4 COLLATE=utf8mb4_unicode_520_ci;

--
-- Dumping data for table `wpry_4_actionscheduler_logs`
--

INSERT INTO `wpry_4_actionscheduler_logs` (`log_id`, `action_id`, `message`, `log_date_gmt`, `log_date_local`) VALUES
(792, 571, 'action created', '2026-05-16 04:19:57', '2026-05-16 04:19:57'),
(794, 571, 'action started via Async Request', '2026-05-23 03:52:47', '2026-05-23 03:52:47'),
(795, 572, 'action created', '2026-05-23 03:52:47', '2026-05-23 03:52:47'),
(796, 571, 'action complete via Async Request', '2026-05-23 03:52:47', '2026-05-23 03:52:47'),
(797, 572, 'action started via Async Request', '2026-05-30 03:37:00', '2026-05-30 03:37:00'),
(798, 573, 'action created', '2026-05-30 03:37:00', '2026-05-30 03:37:00'),
(799, 572, 'action complete via Async Request', '2026-05-30 03:37:00', '2026-05-30 03:37:00'),
(800, 573, 'action started via Async Request', '2026-06-18 15:32:51', '2026-06-18 15:32:51'),
(801, 574, 'action created', '2026-06-18 15:32:51', '2026-06-18 15:32:51'),
(802, 573, 'action complete via Async Request', '2026-06-18 15:32:51', '2026-06-18 15:32:51');

-- --------------------------------------------------------

--
-- Table structure for table `wpry_4_bit_fm_logs`
--

CREATE TABLE `wpry_4_bit_fm_logs` (
  `id` bigint UNSIGNED NOT NULL,
  `user_id` int NOT NULL,
  `command` varchar(32) CHARACTER SET utf8mb4 COLLATE utf8mb4_unicode_520_ci NOT NULL,
  `details` longtext CHARACTER SET utf8mb4 COLLATE utf8mb4_unicode_520_ci NOT NULL,
  `created_at` datetime NOT NULL
) ENGINE=InnoDB DEFAULT CHARSET=utf8mb4 COLLATE=utf8mb4_unicode_520_ci;

-- --------------------------------------------------------

--
-- Table structure for table `wpry_4_commentmeta`
--

CREATE TABLE `wpry_4_commentmeta` (
  `meta_id` bigint UNSIGNED NOT NULL,
  `comment_id` bigint UNSIGNED NOT NULL DEFAULT '0',
  `meta_key` varchar(255) CHARACTER SET utf8mb4 COLLATE utf8mb4_unicode_520_ci DEFAULT NULL,
  `meta_value` longtext CHARACTER SET utf8mb4 COLLATE utf8mb4_unicode_520_ci
) ENGINE=InnoDB DEFAULT CHARSET=utf8mb4 COLLATE=utf8mb4_unicode_520_ci;

-- --------------------------------------------------------

--
-- Table structure for table `wpry_4_comments`
--

CREATE TABLE `wpry_4_comments` (
  `comment_ID` bigint UNSIGNED NOT NULL,
  `comment_post_ID` bigint UNSIGNED NOT NULL DEFAULT '0',
  `comment_author` tinytext CHARACTER SET utf8mb4 COLLATE utf8mb4_unicode_520_ci NOT NULL,
  `comment_author_email` varchar(100) CHARACTER SET utf8mb4 COLLATE utf8mb4_unicode_520_ci NOT NULL DEFAULT '',
  `comment_author_url` varchar(200) CHARACTER SET utf8mb4 COLLATE utf8mb4_unicode_520_ci NOT NULL DEFAULT '',
  `comment_author_IP` varchar(100) CHARACTER SET utf8mb4 COLLATE utf8mb4_unicode_520_ci NOT NULL DEFAULT '',
  `comment_date` datetime NOT NULL DEFAULT '0000-00-00 00:00:00',
  `comment_date_gmt` datetime NOT NULL DEFAULT '0000-00-00 00:00:00',
  `comment_content` text CHARACTER SET utf8mb4 COLLATE utf8mb4_unicode_520_ci NOT NULL,
  `comment_karma` int NOT NULL DEFAULT '0',
  `comment_approved` varchar(20) CHARACTER SET utf8mb4 COLLATE utf8mb4_unicode_520_ci NOT NULL DEFAULT '1',
  `comment_agent` varchar(255) CHARACTER SET utf8mb4 COLLATE utf8mb4_unicode_520_ci NOT NULL DEFAULT '',
  `comment_type` varchar(20) CHARACTER SET utf8mb4 COLLATE utf8mb4_unicode_520_ci NOT NULL DEFAULT 'comment',
  `comment_parent` bigint UNSIGNED NOT NULL DEFAULT '0',
  `user_id` bigint UNSIGNED NOT NULL DEFAULT '0'
) ENGINE=InnoDB DEFAULT CHARSET=utf8mb4 COLLATE=utf8mb4_unicode_520_ci;

-- --------------------------------------------------------

--
-- Table structure for table `wpry_4_gf_draft_submissions`
--

CREATE TABLE `wpry_4_gf_draft_submissions` (
  `uuid` char(32) CHARACTER SET utf8mb4 COLLATE utf8mb4_unicode_520_ci NOT NULL,
  `email` varchar(255) CHARACTER SET utf8mb4 COLLATE utf8mb4_unicode_520_ci DEFAULT NULL,
  `form_id` mediumint UNSIGNED NOT NULL,
  `date_created` datetime NOT NULL,
  `ip` varchar(45) CHARACTER SET utf8mb4 COLLATE utf8mb4_unicode_520_ci NOT NULL,
  `source_url` longtext CHARACTER SET utf8mb4 COLLATE utf8mb4_unicode_520_ci NOT NULL,
  `submission` longtext CHARACTER SET utf8mb4 COLLATE utf8mb4_unicode_520_ci NOT NULL
) ENGINE=InnoDB DEFAULT CHARSET=utf8mb4 COLLATE=utf8mb4_unicode_520_ci;

-- --------------------------------------------------------

--
-- Table structure for table `wpry_4_gf_entry`
--

CREATE TABLE `wpry_4_gf_entry` (
  `id` int UNSIGNED NOT NULL,
  `form_id` mediumint UNSIGNED NOT NULL,
  `post_id` bigint UNSIGNED DEFAULT NULL,
  `date_created` datetime NOT NULL,
  `date_updated` datetime DEFAULT NULL,
  `is_starred` tinyint NOT NULL DEFAULT '0',
  `is_read` tinyint NOT NULL DEFAULT '0',
  `ip` varchar(45) CHARACTER SET utf8mb4 COLLATE utf8mb4_unicode_520_ci NOT NULL,
  `source_url` varchar(200) CHARACTER SET utf8mb4 COLLATE utf8mb4_unicode_520_ci NOT NULL DEFAULT '',
  `user_agent` varchar(250) CHARACTER SET utf8mb4 COLLATE utf8mb4_unicode_520_ci NOT NULL DEFAULT '',
  `currency` varchar(5) CHARACTER SET utf8mb4 COLLATE utf8mb4_unicode_520_ci DEFAULT NULL,
  `payment_status` varchar(15) CHARACTER SET utf8mb4 COLLATE utf8mb4_unicode_520_ci DEFAULT NULL,
  `payment_date` datetime DEFAULT NULL,
  `payment_amount` decimal(19,2) DEFAULT NULL,
  `payment_method` varchar(30) CHARACTER SET utf8mb4 COLLATE utf8mb4_unicode_520_ci DEFAULT NULL,
  `transaction_id` varchar(50) CHARACTER SET utf8mb4 COLLATE utf8mb4_unicode_520_ci DEFAULT NULL,
  `is_fulfilled` tinyint DEFAULT NULL,
  `created_by` bigint UNSIGNED DEFAULT NULL,
  `transaction_type` tinyint DEFAULT NULL,
  `status` varchar(20) CHARACTER SET utf8mb4 COLLATE utf8mb4_unicode_520_ci NOT NULL DEFAULT 'active',
  `source_id` bigint UNSIGNED DEFAULT NULL
) ENGINE=InnoDB DEFAULT CHARSET=utf8mb4 COLLATE=utf8mb4_unicode_520_ci;

--
-- Dumping data for table `wpry_4_gf_entry`
--

INSERT INTO `wpry_4_gf_entry` (`id`, `form_id`, `post_id`, `date_created`, `date_updated`, `is_starred`, `is_read`, `ip`, `source_url`, `user_agent`, `currency`, `payment_status`, `payment_date`, `payment_amount`, `payment_method`, `transaction_id`, `is_fulfilled`, `created_by`, `transaction_type`, `status`, `source_id`) VALUES
(1, 1, NULL, '2022-12-11 17:17:22', '2022-12-11 17:17:22', 0, 0, '104.227.90.125', 'https://clallamcounty.mastermanagementcorp.com/contact/', 'Mozilla/5.0 (Macintosh; Intel Mac OS X 12_5) AppleWebKit/537.36 (KHTML, like Gecko) Chrome/103.0.0.0 Safari/537.36 OPR/89.0.4447.51', 'USD', NULL, NULL, NULL, NULL, NULL, NULL, NULL, NULL, 'active', NULL),
(2, 1, NULL, '2022-12-23 12:12:29', '2022-12-23 12:12:29', 0, 0, '107.175.158.200', 'https://clallamcounty.mastermanagementcorp.com/contact/', 'Mozilla/5.0 (Windows NT 10.0; WOW64) AppleWebKit/537.36 (KHTML, like Gecko) Chrome/103.0.0.0 Safari/537.36', 'USD', NULL, NULL, NULL, NULL, NULL, NULL, NULL, NULL, 'active', NULL),
(3, 1, NULL, '2024-03-31 02:44:22', '2024-03-31 02:44:22', 0, 0, '38.170.171.175', 'https://clallamcounty.mastermanagementcorp.com/contact/', 'Mozilla/5.0 (Macintosh; Intel Mac OS X 12_5) AppleWebKit/537.36 (KHTML, like Gecko) Chrome/114.0.0.0 Safari/537.36 OPR/89.0.4447.51', 'USD', NULL, NULL, NULL, NULL, NULL, NULL, NULL, NULL, 'active', NULL),
(4, 1, NULL, '2024-06-13 10:13:09', '2024-06-13 10:13:09', 0, 0, '154.201.62.207', 'https://clallamcounty.mastermanagementcorp.com/contact/', 'Mozilla/5.0 (Windows NT 10.0; WOW64; x64) AppleWebKit/537.36 (KHTML, like Gecko) Chrome/114.0.0.0 Safari/537.36 OPR/89.0.4447.51', 'USD', NULL, NULL, NULL, NULL, NULL, NULL, NULL, NULL, 'active', NULL),
(5, 1, NULL, '2024-06-17 19:01:41', '2024-06-17 19:01:41', 0, 0, '161.123.101.198', 'https://clallamcounty.mastermanagementcorp.com/contact/', 'Mozilla/5.0 (X11; Linux x86_64) AppleWebKit/537.36 (KHTML, like Gecko) Chrome/114.0.0.0 Safari/537.36 OPR/89.0.4447.51', 'USD', NULL, NULL, NULL, NULL, NULL, NULL, NULL, NULL, 'active', NULL),
(6, 1, NULL, '2024-06-30 19:25:27', '2024-06-30 19:25:27', 0, 0, '45.95.116.12', 'https://clallamcounty.mastermanagementcorp.com/contact/', 'Mozilla/5.0 (Windows NT 10.0) AppleWebKit/537.36 (KHTML, like Gecko) Chrome/114.0.0.0 Safari/537.36', 'USD', NULL, NULL, NULL, NULL, NULL, NULL, NULL, NULL, 'active', NULL),
(7, 1, NULL, '2024-10-20 07:36:11', '2024-10-20 07:36:11', 0, 0, '185.80.130.247', 'https://clallamcounty.mastermanagementcorp.com/contact/', 'Mozilla/5.0 (Macintosh; Intel Mac OS X 12_5) AppleWebKit/537.36 (KHTML, like Gecko) Chrome/114.0.0.0 Safari/537.36 OPR/89.0.4447.51', 'USD', NULL, NULL, NULL, NULL, NULL, NULL, NULL, NULL, 'active', NULL),
(8, 1, NULL, '2025-10-28 21:32:44', '2025-10-28 21:32:44', 0, 0, '196.245.216.122', 'https://clallamcounty.mastermanagementcorp.com/contact/', 'Mozilla/5.0 (Linux x86_64; rv:114.0) Gecko/20100101 Firefox/114.0', 'USD', NULL, NULL, NULL, NULL, NULL, NULL, NULL, NULL, 'active', 268);

-- --------------------------------------------------------

--
-- Table structure for table `wpry_4_gf_entry_meta`
--

CREATE TABLE `wpry_4_gf_entry_meta` (
  `id` bigint UNSIGNED NOT NULL,
  `form_id` mediumint UNSIGNED NOT NULL DEFAULT '0',
  `entry_id` bigint UNSIGNED NOT NULL,
  `meta_key` varchar(255) CHARACTER SET utf8mb4 COLLATE utf8mb4_unicode_520_ci DEFAULT NULL,
  `meta_value` longtext CHARACTER SET utf8mb4 COLLATE utf8mb4_unicode_520_ci,
  `item_index` varchar(60) CHARACTER SET utf8mb4 COLLATE utf8mb4_unicode_520_ci DEFAULT NULL
) ENGINE=InnoDB DEFAULT CHARSET=utf8mb4 COLLATE=utf8mb4_unicode_520_ci;

--
-- Dumping data for table `wpry_4_gf_entry_meta`
--

INSERT INTO `wpry_4_gf_entry_meta` (`id`, `form_id`, `entry_id`, `meta_key`, `meta_value`, `item_index`) VALUES
(1, 1, 1, '1', 'Katy Trilly', ''),
(2, 1, 1, '2', '(815) 687-4220', ''),
(3, 1, 1, '3', 'katytrilly9@gmail.com', ''),
(4, 1, 1, '6', '4560 Spinnaker Lane', ''),
(5, 1, 1, '4', 'Hi,\r\n\r\nWe\'d like to introduce to you our explainer video service, which we feel can benefit your site clallamcounty.mastermanagementcorp.com.\r\n\r\nCheck out some of our existing videos here:\r\nhttps://www.youtube.com/watch?v=bWz-ELfJVEI\r\nhttps://www.youtube.com/watch?v=Y46aNG-Y3rM\r\nhttps://www.youtube.com/watch?v=hJCFX1AjHKk\r\n\r\nAll of our videos are in a similar animated format as the above examples, and we have voice over artists with US/UK/Australian accents.\r\nWe can also produce voice overs in languages other than English.\r\n\r\nThey can show a solution to a problem or simply promote one of your products or services. They are concise, can be uploaded to video sites such as YouTube, and can be embedded into your website or featured on landing pages.\r\n\r\nOur prices are as follows depending on video length:\r\nUp to 1 minute = $239\r\n1-2 minutes = $339\r\n2-3 minutes = $439\r\n\r\n*All prices above are in USD and include a full script, voice-over and video.\r\n\r\nIf this is something you would like to discuss further, don\'t hesitate to reply.\r\n\r\nKind Regards,\r\nKaty', ''),
(6, 1, 2, '1', 'Katy Trilly', ''),
(7, 1, 2, '2', '(807) 347-0454', ''),
(8, 1, 2, '3', 'katytrilly9@gmail.com', ''),
(9, 1, 2, '6', '2357 Nelson Street', ''),
(10, 1, 2, '4', 'Hi,\r\n\r\nWe\'d like to introduce to you our explainer video service, which we feel can benefit your site clallamcounty.mastermanagementcorp.com.\r\n\r\nCheck out some of our existing videos here:\r\nhttps://www.youtube.com/watch?v=zvGF7uRfH04\r\nhttps://www.youtube.com/watch?v=cZPsp217Iik\r\nhttps://www.youtube.com/watch?v=JHfnqS2zpU8\r\n\r\nAll of our videos are in a similar animated format as the above examples, and we have voice over artists with US/UK/Australian accents.\r\nWe can also produce voice overs in languages other than English.\r\n\r\nThey can show a solution to a problem or simply promote one of your products or services. They are concise, can be uploaded to video sites such as YouTube, and can be embedded into your website or featured on landing pages.\r\n\r\nOur prices are as follows depending on video length:\r\nUp to 1 minute = $269\r\n1-2 minutes = $379\r\n2-3 minutes = $489\r\n\r\n*All prices above are in USD and include a full script, voice-over and video.\r\n\r\nIf this is something you would like to discuss further, don\'t hesitate to reply.\r\n\r\nKind Regards,\r\nKaty', ''),
(11, 1, 3, '1', 'Lela Matters', ''),
(12, 1, 3, '2', '(562) 634-9100', ''),
(13, 1, 3, '3', 'paulkimberly1@outlook.com', ''),
(14, 1, 3, '6', '5117 Lakewood Blvd', ''),
(15, 1, 3, '4', 'Discover the Breakthrough Against Diabetes: Revolutionary research from Harvard has empowered over 100,000 people to live a life free of diabetes. You could be next! Uncover the secrets to overcoming diabetes that has amazed doctors worldwide. Click Here to Learn More= https://bit.ly/3VFCADB', ''),
(16, 1, 4, '1', 'Beatris Mussen', ''),
(17, 1, 4, '2', '(562) 634-9100', ''),
(18, 1, 4, '3', 'delicjustin5@gmail.com', ''),
(19, 1, 4, '6', '5117 Lakewood Blvd', ''),
(20, 1, 4, '4', 'BetterHelp Review (2024): Tried And Tested\r\n\r\n\r\nvisit=>  https://bit.ly/3QWRFh4', ''),
(21, 1, 5, '1', 'Phillis Ryder', ''),
(22, 1, 5, '2', '(562) 634-9100', ''),
(23, 1, 5, '3', 'hcncharlescollins109@gmail.com', ''),
(24, 1, 5, '6', '5117 Lakewood Blvd', ''),
(25, 1, 5, '4', 'According to Dr. Rivers, a former NASA neuroscientist, a quick 7-second brain exercise can activate your \"Superbrain\" instantly.\r\n\r\nThis method works by connecting key regions of your brain, which is why my wife said, \"It\'s like a magic wand gave me a superbrain!\" She\'s now recalling things from 20 years ago and experiencing daily lucky breaks.\r\n\r\nIf you want to quickly boost your brainpower and tap into a genius-level IQ, check out this short presentation.\r\n\r\nhttps://bit.ly/4b0dzXJ\r\n\r\nSIGN OFF', ''),
(26, 1, 6, '1', 'Daniella Giraldo', ''),
(27, 1, 6, '2', '(333) 844-9755', ''),
(28, 1, 6, '3', 'daniellagiralda64@gmail.com', ''),
(29, 1, 6, '6', 'Via Nazionale 49', ''),
(30, 1, 6, '4', 'Hi there,\r\n\r\nWe run a YouTube growth service, which increases your number of subscribers both safely and practically. \r\n\r\n- We guarantee to gain you 700-1500+ subscribers per month.\r\n- People subscribe because they are interested in your channel/videos, increasing likes, comments and interaction.\r\n- All actions are made manually by our team. We do not use any \'bots\'.\r\n\r\nThe price is just $60 (USD) per month, and we can start immediately.\r\n\r\nIf you have any questions, let me know, and we can discuss further.\r\n\r\nKind Regards,\r\nDaniella\r\n\r\nUnsubscribe: https://removeme.click/yt/unsubscribe.php?d=clallamcounty.mastermanagementcorp.com', ''),
(31, 1, 7, '1', 'Katelyn Raiden', ''),
(32, 1, 7, '2', '(708) 980-1817', ''),
(33, 1, 7, '3', 'katelynraiden@gmail.com', ''),
(34, 1, 7, '6', '27 Thompsons Lane', ''),
(35, 1, 7, '4', 'Hi there,\r\n\r\nWe run a YouTube growth service, which increases your number of subscribers both safely and practically.\r\n\r\n- We guarantee to gain you 700-1500+ subscribers per month.\r\n- People subscribe because they are interested in your channel/videos, increasing likes, comments and interaction.\r\n- All actions are made manually by our team. We do not use any \'bots\'.\r\n\r\n The price is just $60 (USD) per month, and we can start immediately.\r\n\r\nIf you have any questions, let me know, and we can discuss further.\r\n\r\nKind Regards,\r\nKate\r\n\r\nUnsubscribe: https://removeme.live/unsubscribe.php?d=clallamcounty.mastermanagementcorp.com', ''),
(36, 1, 8, '1', 'Joanna Riggs', ''),
(37, 1, 8, '2', '(395) 583-1118', ''),
(38, 1, 8, '3', 'joannariggsvideo@gmail.com', ''),
(39, 1, 8, '6', '49 Beckenham Rd', ''),
(40, 1, 8, '4', 'Hi,\r\n\r\nI just visited clallamcounty.mastermanagementcorp.com and wondered if you\'d ever thought about having an engaging video to explain what you do?\r\n\r\nOur prices start from just $195 (USD).\r\n\r\nLet me know if you\'re interested in seeing samples of our previous work.\r\n\r\nRegards,\r\nJoanna', '');

-- --------------------------------------------------------

--
-- Table structure for table `wpry_4_gf_entry_notes`
--

CREATE TABLE `wpry_4_gf_entry_notes` (
  `id` int UNSIGNED NOT NULL,
  `entry_id` int UNSIGNED NOT NULL,
  `user_name` varchar(250) CHARACTER SET utf8mb4 COLLATE utf8mb4_unicode_520_ci DEFAULT NULL,
  `user_id` bigint DEFAULT NULL,
  `date_created` datetime NOT NULL,
  `value` longtext CHARACTER SET utf8mb4 COLLATE utf8mb4_unicode_520_ci,
  `note_type` varchar(50) CHARACTER SET utf8mb4 COLLATE utf8mb4_unicode_520_ci DEFAULT NULL,
  `sub_type` varchar(50) CHARACTER SET utf8mb4 COLLATE utf8mb4_unicode_520_ci DEFAULT NULL
) ENGINE=InnoDB DEFAULT CHARSET=utf8mb4 COLLATE=utf8mb4_unicode_520_ci;

--
-- Dumping data for table `wpry_4_gf_entry_notes`
--

INSERT INTO `wpry_4_gf_entry_notes` (`id`, `entry_id`, `user_name`, `user_id`, `date_created`, `value`, `note_type`, `sub_type`) VALUES
(1, 1, 'Admin Notification (ID: 5f10746fa5d08)', 0, '2022-12-11 17:17:22', 'WordPress successfully passed the notification email to the sending server.', 'notification', 'success'),
(2, 2, 'Admin Notification (ID: 5f10746fa5d08)', 0, '2022-12-23 12:12:29', 'WordPress successfully passed the notification email to the sending server.', 'notification', 'success'),
(3, 3, 'Admin Notification (ID: 5f10746fa5d08)', 0, '2024-03-31 02:44:22', 'WordPress successfully passed the notification email to the sending server.', 'notification', 'success'),
(4, 4, 'Admin Notification (ID: 5f10746fa5d08)', 0, '2024-06-13 10:13:10', 'WordPress successfully passed the notification email to the sending server.', 'notification', 'success'),
(5, 5, 'Admin Notification (ID: 5f10746fa5d08)', 0, '2024-06-17 19:01:41', 'WordPress successfully passed the notification email to the sending server.', 'notification', 'success'),
(6, 6, 'Admin Notification (ID: 5f10746fa5d08)', 0, '2024-06-30 19:25:27', 'WordPress successfully passed the notification email to the sending server.', 'notification', 'success'),
(7, 7, 'Admin Notification (ID: 5f10746fa5d08)', 0, '2024-10-20 07:36:11', 'WordPress successfully passed the notification email to the sending server.', 'notification', 'success'),
(8, 8, 'Admin Notification (ID: 5f10746fa5d08)', 0, '2025-10-28 21:32:45', 'WordPress successfully passed the notification email to the sending server.', 'notification', 'success');

-- --------------------------------------------------------

--
-- Table structure for table `wpry_4_gf_form`
--

CREATE TABLE `wpry_4_gf_form` (
  `id` mediumint UNSIGNED NOT NULL,
  `title` varchar(150) CHARACTER SET utf8mb4 COLLATE utf8mb4_unicode_520_ci NOT NULL,
  `date_created` datetime NOT NULL,
  `date_updated` datetime DEFAULT NULL,
  `is_active` tinyint NOT NULL DEFAULT '1',
  `is_trash` tinyint NOT NULL DEFAULT '0'
) ENGINE=InnoDB DEFAULT CHARSET=utf8mb4 COLLATE=utf8mb4_unicode_520_ci;

--
-- Dumping data for table `wpry_4_gf_form`
--

INSERT INTO `wpry_4_gf_form` (`id`, `title`, `date_created`, `date_updated`, `is_active`, `is_trash`) VALUES
(1, 'Contact Us', '2020-08-06 14:43:43', NULL, 1, 0);

-- --------------------------------------------------------

--
-- Table structure for table `wpry_4_gf_form_meta`
--

CREATE TABLE `wpry_4_gf_form_meta` (
  `form_id` mediumint UNSIGNED NOT NULL,
  `display_meta` longtext CHARACTER SET utf8mb4 COLLATE utf8mb4_unicode_520_ci,
  `entries_grid_meta` longtext CHARACTER SET utf8mb4 COLLATE utf8mb4_unicode_520_ci,
  `confirmations` longtext CHARACTER SET utf8mb4 COLLATE utf8mb4_unicode_520_ci,
  `notifications` longtext CHARACTER SET utf8mb4 COLLATE utf8mb4_unicode_520_ci
) ENGINE=InnoDB DEFAULT CHARSET=utf8mb4 COLLATE=utf8mb4_unicode_520_ci;

--
-- Dumping data for table `wpry_4_gf_form_meta`
--

INSERT INTO `wpry_4_gf_form_meta` (`form_id`, `display_meta`, `entries_grid_meta`, `confirmations`, `notifications`) VALUES
(1, '{\"title\":\"Contact Us\",\"description\":\"\",\"labelPlacement\":\"left_label\",\"descriptionPlacement\":\"below\",\"button\":{\"type\":\"text\",\"text\":\"Submit\",\"imageUrl\":\"\"},\"fields\":[{\"type\":\"text\",\"id\":1,\"label\":\"Name\",\"adminLabel\":\"\",\"isRequired\":true,\"size\":\"large\",\"errorMessage\":\"\",\"visibility\":\"visible\",\"inputs\":null,\"formId\":1,\"description\":\"\",\"allowsPrepopulate\":false,\"inputMask\":false,\"inputMaskValue\":\"\",\"inputMaskIsCustom\":false,\"maxLength\":\"\",\"inputType\":\"\",\"labelPlacement\":\"\",\"descriptionPlacement\":\"\",\"subLabelPlacement\":\"\",\"placeholder\":\"\",\"cssClass\":\"\",\"inputName\":\"\",\"noDuplicates\":false,\"defaultValue\":\"\",\"choices\":\"\",\"conditionalLogic\":\"\",\"productField\":\"\",\"enablePasswordInput\":\"\",\"multipleFiles\":false,\"maxFiles\":\"\",\"calculationFormula\":\"\",\"calculationRounding\":\"\",\"enableCalculation\":\"\",\"disableQuantity\":false,\"displayAllCategories\":false,\"useRichTextEditor\":false,\"fields\":\"\",\"displayOnly\":\"\",\"pageNumber\":1},{\"type\":\"phone\",\"id\":2,\"label\":\"Phone\",\"adminLabel\":\"\",\"isRequired\":true,\"size\":\"large\",\"errorMessage\":\"\",\"visibility\":\"visible\",\"inputs\":null,\"phoneFormat\":\"standard\",\"formId\":1,\"description\":\"\",\"allowsPrepopulate\":false,\"inputMask\":false,\"inputMaskValue\":\"\",\"inputMaskIsCustom\":false,\"maxLength\":\"\",\"inputType\":\"\",\"labelPlacement\":\"\",\"descriptionPlacement\":\"\",\"subLabelPlacement\":\"\",\"placeholder\":\"\",\"cssClass\":\"\",\"inputName\":\"\",\"noDuplicates\":false,\"defaultValue\":\"\",\"choices\":\"\",\"conditionalLogic\":\"\",\"productField\":\"\",\"multipleFiles\":false,\"maxFiles\":\"\",\"calculationFormula\":\"\",\"calculationRounding\":\"\",\"enableCalculation\":\"\",\"disableQuantity\":false,\"displayAllCategories\":false,\"useRichTextEditor\":false,\"fields\":\"\",\"displayOnly\":\"\",\"pageNumber\":1},{\"type\":\"email\",\"id\":3,\"label\":\"Email\",\"adminLabel\":\"\",\"isRequired\":true,\"size\":\"large\",\"errorMessage\":\"\",\"visibility\":\"visible\",\"inputs\":null,\"formId\":1,\"description\":\"\",\"allowsPrepopulate\":false,\"inputMask\":false,\"inputMaskValue\":\"\",\"inputMaskIsCustom\":false,\"maxLength\":\"\",\"inputType\":\"\",\"labelPlacement\":\"\",\"descriptionPlacement\":\"\",\"subLabelPlacement\":\"\",\"placeholder\":\"\",\"cssClass\":\"\",\"inputName\":\"\",\"noDuplicates\":false,\"defaultValue\":\"\",\"choices\":\"\",\"conditionalLogic\":\"\",\"productField\":\"\",\"emailConfirmEnabled\":\"\",\"multipleFiles\":false,\"maxFiles\":\"\",\"calculationFormula\":\"\",\"calculationRounding\":\"\",\"enableCalculation\":\"\",\"disableQuantity\":false,\"displayAllCategories\":false,\"useRichTextEditor\":false,\"fields\":\"\",\"displayOnly\":\"\",\"pageNumber\":1},{\"type\":\"text\",\"id\":6,\"label\":\"Address\",\"adminLabel\":\"\",\"isRequired\":false,\"size\":\"large\",\"errorMessage\":\"\",\"visibility\":\"visible\",\"inputs\":null,\"formId\":1,\"description\":\"\",\"allowsPrepopulate\":false,\"inputMask\":false,\"inputMaskValue\":\"\",\"inputMaskIsCustom\":false,\"maxLength\":\"\",\"inputType\":\"\",\"labelPlacement\":\"\",\"descriptionPlacement\":\"\",\"subLabelPlacement\":\"\",\"placeholder\":\"\",\"cssClass\":\"\",\"inputName\":\"\",\"noDuplicates\":false,\"defaultValue\":\"\",\"choices\":\"\",\"conditionalLogic\":\"\",\"productField\":\"\",\"enablePasswordInput\":\"\",\"multipleFiles\":false,\"maxFiles\":\"\",\"calculationFormula\":\"\",\"calculationRounding\":\"\",\"enableCalculation\":\"\",\"disableQuantity\":false,\"displayAllCategories\":false,\"useRichTextEditor\":false,\"fields\":\"\",\"displayOnly\":\"\",\"pageNumber\":1},{\"type\":\"textarea\",\"id\":4,\"label\":\"Message\",\"adminLabel\":\"\",\"isRequired\":false,\"size\":\"medium\",\"errorMessage\":\"\",\"visibility\":\"visible\",\"inputs\":null,\"formId\":1,\"description\":\"\",\"allowsPrepopulate\":false,\"inputMask\":false,\"inputMaskValue\":\"\",\"inputMaskIsCustom\":false,\"maxLength\":\"\",\"inputType\":\"\",\"labelPlacement\":\"\",\"descriptionPlacement\":\"\",\"subLabelPlacement\":\"\",\"placeholder\":\"\",\"cssClass\":\"\",\"inputName\":\"\",\"noDuplicates\":false,\"defaultValue\":\"\",\"choices\":\"\",\"conditionalLogic\":\"\",\"productField\":\"\",\"form_id\":\"\",\"useRichTextEditor\":false,\"multipleFiles\":false,\"maxFiles\":\"\",\"calculationFormula\":\"\",\"calculationRounding\":\"\",\"enableCalculation\":\"\",\"disableQuantity\":false,\"displayAllCategories\":false,\"fields\":\"\",\"displayOnly\":\"\",\"pageNumber\":1},{\"type\":\"captcha\",\"id\":7,\"label\":\"CAPTCHA\",\"adminLabel\":\"\",\"isRequired\":false,\"size\":\"medium\",\"errorMessage\":\"\",\"visibility\":\"visible\",\"inputs\":null,\"displayOnly\":true,\"formId\":1,\"description\":\"\",\"allowsPrepopulate\":false,\"inputMask\":false,\"inputMaskValue\":\"\",\"inputMaskIsCustom\":\"\",\"maxLength\":\"\",\"inputType\":\"\",\"labelPlacement\":\"\",\"descriptionPlacement\":\"\",\"subLabelPlacement\":\"\",\"placeholder\":\"\",\"cssClass\":\"\",\"inputName\":\"\",\"noDuplicates\":false,\"defaultValue\":\"\",\"choices\":\"\",\"conditionalLogic\":\"\",\"productField\":\"\",\"captchaType\":\"\",\"captchaTheme\":\"\",\"fields\":\"\",\"pageNumber\":1}],\"version\":\"2.4.19\",\"id\":1,\"nextFieldId\":8,\"useCurrentUserAsAuthor\":true,\"postContentTemplateEnabled\":false,\"postTitleTemplateEnabled\":false,\"postTitleTemplate\":\"\",\"postContentTemplate\":\"\",\"lastPageButton\":null,\"pagination\":null,\"firstPageCssClass\":null,\"subLabelPlacement\":\"below\",\"cssClass\":\"\",\"enableHoneypot\":false,\"enableAnimation\":false,\"save\":{\"enabled\":false,\"button\":{\"type\":\"link\",\"text\":\"Save and Continue Later\"}},\"limitEntries\":false,\"limitEntriesCount\":\"\",\"limitEntriesPeriod\":\"\",\"limitEntriesMessage\":\"\",\"scheduleForm\":false,\"scheduleStart\":\"\",\"scheduleStartHour\":\"\",\"scheduleStartMinute\":\"\",\"scheduleStartAmpm\":\"\",\"scheduleEnd\":\"\",\"scheduleEndHour\":\"\",\"scheduleEndMinute\":\"\",\"scheduleEndAmpm\":\"\",\"schedulePendingMessage\":\"\",\"scheduleMessage\":\"\",\"requireLogin\":false,\"requireLoginMessage\":\"\"}', NULL, '{\"5f10746fa8bbd\":{\"id\":\"5f10746fa8bbd\",\"name\":\"Default Confirmation\",\"isDefault\":true,\"type\":\"message\",\"message\":\"Thanks for contacting us! We will get in touch with you shortly.\",\"url\":\"\",\"pageId\":\"\",\"queryString\":\"\"}}', '{\"5f10746fa5d08\":{\"isActive\":true,\"name\":\"Admin Notification\",\"service\":\"wordpress\",\"event\":\"form_submission\",\"to\":\"Laura@MasterManagementCorp.com\",\"toType\":\"email\",\"cc\":\"\",\"bcc\":\"\",\"subject\":\"New submission from {form_title}\",\"message\":\"{all_fields}\",\"from\":\"{admin_email}\",\"fromName\":\"\",\"replyTo\":\"\",\"routing\":null,\"conditionalLogic\":null,\"disableAutoformat\":false,\"enableAttachments\":false,\"id\":\"5f10746fa5d08\"}}');

-- --------------------------------------------------------

--
-- Table structure for table `wpry_4_gf_form_revisions`
--

CREATE TABLE `wpry_4_gf_form_revisions` (
  `id` bigint UNSIGNED NOT NULL,
  `form_id` mediumint UNSIGNED NOT NULL,
  `display_meta` longtext CHARACTER SET utf8mb4 COLLATE utf8mb4_unicode_520_ci,
  `date_created` datetime NOT NULL
) ENGINE=InnoDB DEFAULT CHARSET=utf8mb4 COLLATE=utf8mb4_unicode_520_ci;

-- --------------------------------------------------------

--
-- Table structure for table `wpry_4_gf_form_view`
--

CREATE TABLE `wpry_4_gf_form_view` (
  `id` bigint UNSIGNED NOT NULL,
  `form_id` mediumint UNSIGNED NOT NULL,
  `date_created` datetime NOT NULL,
  `ip` char(15) CHARACTER SET utf8mb4 COLLATE utf8mb4_unicode_520_ci DEFAULT NULL,
  `count` mediumint UNSIGNED NOT NULL DEFAULT '1'
) ENGINE=InnoDB DEFAULT CHARSET=utf8mb4 COLLATE=utf8mb4_unicode_520_ci;

--
-- Dumping data for table `wpry_4_gf_form_view`
--

INSERT INTO `wpry_4_gf_form_view` (`id`, `form_id`, `date_created`, `ip`, `count`) VALUES
(1, 1, '2020-08-08 17:32:00', '', 2),
(2, 1, '2020-08-09 22:15:38', '', 1),
(3, 1, '2020-08-11 22:53:29', '', 3),
(4, 1, '2020-08-13 08:12:06', '', 1),
(5, 1, '2020-08-15 13:11:45', '', 1),
(6, 1, '2020-08-18 03:07:56', '', 1),
(7, 1, '2020-08-20 13:11:23', '', 3),
(8, 1, '2020-08-26 23:13:28', '', 2),
(9, 1, '2020-08-28 03:11:28', '', 1),
(10, 1, '2020-08-29 23:40:22', '', 1),
(11, 1, '2020-09-01 19:18:12', '', 2),
(12, 1, '2020-09-05 02:07:40', '', 2),
(13, 1, '2020-09-07 03:48:40', '', 1),
(14, 1, '2020-09-09 20:56:43', '', 1),
(15, 1, '2020-09-11 05:43:28', '', 2),
(16, 1, '2020-09-13 19:42:16', '', 4),
(17, 1, '2020-09-15 04:26:55', '', 2),
(18, 1, '2020-09-16 04:26:58', '', 3),
(19, 1, '2020-09-17 11:37:34', '', 1),
(20, 1, '2020-09-22 02:15:34', '', 1),
(21, 1, '2020-09-25 11:37:21', '', 1),
(22, 1, '2020-09-27 07:29:05', '', 1),
(23, 1, '2020-09-28 10:03:59', '', 1),
(24, 1, '2020-09-30 01:34:48', '', 1),
(25, 1, '2020-10-03 00:44:55', '', 1),
(26, 1, '2020-10-08 08:23:13', '', 2),
(27, 1, '2020-10-10 02:34:52', '', 2),
(28, 1, '2020-10-11 03:06:07', '', 1),
(29, 1, '2020-10-12 04:35:21', '', 1),
(30, 1, '2020-10-13 15:48:20', '', 1),
(31, 1, '2020-10-16 14:30:54', '', 2),
(32, 1, '2020-10-17 17:53:06', '', 3),
(33, 1, '2020-10-20 20:42:26', '', 1),
(34, 1, '2020-10-24 03:16:09', '', 1),
(35, 1, '2020-10-27 09:14:45', '', 1),
(36, 1, '2020-11-03 12:40:18', '', 2),
(37, 1, '2020-11-07 12:28:49', '', 1),
(38, 1, '2020-11-11 19:15:25', '', 2),
(39, 1, '2020-11-13 01:55:51', '', 1),
(40, 1, '2020-11-15 12:09:33', '', 1),
(41, 1, '2020-11-19 06:33:24', '', 1),
(42, 1, '2020-11-21 18:04:45', '', 2),
(43, 1, '2020-11-23 03:47:19', '', 1),
(44, 1, '2020-11-26 04:53:40', '', 1),
(45, 1, '2020-11-30 15:12:53', '', 3),
(46, 1, '2020-12-01 22:39:28', '', 1),
(47, 1, '2020-12-03 00:52:20', '', 1),
(48, 1, '2020-12-13 17:29:26', '', 2),
(49, 1, '2020-12-15 19:56:54', '', 3),
(50, 1, '2020-12-20 11:57:16', '', 2),
(51, 1, '2020-12-24 05:47:12', '', 2),
(52, 1, '2020-12-26 08:52:26', '', 1),
(53, 1, '2020-12-28 14:29:52', '', 1),
(54, 1, '2020-12-31 14:23:02', '', 1),
(55, 1, '2021-01-04 01:28:46', '', 2),
(56, 1, '2021-01-05 05:31:11', '', 3),
(57, 1, '2021-01-07 16:19:23', '', 1),
(58, 1, '2021-01-10 07:49:35', '', 3),
(59, 1, '2021-01-13 10:07:50', '', 1),
(60, 1, '2021-01-19 00:01:14', '', 2),
(61, 1, '2021-01-20 08:30:44', '', 2),
(62, 1, '2021-01-22 00:43:25', '', 1),
(63, 1, '2021-01-23 03:18:09', '', 1),
(64, 1, '2021-01-25 04:08:24', '', 5),
(65, 1, '2021-02-01 09:06:46', '', 3),
(66, 1, '2021-02-03 12:03:19', '', 2),
(67, 1, '2021-02-06 05:51:29', '', 2),
(68, 1, '2021-02-07 09:03:50', '', 1),
(69, 1, '2021-02-09 02:24:02', '', 2),
(70, 1, '2021-02-12 11:20:04', '', 3),
(71, 1, '2021-02-13 22:50:47', '', 1),
(72, 1, '2021-02-16 16:16:17', '', 2),
(73, 1, '2021-02-18 00:21:07', '', 2),
(74, 1, '2021-02-20 20:44:59', '', 1),
(75, 1, '2021-02-23 01:08:02', '', 2),
(76, 1, '2021-02-24 01:54:55', '', 1),
(77, 1, '2021-02-27 03:36:53', '', 2),
(78, 1, '2021-02-28 09:45:36', '', 1),
(79, 1, '2021-03-07 20:26:34', '', 2),
(80, 1, '2021-03-11 21:42:37', '', 1),
(81, 1, '2021-03-14 00:02:28', '', 1),
(82, 1, '2021-03-15 07:45:39', '', 1),
(83, 1, '2021-03-18 06:44:34', '', 1),
(84, 1, '2021-03-19 10:59:40', '', 1),
(85, 1, '2021-03-21 15:03:07', '', 1),
(86, 1, '2021-03-23 17:11:44', '', 1),
(87, 1, '2021-03-26 04:34:44', '', 2),
(88, 1, '2021-04-02 10:25:33', '', 2),
(89, 1, '2021-04-04 02:29:29', '', 1),
(90, 1, '2021-04-06 16:09:10', '', 5),
(91, 1, '2021-04-09 23:22:04', '', 2),
(92, 1, '2021-04-11 09:43:39', '', 1),
(93, 1, '2021-04-16 17:21:11', '', 1),
(94, 1, '2021-04-18 13:10:13', '', 1),
(95, 1, '2021-04-20 10:16:51', '', 2),
(96, 1, '2021-04-22 13:34:49', '', 1),
(97, 1, '2021-04-25 16:39:16', '', 3),
(98, 1, '2021-04-30 05:18:58', '', 1),
(99, 1, '2021-05-01 14:06:27', '', 1),
(100, 1, '2021-05-05 03:55:00', '', 1),
(101, 1, '2021-05-06 19:13:41', '', 1),
(102, 1, '2021-05-16 21:21:15', '', 2),
(103, 1, '2021-05-21 10:34:02', '', 3),
(104, 1, '2021-05-24 16:26:27', '', 3),
(105, 1, '2021-05-26 07:12:33', '', 1),
(106, 1, '2021-05-27 09:39:01', '', 2),
(107, 1, '2021-06-07 03:32:10', '', 1),
(108, 1, '2021-06-08 07:01:26', '', 3),
(109, 1, '2021-06-10 00:20:13', '', 1),
(110, 1, '2021-06-14 04:57:41', '', 1),
(111, 1, '2021-06-16 23:25:34', '', 2),
(112, 1, '2021-06-21 11:31:43', '', 1),
(113, 1, '2021-06-26 16:18:00', '', 1),
(114, 1, '2021-06-29 03:53:17', '', 2),
(115, 1, '2021-07-03 11:13:20', '', 1),
(116, 1, '2021-07-05 23:17:53', '', 1),
(117, 1, '2021-07-07 12:19:26', '', 4),
(118, 1, '2021-07-09 15:36:12', '', 1),
(119, 1, '2021-07-15 21:26:56', '', 2),
(120, 1, '2021-07-17 03:15:56', '', 2),
(121, 1, '2021-07-18 06:10:39', '', 1),
(122, 1, '2021-07-20 20:31:20', '', 2),
(123, 1, '2021-07-25 16:11:12', '', 2),
(124, 1, '2021-07-29 22:16:02', '', 1),
(125, 1, '2021-08-03 19:48:03', '', 1),
(126, 1, '2021-08-08 01:06:17', '', 2),
(127, 1, '2021-08-09 21:27:03', '', 3),
(128, 1, '2021-08-12 22:36:08', '', 2),
(129, 1, '2021-08-15 11:31:40', '', 2),
(130, 1, '2021-08-17 09:59:50', '', 1),
(131, 1, '2021-08-18 18:46:53', '', 1),
(132, 1, '2021-08-21 08:24:14', '', 2),
(133, 1, '2021-08-23 05:08:55', '', 3),
(134, 1, '2021-08-28 14:37:49', '', 2),
(135, 1, '2021-09-01 09:06:48', '', 1),
(136, 1, '2021-09-05 04:32:24', '', 1),
(137, 1, '2021-09-07 07:09:04', '', 1),
(138, 1, '2021-09-10 13:30:31', '', 2),
(139, 1, '2021-09-14 04:31:54', '', 1),
(140, 1, '2021-09-15 16:45:32', '', 1),
(141, 1, '2021-09-19 04:07:43', '', 3),
(142, 1, '2021-09-20 20:54:00', '', 3),
(143, 1, '2021-09-24 20:40:18', '', 1),
(144, 1, '2021-09-26 14:11:51', '', 1),
(145, 1, '2021-09-27 22:06:06', '', 1),
(146, 1, '2021-09-29 00:19:36', '', 1),
(147, 1, '2021-10-08 06:48:35', '', 1),
(148, 1, '2021-10-16 06:38:26', '', 1),
(149, 1, '2021-10-17 20:21:44', '', 1),
(150, 1, '2021-10-18 21:04:21', '', 2),
(151, 1, '2021-10-19 22:46:05', '', 1),
(152, 1, '2021-10-21 04:50:34', '', 1),
(153, 1, '2021-10-22 12:35:48', '', 2),
(154, 1, '2021-10-24 12:45:24', '', 1),
(155, 1, '2021-10-27 11:52:25', '', 1),
(156, 1, '2021-10-29 04:31:27', '', 2),
(157, 1, '2021-10-30 05:46:22', '', 1),
(158, 1, '2021-10-31 18:41:06', '', 1),
(159, 1, '2021-11-06 02:27:07', '', 1),
(160, 1, '2021-11-14 18:47:04', '', 4),
(161, 1, '2021-11-18 02:16:42', '', 2),
(162, 1, '2021-11-19 23:00:49', '', 1),
(163, 1, '2021-11-22 16:05:21', '', 2),
(164, 1, '2021-11-23 16:07:48', '', 1),
(165, 1, '2021-11-25 07:25:43', '', 2),
(166, 1, '2021-11-28 15:49:20', '', 1),
(167, 1, '2021-12-01 15:26:51', '', 1),
(168, 1, '2021-12-06 06:15:19', '', 1),
(169, 1, '2021-12-07 22:51:18', '', 3),
(170, 1, '2021-12-10 18:07:36', '', 1),
(171, 1, '2021-12-13 04:31:56', '', 1),
(172, 1, '2021-12-14 17:57:28', '', 2),
(173, 1, '2021-12-16 06:52:27', '', 1),
(174, 1, '2021-12-23 13:40:53', '', 2),
(175, 1, '2021-12-25 09:09:13', '', 1),
(176, 1, '2021-12-26 16:40:08', '', 1),
(177, 1, '2021-12-27 23:16:45', '', 1),
(178, 1, '2021-12-30 02:40:36', '', 2),
(179, 1, '2021-12-31 19:10:53', '', 4),
(180, 1, '2022-01-03 04:00:59', '', 1),
(181, 1, '2022-01-11 20:49:47', '', 2),
(182, 1, '2022-01-14 21:54:22', '', 1),
(183, 1, '2022-01-18 07:15:14', '', 1),
(184, 1, '2022-01-20 07:18:35', '', 2),
(185, 1, '2022-01-21 09:59:16', '', 3),
(186, 1, '2022-01-22 16:06:28', '', 1),
(187, 1, '2022-01-24 05:24:14', '', 2),
(188, 1, '2022-01-27 00:36:22', '', 4),
(189, 1, '2022-01-31 20:44:39', '', 2),
(190, 1, '2022-02-04 11:18:00', '', 5),
(191, 1, '2022-02-11 05:06:14', '', 1),
(192, 1, '2022-02-13 01:25:16', '', 1),
(193, 1, '2022-02-14 09:40:58', '', 1),
(194, 1, '2022-02-17 06:38:02', '', 1),
(195, 1, '2022-02-18 08:39:52', '', 3),
(196, 1, '2022-02-24 05:10:29', '', 2),
(197, 1, '2022-02-26 01:44:21', '', 2),
(198, 1, '2022-02-28 08:12:36', '', 1),
(199, 1, '2022-03-02 07:55:05', '', 3),
(200, 1, '2022-03-03 19:06:40', '', 1),
(201, 1, '2022-03-08 21:56:41', '', 1),
(202, 1, '2022-03-11 14:07:24', '', 2),
(203, 1, '2022-03-12 15:55:05', '', 3),
(204, 1, '2022-03-14 12:56:34', '', 2),
(205, 1, '2022-03-16 23:53:03', '', 1),
(206, 1, '2022-03-22 20:22:58', '', 2),
(207, 1, '2022-03-25 16:59:52', '', 3),
(208, 1, '2022-03-27 04:28:22', '', 2),
(209, 1, '2022-03-29 19:01:45', '', 1),
(210, 1, '2022-04-01 15:19:56', '', 2),
(211, 1, '2022-04-03 06:12:09', '', 2),
(212, 1, '2022-04-04 20:12:09', '', 2),
(213, 1, '2022-04-09 02:50:15', '', 2),
(214, 1, '2022-04-11 22:41:54', '', 2),
(215, 1, '2022-04-13 19:39:40', '', 2),
(216, 1, '2022-04-15 20:56:23', '', 3),
(217, 1, '2022-04-17 00:53:36', '', 2),
(218, 1, '2022-04-18 15:25:19', '', 1),
(219, 1, '2022-04-19 20:40:58', '', 1),
(220, 1, '2022-04-20 20:45:34', '', 1),
(221, 1, '2022-04-21 20:58:26', '', 3),
(222, 1, '2022-04-23 01:44:12', '', 1),
(223, 1, '2022-04-25 04:00:53', '', 3),
(224, 1, '2022-04-26 05:12:01', '', 5),
(225, 1, '2022-04-27 19:11:22', '', 3),
(226, 1, '2022-04-29 03:16:08', '', 1),
(227, 1, '2022-04-30 08:19:19', '', 1),
(228, 1, '2022-05-03 19:08:20', '', 1),
(229, 1, '2022-05-09 04:22:11', '', 2),
(230, 1, '2022-05-12 14:52:38', '', 1),
(231, 1, '2022-05-14 10:44:42', '', 1),
(232, 1, '2022-05-16 17:11:37', '', 5),
(233, 1, '2022-05-18 21:55:29', '', 3),
(234, 1, '2022-05-20 08:05:37', '', 1),
(235, 1, '2022-05-23 00:28:28', '', 1),
(236, 1, '2022-05-25 14:41:41', '', 1),
(237, 1, '2022-05-27 16:56:12', '', 2),
(238, 1, '2022-05-28 19:14:15', '', 4),
(239, 1, '2022-06-04 02:01:38', '', 2),
(240, 1, '2022-06-05 15:59:29', '', 2),
(241, 1, '2022-06-10 03:10:29', '', 4),
(242, 1, '2022-06-11 21:33:06', '', 2),
(243, 1, '2022-06-13 18:29:20', '', 2),
(244, 1, '2022-06-24 11:37:37', '', 1),
(245, 1, '2022-06-28 00:38:19', '', 1),
(246, 1, '2022-06-29 20:23:08', '', 1),
(247, 1, '2022-07-04 22:34:43', '', 1),
(248, 1, '2022-07-06 22:48:49', '', 1),
(249, 1, '2022-07-09 14:03:39', '', 1),
(250, 1, '2022-07-13 07:38:34', '', 2),
(251, 1, '2022-07-14 09:22:27', '', 2),
(252, 1, '2022-07-21 15:50:43', '', 1),
(253, 1, '2022-07-23 02:59:36', '', 3),
(254, 1, '2022-07-24 21:02:39', '', 1),
(255, 1, '2022-07-26 07:57:00', '', 1),
(256, 1, '2022-07-27 22:15:59', '', 1),
(257, 1, '2022-07-31 00:54:57', '', 1),
(258, 1, '2022-08-01 08:57:56', '', 1),
(259, 1, '2022-08-02 22:02:04', '', 2),
(260, 1, '2022-08-05 14:26:13', '', 1),
(261, 1, '2022-08-10 10:31:12', '', 3),
(262, 1, '2022-08-12 03:39:48', '', 2),
(263, 1, '2022-08-13 07:12:01', '', 1),
(264, 1, '2022-08-16 01:18:32', '', 2),
(265, 1, '2022-08-17 06:35:04', '', 1),
(266, 1, '2022-08-21 22:13:47', '', 2),
(267, 1, '2022-08-25 20:44:02', '', 1),
(268, 1, '2022-08-31 20:29:53', '', 2),
(269, 1, '2022-09-06 14:51:52', '', 1),
(270, 1, '2022-09-07 15:38:54', '', 2),
(271, 1, '2022-09-10 09:17:41', '', 1),
(272, 1, '2022-09-12 05:20:47', '', 3),
(273, 1, '2022-09-15 06:29:20', '', 1),
(274, 1, '2022-09-17 06:20:28', '', 2),
(275, 1, '2022-09-29 02:16:20', '', 1),
(276, 1, '2022-10-02 05:37:33', '', 1),
(277, 1, '2022-10-04 21:09:11', '', 1),
(278, 1, '2022-10-05 22:06:16', '', 1),
(279, 1, '2022-10-07 12:04:56', '', 1),
(280, 1, '2022-10-09 12:30:57', '', 1),
(281, 1, '2022-10-12 22:22:59', '', 2),
(282, 1, '2022-10-16 19:22:10', '', 1),
(283, 1, '2022-10-18 08:31:18', '', 1),
(284, 1, '2022-10-20 15:42:41', '', 1),
(285, 1, '2022-10-22 13:46:51', '', 1),
(286, 1, '2022-10-26 00:29:35', '', 2),
(287, 1, '2022-10-28 06:36:07', '', 1),
(288, 1, '2022-10-30 01:26:37', '', 1),
(289, 1, '2022-11-01 20:51:48', '', 1),
(290, 1, '2022-11-04 03:33:23', '', 1),
(291, 1, '2022-11-05 14:13:29', '', 1),
(292, 1, '2022-11-09 07:10:04', '', 1),
(293, 1, '2022-11-14 09:12:50', '', 1),
(294, 1, '2022-11-21 17:48:46', '', 1),
(295, 1, '2022-11-23 23:27:51', '', 1),
(296, 1, '2022-11-30 23:13:01', '', 1),
(297, 1, '2022-12-05 02:40:31', '', 1),
(298, 1, '2022-12-11 05:21:54', '', 2),
(299, 1, '2022-12-12 18:13:13', '', 2),
(300, 1, '2022-12-14 17:52:36', '', 2),
(301, 1, '2022-12-17 23:22:18', '', 1),
(302, 1, '2022-12-23 12:10:12', '', 1),
(303, 1, '2022-12-26 22:59:37', '', 1),
(304, 1, '2022-12-30 05:25:57', '', 1),
(305, 1, '2023-01-02 02:41:48', '', 1),
(306, 1, '2023-01-04 09:59:19', '', 1),
(307, 1, '2023-01-06 18:50:03', '', 1),
(308, 1, '2023-01-08 05:20:06', '', 1),
(309, 1, '2023-01-10 05:55:46', '', 2),
(310, 1, '2023-01-11 14:29:04', '', 1),
(311, 1, '2023-01-16 10:56:49', '', 1),
(312, 1, '2023-01-19 15:21:07', '', 1),
(313, 1, '2023-01-23 02:03:55', '', 2),
(314, 1, '2023-01-27 18:25:34', '', 1),
(315, 1, '2023-01-29 06:27:45', '', 2),
(316, 1, '2023-02-06 04:49:45', '', 1),
(317, 1, '2023-02-12 05:23:52', '', 1),
(318, 1, '2023-02-17 05:59:07', '', 1),
(319, 1, '2023-02-21 08:29:05', '', 2),
(320, 1, '2023-02-23 05:44:08', '', 1),
(321, 1, '2023-02-27 05:04:20', '', 1),
(322, 1, '2023-02-28 06:37:03', '', 1),
(323, 1, '2023-03-04 03:44:21', '', 1),
(324, 1, '2023-03-11 03:22:00', '', 1),
(325, 1, '2023-03-16 21:51:40', '', 2),
(326, 1, '2023-03-18 16:06:23', '', 2),
(327, 1, '2023-03-20 15:47:00', '', 1),
(328, 1, '2023-03-22 09:49:05', '', 1),
(329, 1, '2023-03-25 14:54:38', '', 2),
(330, 1, '2023-03-30 21:50:55', '', 1),
(331, 1, '2023-04-09 02:29:43', '', 1),
(332, 1, '2023-04-11 16:01:22', '', 1),
(333, 1, '2023-04-12 20:17:43', '', 1),
(334, 1, '2023-04-14 07:55:21', '', 1),
(335, 1, '2023-04-17 02:13:39', '', 1),
(336, 1, '2023-04-21 11:59:32', '', 1),
(337, 1, '2023-05-02 20:32:31', '', 1),
(338, 1, '2023-05-05 18:25:52', '', 1),
(339, 1, '2023-05-14 20:43:17', '', 1),
(340, 1, '2023-05-16 06:48:33', '', 1),
(341, 1, '2023-05-21 17:02:39', '', 1),
(342, 1, '2023-05-29 08:04:42', '', 2),
(343, 1, '2023-05-31 15:40:31', '', 2),
(344, 1, '2023-06-02 13:21:57', '', 2),
(345, 1, '2023-06-04 02:29:38', '', 1),
(346, 1, '2023-06-09 23:18:43', '', 1),
(347, 1, '2023-06-16 12:46:03', '', 1),
(348, 1, '2023-06-21 13:38:39', '', 2),
(349, 1, '2023-06-29 14:10:35', '', 1),
(350, 1, '2023-07-02 03:16:56', '', 1),
(351, 1, '2023-07-03 16:51:05', '', 1),
(352, 1, '2023-07-07 18:07:29', '', 2),
(353, 1, '2023-07-11 03:43:12', '', 2),
(354, 1, '2023-07-14 22:31:14', '', 2),
(355, 1, '2023-07-16 07:15:06', '', 2),
(356, 1, '2023-07-18 16:39:42', '', 1),
(357, 1, '2023-07-20 09:46:23', '', 1),
(358, 1, '2023-07-22 00:41:35', '', 1),
(359, 1, '2023-07-23 18:25:07', '', 1),
(360, 1, '2023-07-29 00:54:33', '', 1),
(361, 1, '2023-08-02 11:55:26', '', 1),
(362, 1, '2023-08-05 01:13:52', '', 2),
(363, 1, '2023-08-06 10:22:55', '', 2),
(364, 1, '2023-08-07 12:02:13', '', 1),
(365, 1, '2023-10-31 07:30:04', '', 1),
(366, 1, '2024-04-25 09:49:12', '', 1),
(367, 1, '2024-06-01 15:15:50', '', 1),
(368, 1, '2024-08-01 11:48:05', '', 1),
(369, 1, '2024-08-08 18:44:27', '', 1),
(370, 1, '2024-08-14 15:17:37', '', 1),
(371, 1, '2024-08-16 14:11:46', '', 1),
(372, 1, '2024-08-18 13:25:53', '', 1),
(373, 1, '2024-08-25 10:37:45', '', 1),
(374, 1, '2024-09-03 20:12:21', '', 1),
(375, 1, '2024-09-08 09:26:41', '', 1),
(376, 1, '2024-09-11 19:54:36', '', 1),
(377, 1, '2024-09-14 09:04:06', '', 1),
(378, 1, '2024-09-15 11:54:53', '', 1),
(379, 1, '2024-09-17 12:29:06', '', 1),
(380, 1, '2024-09-20 12:10:56', '', 1),
(381, 1, '2024-09-22 13:13:55', '', 2),
(382, 1, '2024-09-27 11:03:57', '', 1),
(383, 1, '2024-10-12 10:47:27', '', 1),
(384, 1, '2024-10-16 11:48:30', '', 1),
(385, 1, '2024-10-19 10:30:58', '', 1),
(386, 1, '2024-10-23 10:19:35', '', 1),
(387, 1, '2024-10-26 12:57:24', '', 1),
(388, 1, '2024-10-29 11:20:16', '', 1);

-- --------------------------------------------------------

--
-- Table structure for table `wpry_4_gf_rest_api_keys`
--

CREATE TABLE `wpry_4_gf_rest_api_keys` (
  `key_id` bigint UNSIGNED NOT NULL,
  `user_id` bigint UNSIGNED NOT NULL,
  `description` varchar(200) CHARACTER SET utf8mb4 COLLATE utf8mb4_unicode_520_ci DEFAULT NULL,
  `permissions` varchar(10) CHARACTER SET utf8mb4 COLLATE utf8mb4_unicode_520_ci NOT NULL,
  `consumer_key` char(64) CHARACTER SET utf8mb4 COLLATE utf8mb4_unicode_520_ci NOT NULL,
  `consumer_secret` char(43) CHARACTER SET utf8mb4 COLLATE utf8mb4_unicode_520_ci NOT NULL,
  `nonces` longtext CHARACTER SET utf8mb4 COLLATE utf8mb4_unicode_520_ci,
  `truncated_key` char(7) CHARACTER SET utf8mb4 COLLATE utf8mb4_unicode_520_ci NOT NULL,
  `last_access` datetime DEFAULT NULL
) ENGINE=InnoDB DEFAULT CHARSET=utf8mb4 COLLATE=utf8mb4_unicode_520_ci;

-- --------------------------------------------------------

--
-- Table structure for table `wpry_4_links`
--

CREATE TABLE `wpry_4_links` (
  `link_id` bigint UNSIGNED NOT NULL,
  `link_url` varchar(255) CHARACTER SET utf8mb4 COLLATE utf8mb4_unicode_520_ci NOT NULL DEFAULT '',
  `link_name` varchar(255) CHARACTER SET utf8mb4 COLLATE utf8mb4_unicode_520_ci NOT NULL DEFAULT '',
  `link_image` varchar(255) CHARACTER SET utf8mb4 COLLATE utf8mb4_unicode_520_ci NOT NULL DEFAULT '',
  `link_target` varchar(25) CHARACTER SET utf8mb4 COLLATE utf8mb4_unicode_520_ci NOT NULL DEFAULT '',
  `link_description` varchar(255) CHARACTER SET utf8mb4 COLLATE utf8mb4_unicode_520_ci NOT NULL DEFAULT '',
  `link_visible` varchar(20) CHARACTER SET utf8mb4 COLLATE utf8mb4_unicode_520_ci NOT NULL DEFAULT 'Y',
  `link_owner` bigint UNSIGNED NOT NULL DEFAULT '1',
  `link_rating` int NOT NULL DEFAULT '0',
  `link_updated` datetime NOT NULL DEFAULT '0000-00-00 00:00:00',
  `link_rel` varchar(255) CHARACTER SET utf8mb4 COLLATE utf8mb4_unicode_520_ci NOT NULL DEFAULT '',
  `link_notes` mediumtext CHARACTER SET utf8mb4 COLLATE utf8mb4_unicode_520_ci NOT NULL,
  `link_rss` varchar(255) CHARACTER SET utf8mb4 COLLATE utf8mb4_unicode_520_ci NOT NULL DEFAULT ''
) ENGINE=InnoDB DEFAULT CHARSET=utf8mb4 COLLATE=utf8mb4_unicode_520_ci;

-- --------------------------------------------------------

--
-- Table structure for table `wpry_4_options`
--

CREATE TABLE `wpry_4_options` (
  `option_id` bigint UNSIGNED NOT NULL,
  `option_name` varchar(191) CHARACTER SET utf8mb4 COLLATE utf8mb4_unicode_520_ci NOT NULL DEFAULT '',
  `option_value` longtext CHARACTER SET utf8mb4 COLLATE utf8mb4_unicode_520_ci NOT NULL,
  `autoload` varchar(20) CHARACTER SET utf8mb4 COLLATE utf8mb4_unicode_520_ci NOT NULL DEFAULT 'yes'
) ENGINE=InnoDB DEFAULT CHARSET=utf8mb4 COLLATE=utf8mb4_unicode_520_ci;

--
-- Dumping data for table `wpry_4_options`
--

INSERT INTO `wpry_4_options` (`option_id`, `option_name`, `option_value`, `autoload`) VALUES
(1, 'siteurl', 'https://clallamcounty.mastermanagementcorp.com', 'yes'),
(2, 'home', 'https://clallamcounty.mastermanagementcorp.com', 'yes'),
(3, 'blogname', 'Clallam County', 'yes'),
(4, 'blogdescription', 'Real Estate Agency in Clallam County, Washington', 'yes'),
(5, 'users_can_register', '0', 'yes'),
(6, 'admin_email', 'arnold@mastermcorp.com', 'yes'),
(7, 'start_of_week', '1', 'yes'),
(8, 'use_balanceTags', '0', 'yes'),
(9, 'use_smilies', '1', 'yes'),
(10, 'require_name_email', '1', 'yes'),
(11, 'comments_notify', '1', 'yes'),
(12, 'posts_per_rss', '10', 'yes'),
(13, 'rss_use_excerpt', '0', 'yes'),
(14, 'mailserver_url', 'mail.example.com', 'yes'),
(15, 'mailserver_login', 'login@example.com', 'yes'),
(16, 'mailserver_pass', 'password', 'yes'),
(17, 'mailserver_port', '110', 'yes'),
(18, 'default_category', '1', 'yes'),
(19, 'default_comment_status', 'open', 'yes'),
(20, 'default_ping_status', 'open', 'yes'),
(21, 'default_pingback_flag', '1', 'yes'),
(22, 'posts_per_page', '10', 'yes'),
(23, 'date_format', 'F j, Y', 'yes'),
(24, 'time_format', 'g:i a', 'yes'),
(25, 'links_updated_date_format', 'F j, Y g:i a', 'yes'),
(26, 'comment_moderation', '0', 'yes'),
(27, 'moderation_notify', '1', 'yes'),
(28, 'permalink_structure', '/%year%/%monthnum%/%day%/%postname%/', 'yes'),
(30, 'hack_file', '0', 'yes'),
(31, 'blog_charset', 'UTF-8', 'yes'),
(32, 'moderation_keys', '', 'no'),
(33, 'active_plugins', 'a:6:{i:0;s:25:\"dsidxpress/dsidxpress.php\";i:1;s:31:\"sg-cachepress/sg-cachepress.php\";i:2;s:25:\"sucuri-scanner/sucuri.php\";i:3;s:41:\"transients-manager/transients-manager.php\";i:4;s:32:\"wp-seopress-pro/seopress-pro.php\";i:5;s:24:\"wp-seopress/seopress.php\";}', 'yes'),
(34, 'category_base', '', 'yes'),
(35, 'ping_sites', 'http://rpc.pingomatic.com/', 'yes'),
(36, 'comment_max_links', '2', 'yes'),
(37, 'gmt_offset', '0', 'yes'),
(38, 'default_email_category', '1', 'yes'),
(39, 'recently_edited', '', 'no'),
(40, 'template', 'bb-theme', 'yes'),
(41, 'stylesheet', 'bb-theme-child', 'yes'),
(44, 'comment_registration', '0', 'yes'),
(45, 'html_type', 'text/html', 'yes'),
(46, 'use_trackback', '0', 'yes'),
(47, 'default_role', 'subscriber', 'yes'),
(48, 'db_version', '57155', 'yes'),
(49, 'uploads_use_yearmonth_folders', '1', 'yes'),
(50, 'upload_path', '', 'yes'),
(51, 'blog_public', '1', 'yes'),
(52, 'default_link_category', '2', 'yes'),
(53, 'show_on_front', 'page', 'yes'),
(54, 'tag_base', '', 'yes'),
(55, 'show_avatars', '1', 'yes'),
(56, 'avatar_rating', 'G', 'yes'),
(57, 'upload_url_path', '', 'yes'),
(58, 'thumbnail_size_w', '150', 'yes'),
(59, 'thumbnail_size_h', '150', 'yes'),
(60, 'thumbnail_crop', '1', 'yes'),
(61, 'medium_size_w', '300', 'yes'),
(62, 'medium_size_h', '300', 'yes'),
(63, 'avatar_default', 'mystery', 'yes'),
(64, 'large_size_w', '1024', 'yes'),
(65, 'large_size_h', '1024', 'yes'),
(66, 'image_default_link_type', 'none', 'yes'),
(67, 'image_default_size', '', 'yes'),
(68, 'image_default_align', '', 'yes'),
(69, 'close_comments_for_old_posts', '0', 'yes'),
(70, 'close_comments_days_old', '14', 'yes'),
(71, 'thread_comments', '1', 'yes'),
(72, 'thread_comments_depth', '5', 'yes'),
(73, 'page_comments', '0', 'yes'),
(74, 'comments_per_page', '50', 'yes'),
(75, 'default_comments_page', 'newest', 'yes'),
(76, 'comment_order', 'asc', 'yes'),
(77, 'sticky_posts', 'a:0:{}', 'yes'),
(78, 'widget_categories', 'a:1:{s:12:\"_multiwidget\";i:1;}', 'yes'),
(79, 'widget_text', 'a:2:{i:1;a:0:{}s:12:\"_multiwidget\";i:1;}', 'yes'),
(80, 'widget_rss', 'a:2:{i:1;a:0:{}s:12:\"_multiwidget\";i:1;}', 'yes'),
(81, 'uninstall_plugins', 'a:3:{s:25:\"sucuri-scanner/sucuri.php\";s:19:\"sucuriscanUninstall\";s:20:\"worker/functions.php\";s:13:\"mwp_uninstall\";s:29:\"file-manager/file-manager.php\";s:12:\"bfmUninstall\";}', 'no'),
(82, 'timezone_string', '', 'yes'),
(83, 'page_for_posts', '0', 'yes'),
(84, 'page_on_front', '234', 'yes'),
(85, 'default_post_format', '0', 'yes'),
(86, 'link_manager_enabled', '0', 'yes'),
(87, 'finished_splitting_shared_terms', '1', 'yes'),
(88, 'site_icon', '293', 'yes'),
(89, 'medium_large_size_w', '768', 'yes'),
(90, 'medium_large_size_h', '0', 'yes'),
(91, 'wp_page_for_privacy_policy', '0', 'yes'),
(92, 'show_comments_cookies_opt_in', '1', 'yes'),
(93, 'admin_email_lifespan', '1611159069', 'yes'),
(94, 'WPLANG', '', 'yes'),
(95, 'wpry_4_user_roles', 'a:5:{s:13:\"administrator\";a:2:{s:4:\"name\";s:13:\"Administrator\";s:12:\"capabilities\";a:82:{s:13:\"switch_themes\";b:1;s:11:\"edit_themes\";b:1;s:16:\"activate_plugins\";b:1;s:12:\"edit_plugins\";b:1;s:10:\"edit_users\";b:1;s:10:\"edit_files\";b:1;s:14:\"manage_options\";b:1;s:17:\"moderate_comments\";b:1;s:17:\"manage_categories\";b:1;s:12:\"manage_links\";b:1;s:12:\"upload_files\";b:1;s:6:\"import\";b:1;s:15:\"unfiltered_html\";b:1;s:10:\"edit_posts\";b:1;s:17:\"edit_others_posts\";b:1;s:20:\"edit_published_posts\";b:1;s:13:\"publish_posts\";b:1;s:10:\"edit_pages\";b:1;s:4:\"read\";b:1;s:8:\"level_10\";b:1;s:7:\"level_9\";b:1;s:7:\"level_8\";b:1;s:7:\"level_7\";b:1;s:7:\"level_6\";b:1;s:7:\"level_5\";b:1;s:7:\"level_4\";b:1;s:7:\"level_3\";b:1;s:7:\"level_2\";b:1;s:7:\"level_1\";b:1;s:7:\"level_0\";b:1;s:17:\"edit_others_pages\";b:1;s:20:\"edit_published_pages\";b:1;s:13:\"publish_pages\";b:1;s:12:\"delete_pages\";b:1;s:19:\"delete_others_pages\";b:1;s:22:\"delete_published_pages\";b:1;s:12:\"delete_posts\";b:1;s:19:\"delete_others_posts\";b:1;s:22:\"delete_published_posts\";b:1;s:20:\"delete_private_posts\";b:1;s:18:\"edit_private_posts\";b:1;s:18:\"read_private_posts\";b:1;s:20:\"delete_private_pages\";b:1;s:18:\"edit_private_pages\";b:1;s:18:\"read_private_pages\";b:1;s:12:\"delete_users\";b:1;s:12:\"create_users\";b:1;s:17:\"unfiltered_upload\";b:1;s:14:\"edit_dashboard\";b:1;s:14:\"update_plugins\";b:1;s:14:\"delete_plugins\";b:1;s:15:\"install_plugins\";b:1;s:13:\"update_themes\";b:1;s:14:\"install_themes\";b:1;s:11:\"update_core\";b:1;s:10:\"list_users\";b:1;s:12:\"remove_users\";b:1;s:13:\"promote_users\";b:1;s:18:\"edit_theme_options\";b:1;s:13:\"delete_themes\";b:1;s:6:\"export\";b:1;s:16:\"edit_redirection\";b:1;s:17:\"edit_redirections\";b:1;s:24:\"edit_others_redirections\";b:1;s:20:\"publish_redirections\";b:1;s:16:\"read_redirection\";b:1;s:25:\"read_private_redirections\";b:1;s:18:\"delete_redirection\";b:1;s:19:\"delete_redirections\";b:1;s:26:\"delete_others_redirections\";b:1;s:29:\"delete_published_redirections\";b:1;s:11:\"edit_schema\";b:1;s:12:\"edit_schemas\";b:1;s:19:\"edit_others_schemas\";b:1;s:15:\"publish_schemas\";b:1;s:11:\"read_schema\";b:1;s:20:\"read_private_schemas\";b:1;s:13:\"delete_schema\";b:1;s:14:\"delete_schemas\";b:1;s:21:\"delete_others_schemas\";b:1;s:24:\"delete_published_schemas\";b:1;s:22:\"wpseo_manage_redirects\";b:1;}}s:6:\"editor\";a:2:{s:4:\"name\";s:6:\"Editor\";s:12:\"capabilities\";a:35:{s:17:\"moderate_comments\";b:1;s:17:\"manage_categories\";b:1;s:12:\"manage_links\";b:1;s:12:\"upload_files\";b:1;s:15:\"unfiltered_html\";b:1;s:10:\"edit_posts\";b:1;s:17:\"edit_others_posts\";b:1;s:20:\"edit_published_posts\";b:1;s:13:\"publish_posts\";b:1;s:10:\"edit_pages\";b:1;s:4:\"read\";b:1;s:7:\"level_7\";b:1;s:7:\"level_6\";b:1;s:7:\"level_5\";b:1;s:7:\"level_4\";b:1;s:7:\"level_3\";b:1;s:7:\"level_2\";b:1;s:7:\"level_1\";b:1;s:7:\"level_0\";b:1;s:17:\"edit_others_pages\";b:1;s:20:\"edit_published_pages\";b:1;s:13:\"publish_pages\";b:1;s:12:\"delete_pages\";b:1;s:19:\"delete_others_pages\";b:1;s:22:\"delete_published_pages\";b:1;s:12:\"delete_posts\";b:1;s:19:\"delete_others_posts\";b:1;s:22:\"delete_published_posts\";b:1;s:20:\"delete_private_posts\";b:1;s:18:\"edit_private_posts\";b:1;s:18:\"read_private_posts\";b:1;s:20:\"delete_private_pages\";b:1;s:18:\"edit_private_pages\";b:1;s:18:\"read_private_pages\";b:1;s:22:\"wpseo_manage_redirects\";b:1;}}s:6:\"author\";a:2:{s:4:\"name\";s:6:\"Author\";s:12:\"capabilities\";a:10:{s:12:\"upload_files\";b:1;s:10:\"edit_posts\";b:1;s:20:\"edit_published_posts\";b:1;s:13:\"publish_posts\";b:1;s:4:\"read\";b:1;s:7:\"level_2\";b:1;s:7:\"level_1\";b:1;s:7:\"level_0\";b:1;s:12:\"delete_posts\";b:1;s:22:\"delete_published_posts\";b:1;}}s:11:\"contributor\";a:2:{s:4:\"name\";s:11:\"Contributor\";s:12:\"capabilities\";a:5:{s:10:\"edit_posts\";b:1;s:4:\"read\";b:1;s:7:\"level_1\";b:1;s:7:\"level_0\";b:1;s:12:\"delete_posts\";b:1;}}s:10:\"subscriber\";a:2:{s:4:\"name\";s:10:\"Subscriber\";s:12:\"capabilities\";a:2:{s:4:\"read\";b:1;s:7:\"level_0\";b:1;}}}', 'yes'),
(96, 'widget_search', 'a:1:{s:12:\"_multiwidget\";i:1;}', 'yes'),
(97, 'widget_recent-posts', 'a:1:{s:12:\"_multiwidget\";i:1;}', 'yes'),
(98, 'widget_recent-comments', 'a:1:{s:12:\"_multiwidget\";i:1;}', 'yes'),
(99, 'widget_archives', 'a:1:{s:12:\"_multiwidget\";i:1;}', 'yes'),
(100, 'widget_meta', 'a:1:{s:12:\"_multiwidget\";i:1;}', 'yes'),
(101, 'sidebars_widgets', 'a:8:{s:19:\"wp_inactive_widgets\";a:0:{}s:12:\"blog-sidebar\";a:2:{i:0;s:14:\"dsidx-search-2\";i:1;s:16:\"dsidx-listings-2\";}s:10:\"footer-col\";a:1:{i:0;s:22:\"dsidx-single-listing-2\";}s:12:\"footer-col-2\";a:1:{i:0;s:22:\"dsidx-single-listing-3\";}s:12:\"footer-col-3\";a:1:{i:0;s:22:\"dsidx-single-listing-4\";}s:12:\"footer-col-4\";a:1:{i:0;s:22:\"dsidx-single-listing-5\";}s:17:\"after-post-widget\";a:0:{}s:13:\"array_version\";i:3;}', 'yes'),
(102, 'cron', 'a:30:{i:1630725032;a:1:{s:29:\"wp_database_optimization_cron\";a:1:{s:32:\"40cd750bba9870f18aada2478b24840a\";a:3:{s:8:\"schedule\";s:38:\"wp_database_optimization_cron_interval\";s:4:\"args\";a:0:{}s:8:\"interval\";i:300;}}}i:1630725034;a:1:{s:24:\"siteground_delete_assets\";a:1:{s:32:\"40cd750bba9870f18aada2478b24840a\";a:3:{s:8:\"schedule\";s:5:\"daily\";s:4:\"args\";a:0:{}s:8:\"interval\";i:86400;}}}i:1630725081;a:1:{s:34:\"wp_privacy_delete_old_export_files\";a:1:{s:32:\"40cd750bba9870f18aada2478b24840a\";a:3:{s:8:\"schedule\";s:6:\"hourly\";s:4:\"args\";a:0:{}s:8:\"interval\";i:3600;}}}i:1630766123;a:1:{s:25:\"sucuriscan_scheduled_scan\";a:1:{s:32:\"40cd750bba9870f18aada2478b24840a\";a:3:{s:8:\"schedule\";s:5:\"daily\";s:4:\"args\";a:0:{}s:8:\"interval\";i:86400;}}}i:1630771881;a:2:{s:30:\"wp_site_health_scheduled_check\";a:1:{s:32:\"40cd750bba9870f18aada2478b24840a\";a:3:{s:8:\"schedule\";s:6:\"weekly\";s:4:\"args\";a:0:{}s:8:\"interval\";i:604800;}}s:17:\"gravityforms_cron\";a:1:{s:32:\"40cd750bba9870f18aada2478b24840a\";a:3:{s:8:\"schedule\";s:5:\"daily\";s:4:\"args\";a:0:{}s:8:\"interval\";i:86400;}}}i:1630771885;a:3:{s:19:\"wp_scheduled_delete\";a:1:{s:32:\"40cd750bba9870f18aada2478b24840a\";a:3:{s:8:\"schedule\";s:5:\"daily\";s:4:\"args\";a:0:{}s:8:\"interval\";i:86400;}}s:25:\"delete_expired_transients\";a:1:{s:32:\"40cd750bba9870f18aada2478b24840a\";a:3:{s:8:\"schedule\";s:5:\"daily\";s:4:\"args\";a:0:{}s:8:\"interval\";i:86400;}}s:30:\"wp_scheduled_auto_draft_delete\";a:1:{s:32:\"40cd750bba9870f18aada2478b24840a\";a:3:{s:8:\"schedule\";s:5:\"daily\";s:4:\"args\";a:0:{}s:8:\"interval\";i:86400;}}}i:1630788799;a:1:{s:22:\"mwp_update_public_keys\";a:1:{s:32:\"40cd750bba9870f18aada2478b24840a\";a:3:{s:8:\"schedule\";s:5:\"daily\";s:4:\"args\";a:0:{}s:8:\"interval\";i:86400;}}}i:1630805270;a:1:{s:27:\"cron-dsidxpress-flush-cache\";a:1:{s:32:\"40cd750bba9870f18aada2478b24840a\";a:3:{s:8:\"schedule\";s:5:\"daily\";s:4:\"args\";a:0:{}s:8:\"interval\";i:86400;}}}i:1630897834;a:1:{s:30:\"fl_builder_notifications_event\";a:1:{s:32:\"40cd750bba9870f18aada2478b24840a\";a:2:{s:8:\"schedule\";b:0;s:4:\"args\";a:0:{}}}}i:1631026848;a:1:{s:47:\"siteground_optimizer_database_optimization_cron\";a:1:{s:32:\"40cd750bba9870f18aada2478b24840a\";a:3:{s:8:\"schedule\";s:6:\"weekly\";s:4:\"args\";a:0:{}s:8:\"interval\";i:604800;}}}i:1636401525;a:1:{s:37:\"siteground_optimizer_check_assets_dir\";a:1:{s:32:\"40cd750bba9870f18aada2478b24840a\";a:3:{s:8:\"schedule\";s:5:\"daily\";s:4:\"args\";a:0:{}s:8:\"interval\";i:86400;}}}i:1650397892;a:1:{s:7:\"sm_ping\";a:1:{s:32:\"40cd750bba9870f18aada2478b24840a\";a:2:{s:8:\"schedule\";b:0;s:4:\"args\";a:0:{}}}}i:1650398705;a:1:{s:31:\"seopress_xml_sitemaps_ping_cron\";a:1:{s:32:\"40cd750bba9870f18aada2478b24840a\";a:3:{s:8:\"schedule\";s:5:\"daily\";s:4:\"args\";a:0:{}s:8:\"interval\";i:86400;}}}i:1650399634;a:3:{s:26:\"seopress_404_cron_cleaning\";a:1:{s:32:\"40cd750bba9870f18aada2478b24840a\";a:3:{s:8:\"schedule\";s:5:\"daily\";s:4:\"args\";a:0:{}s:8:\"interval\";i:86400;}}s:30:\"seopress_google_analytics_cron\";a:1:{s:32:\"40cd750bba9870f18aada2478b24840a\";a:3:{s:8:\"schedule\";s:6:\"hourly\";s:4:\"args\";a:0:{}s:8:\"interval\";i:3600;}}s:33:\"seopress_page_speed_insights_cron\";a:1:{s:32:\"40cd750bba9870f18aada2478b24840a\";a:3:{s:8:\"schedule\";s:5:\"daily\";s:4:\"args\";a:0:{}s:8:\"interval\";i:86400;}}}i:1650401728;a:1:{s:30:\"siteground_data_collector_cron\";a:1:{s:32:\"40cd750bba9870f18aada2478b24840a\";a:2:{s:8:\"schedule\";b:0;s:4:\"args\";a:0:{}}}}i:1666882012;a:1:{s:30:\"seopress_matomo_analytics_cron\";a:1:{s:32:\"40cd750bba9870f18aada2478b24840a\";a:3:{s:8:\"schedule\";s:6:\"hourly\";s:4:\"args\";a:0:{}s:8:\"interval\";i:3600;}}}i:1672142284;a:1:{s:13:\"sm_ping_daily\";a:1:{s:32:\"40cd750bba9870f18aada2478b24840a\";a:3:{s:8:\"schedule\";s:5:\"daily\";s:4:\"args\";a:0:{}s:8:\"interval\";i:86400;}}}i:1675107827;a:2:{s:30:\"seopress_404_email_alerts_cron\";a:1:{s:32:\"40cd750bba9870f18aada2478b24840a\";a:3:{s:8:\"schedule\";s:6:\"weekly\";s:4:\"args\";a:0:{}s:8:\"interval\";i:604800;}}s:26:\"seopress_insights_gsc_cron\";a:1:{s:32:\"40cd750bba9870f18aada2478b24840a\";a:3:{s:8:\"schedule\";s:5:\"daily\";s:4:\"args\";a:0:{}s:8:\"interval\";i:86400;}}}i:1690557817;a:1:{s:41:\"googlesitekit_cron_update_remote_features\";a:1:{s:32:\"40cd750bba9870f18aada2478b24840a\";a:3:{s:8:\"schedule\";s:10:\"twicedaily\";s:4:\"args\";a:0:{}s:8:\"interval\";i:43200;}}}i:1690977250;a:1:{s:13:\"wpseo-reindex\";a:1:{s:32:\"40cd750bba9870f18aada2478b24840a\";a:3:{s:8:\"schedule\";s:5:\"daily\";s:4:\"args\";a:0:{}s:8:\"interval\";i:86400;}}}i:1690980851;a:1:{s:27:\"wpseo_indexable_index_batch\";a:1:{s:32:\"40cd750bba9870f18aada2478b24840a\";a:3:{s:8:\"schedule\";s:15:\"fifteen_minutes\";s:4:\"args\";a:0:{}s:8:\"interval\";i:900;}}}i:1691060644;a:1:{s:30:\"wpseo_start_cleanup_indexables\";a:1:{s:32:\"40cd750bba9870f18aada2478b24840a\";a:2:{s:8:\"schedule\";b:0;s:4:\"args\";a:0:{}}}}i:1691409567;a:2:{s:26:\"action_scheduler_run_queue\";a:1:{s:32:\"0d04ed39571b55704c122d726248bbac\";a:3:{s:8:\"schedule\";s:12:\"every_minute\";s:4:\"args\";a:1:{i:0;s:7:\"WP Cron\";}s:8:\"interval\";i:60;}}s:27:\"rocket_update_dynamic_lists\";a:1:{s:32:\"40cd750bba9870f18aada2478b24840a\";a:3:{s:8:\"schedule\";s:6:\"weekly\";s:4:\"args\";a:0:{}s:8:\"interval\";i:604800;}}}i:1691409646;a:2:{s:30:\"rocket_preload_process_pending\";a:1:{s:32:\"40cd750bba9870f18aada2478b24840a\";a:3:{s:8:\"schedule\";s:30:\"rocket_preload_process_pending\";s:4:\"args\";a:0:{}s:8:\"interval\";i:60;}}s:37:\"rocket_preload_revert_old_failed_rows\";a:1:{s:32:\"40cd750bba9870f18aada2478b24840a\";a:3:{s:8:\"schedule\";s:29:\"rocket_revert_old_failed_rows\";s:4:\"args\";a:0:{}s:8:\"interval\";i:43200;}}}i:1691410167;a:1:{s:36:\"rocket_preload_clean_rows_time_event\";a:1:{s:32:\"40cd750bba9870f18aada2478b24840a\";a:3:{s:8:\"schedule\";s:6:\"weekly\";s:4:\"args\";a:0:{}s:8:\"interval\";i:604800;}}}i:1698737447;a:1:{s:37:\"siteground_optimizer_purge_cron_cache\";a:1:{s:32:\"40cd750bba9870f18aada2478b24840a\";a:2:{s:8:\"schedule\";b:0;s:4:\"args\";a:0:{}}}}i:1738706237;a:1:{s:20:\"seopress_alerts_cron\";a:1:{s:32:\"40cd750bba9870f18aada2478b24840a\";a:3:{s:8:\"schedule\";s:10:\"twicedaily\";s:4:\"args\";a:0:{}s:8:\"interval\";i:43200;}}}i:1773222618;a:1:{s:32:\"seopress_license_validation_cron\";a:1:{s:32:\"40cd750bba9870f18aada2478b24840a\";a:3:{s:8:\"schedule\";s:6:\"weekly\";s:4:\"args\";a:0:{}s:8:\"interval\";i:604800;}}}i:1779508366;a:1:{s:25:\"uabbpro_module_usage_cron\";a:1:{s:32:\"40cd750bba9870f18aada2478b24840a\";a:3:{s:8:\"schedule\";s:6:\"weekly\";s:4:\"args\";a:0:{}s:8:\"interval\";i:604800;}}}s:7:\"version\";i:2;}', 'on'),
(103, 'widget_pages', 'a:1:{s:12:\"_multiwidget\";i:1;}', 'yes'),
(104, 'widget_calendar', 'a:1:{s:12:\"_multiwidget\";i:1;}', 'yes'),
(105, 'widget_media_audio', 'a:1:{s:12:\"_multiwidget\";i:1;}', 'yes'),
(106, 'widget_media_image', 'a:1:{s:12:\"_multiwidget\";i:1;}', 'yes'),
(107, 'widget_media_gallery', 'a:1:{s:12:\"_multiwidget\";i:1;}', 'yes'),
(108, 'widget_media_video', 'a:1:{s:12:\"_multiwidget\";i:1;}', 'yes'),
(109, 'widget_tag_cloud', 'a:1:{s:12:\"_multiwidget\";i:1;}', 'yes'),
(110, 'widget_nav_menu', 'a:1:{s:12:\"_multiwidget\";i:1;}', 'yes'),
(111, 'widget_custom_html', 'a:1:{s:12:\"_multiwidget\";i:1;}', 'yes'),
(112, 'widget_gform_widget', 'a:1:{s:12:\"_multiwidget\";i:1;}', 'yes'),
(113, 'gravityformsaddon_gravityformswebapi_version', '1.0', 'yes'),
(114, 'gf_db_version', '2.9.14', 'off'),
(115, 'rg_form_version', '2.9.14', 'no'),
(116, 'gform_enable_background_updates', '1', 'yes');
INSERT INTO `wpry_4_options` (`option_id`, `option_name`, `option_value`, `autoload`) VALUES
(119, 'gform_version_info', 'a:12:{s:12:\"is_valid_key\";b:1;s:6:\"reason\";s:0:\"\";s:7:\"version\";s:6:\"2.7.16\";s:3:\"url\";s:166:\"https://s3.amazonaws.com/gravityforms/releases/gravityforms_2.7.16.zip?AWSAccessKeyId=AKIA5U3GBHC5WDRZA6NK&Expires=1699178112&Signature=ialdsMEpj32M2SK9IzCPbJYuIxU%3D\";s:15:\"expiration_time\";i:1716153865;s:9:\"offerings\";a:67:{s:12:\"gravityforms\";a:5:{s:12:\"is_available\";b:1;s:7:\"version\";s:6:\"2.7.16\";s:14:\"version_latest\";s:6:\"2.7.16\";s:3:\"url\";s:166:\"https://s3.amazonaws.com/gravityforms/releases/gravityforms_2.7.16.zip?AWSAccessKeyId=AKIA5U3GBHC5WDRZA6NK&Expires=1699178112&Signature=ialdsMEpj32M2SK9IzCPbJYuIxU%3D\";s:10:\"url_latest\";s:166:\"https://s3.amazonaws.com/gravityforms/releases/gravityforms_2.7.16.zip?AWSAccessKeyId=AKIA5U3GBHC5WDRZA6NK&Expires=1699178112&Signature=ialdsMEpj32M2SK9IzCPbJYuIxU%3D\";}s:21:\"gravityforms2checkout\";a:5:{s:12:\"is_available\";b:1;s:7:\"version\";s:3:\"2.1\";s:14:\"version_latest\";s:3:\"2.1\";s:3:\"url\";s:180:\"https://s3.amazonaws.com/gravityforms/addons/2checkout/gravityforms2checkout_2.1.zip?AWSAccessKeyId=AKIA5U3GBHC5WDRZA6NK&Expires=1699178112&Signature=VCP2CCm6iUG3g98mNH0QDO1APuE%3D\";s:10:\"url_latest\";s:180:\"https://s3.amazonaws.com/gravityforms/addons/2checkout/gravityforms2checkout_2.1.zip?AWSAccessKeyId=AKIA5U3GBHC5WDRZA6NK&Expires=1699178112&Signature=VCP2CCm6iUG3g98mNH0QDO1APuE%3D\";}s:26:\"gravityformsactivecampaign\";a:5:{s:12:\"is_available\";b:1;s:7:\"version\";s:3:\"2.0\";s:14:\"version_latest\";s:5:\"2.0.1\";s:3:\"url\";s:192:\"https://s3.amazonaws.com/gravityforms/addons/activecampaign/gravityformsactivecampaign_2.0.zip?AWSAccessKeyId=AKIA5U3GBHC5WDRZA6NK&Expires=1699178112&Signature=EMiMWhfR7k4giaMVsGpe36%2FkOz0%3D\";s:10:\"url_latest\";s:200:\"https://s3.amazonaws.com/gravityforms/addons/activecampaign/gravityformsactivecampaign_2.0.1.zip?AWSAccessKeyId=AKIA5U3GBHC5WDRZA6NK&Expires=1699178112&Signature=P%2FnoA%2FXblgYk%2FcwdDEwzD%2BTVT3w%3D\";}s:32:\"gravityformsadvancedpostcreation\";a:5:{s:12:\"is_available\";b:1;s:7:\"version\";s:5:\"1.4.0\";s:14:\"version_latest\";s:5:\"1.4.0\";s:3:\"url\";s:206:\"https://s3.amazonaws.com/gravityforms/addons/advancedpostcreation/gravityformsadvancedpostcreation_1.4.0.zip?AWSAccessKeyId=AKIA5U3GBHC5WDRZA6NK&Expires=1699178112&Signature=ZDZl87ec6zuqgrNdfyG1P0BM%2Bz0%3D\";s:10:\"url_latest\";s:206:\"https://s3.amazonaws.com/gravityforms/addons/advancedpostcreation/gravityformsadvancedpostcreation_1.4.0.zip?AWSAccessKeyId=AKIA5U3GBHC5WDRZA6NK&Expires=1699178112&Signature=ZDZl87ec6zuqgrNdfyG1P0BM%2Bz0%3D\";}s:20:\"gravityformsagilecrm\";a:5:{s:12:\"is_available\";b:1;s:7:\"version\";s:3:\"1.4\";s:14:\"version_latest\";s:5:\"1.4.1\";s:3:\"url\";s:182:\"https://s3.amazonaws.com/gravityforms/addons/agilecrm/gravityformsagilecrm_1.4.zip?AWSAccessKeyId=AKIA5U3GBHC5WDRZA6NK&Expires=1699178112&Signature=9bGzIBnrho060ohB88a%2BNfhXK%2F4%3D\";s:10:\"url_latest\";s:182:\"https://s3.amazonaws.com/gravityforms/addons/agilecrm/gravityformsagilecrm_1.4.1.zip?AWSAccessKeyId=AKIA5U3GBHC5WDRZA6NK&Expires=1699178112&Signature=Spss1kNQLITkj8%2F1uxAVoQDnHS0%3D\";}s:19:\"gravityformsakismet\";a:5:{s:12:\"is_available\";b:1;s:7:\"version\";s:3:\"1.0\";s:14:\"version_latest\";s:3:\"1.0\";s:3:\"url\";s:176:\"https://s3.amazonaws.com/gravityforms/addons/akismet/gravityformsakismet_1.0.zip?AWSAccessKeyId=AKIA5U3GBHC5WDRZA6NK&Expires=1699178112&Signature=dR3KgUrA4lZjmloCUDQElnVXx5k%3D\";s:10:\"url_latest\";s:176:\"https://s3.amazonaws.com/gravityforms/addons/akismet/gravityformsakismet_1.0.zip?AWSAccessKeyId=AKIA5U3GBHC5WDRZA6NK&Expires=1699178112&Signature=dR3KgUrA4lZjmloCUDQElnVXx5k%3D\";}s:24:\"gravityformsauthorizenet\";a:5:{s:12:\"is_available\";b:1;s:7:\"version\";s:4:\"2.11\";s:14:\"version_latest\";s:4:\"2.11\";s:3:\"url\";s:187:\"https://s3.amazonaws.com/gravityforms/addons/authorizenet/gravityformsauthorizenet_2.11.zip?AWSAccessKeyId=AKIA5U3GBHC5WDRZA6NK&Expires=1699178112&Signature=1Z6s80z1BejGv5EOewGPLY50ZiI%3D\";s:10:\"url_latest\";s:187:\"https://s3.amazonaws.com/gravityforms/addons/authorizenet/gravityformsauthorizenet_2.11.zip?AWSAccessKeyId=AKIA5U3GBHC5WDRZA6NK&Expires=1699178112&Signature=1Z6s80z1BejGv5EOewGPLY50ZiI%3D\";}s:18:\"gravityformsaweber\";a:5:{s:12:\"is_available\";b:1;s:7:\"version\";s:5:\"4.0.0\";s:14:\"version_latest\";s:5:\"4.0.0\";s:3:\"url\";s:180:\"https://s3.amazonaws.com/gravityforms/addons/aweber/gravityformsaweber_4.0.0.zip?AWSAccessKeyId=AKIA5U3GBHC5WDRZA6NK&Expires=1699178112&Signature=%2Fi%2BdsdSc0CIrnFlwKKgmLCISK2w%3D\";s:10:\"url_latest\";s:180:\"https://s3.amazonaws.com/gravityforms/addons/aweber/gravityformsaweber_4.0.0.zip?AWSAccessKeyId=AKIA5U3GBHC5WDRZA6NK&Expires=1699178112&Signature=%2Fi%2BdsdSc0CIrnFlwKKgmLCISK2w%3D\";}s:21:\"gravityformsbatchbook\";a:5:{s:12:\"is_available\";b:1;s:7:\"version\";s:3:\"1.3\";s:14:\"version_latest\";s:3:\"1.3\";s:3:\"url\";s:180:\"https://s3.amazonaws.com/gravityforms/addons/batchbook/gravityformsbatchbook_1.3.zip?AWSAccessKeyId=AKIA5U3GBHC5WDRZA6NK&Expires=1699178112&Signature=gxHq0heNzGLcAp2oc2IzhIfVE78%3D\";s:10:\"url_latest\";s:180:\"https://s3.amazonaws.com/gravityforms/addons/batchbook/gravityformsbatchbook_1.3.zip?AWSAccessKeyId=AKIA5U3GBHC5WDRZA6NK&Expires=1699178112&Signature=gxHq0heNzGLcAp2oc2IzhIfVE78%3D\";}s:18:\"gravityformsbreeze\";a:5:{s:12:\"is_available\";b:1;s:7:\"version\";s:3:\"1.5\";s:14:\"version_latest\";s:5:\"1.5.1\";s:3:\"url\";s:174:\"https://s3.amazonaws.com/gravityforms/addons/breeze/gravityformsbreeze_1.5.zip?AWSAccessKeyId=AKIA5U3GBHC5WDRZA6NK&Expires=1699178112&Signature=3jDq1PrzggX6cZ1ukkRP7hknmXc%3D\";s:10:\"url_latest\";s:178:\"https://s3.amazonaws.com/gravityforms/addons/breeze/gravityformsbreeze_1.5.1.zip?AWSAccessKeyId=AKIA5U3GBHC5WDRZA6NK&Expires=1699178112&Signature=8UMVCZTJc%2Fl9sfvmwOY4EQZN0Uk%3D\";}s:27:\"gravityformscampaignmonitor\";a:5:{s:12:\"is_available\";b:1;s:7:\"version\";s:3:\"3.9\";s:14:\"version_latest\";s:5:\"3.9.1\";s:3:\"url\";s:194:\"https://s3.amazonaws.com/gravityforms/addons/campaignmonitor/gravityformscampaignmonitor_3.9.zip?AWSAccessKeyId=AKIA5U3GBHC5WDRZA6NK&Expires=1699178112&Signature=2C3BhtqfD%2FsSFDgYKxa1LWFd2yk%3D\";s:10:\"url_latest\";s:198:\"https://s3.amazonaws.com/gravityforms/addons/campaignmonitor/gravityformscampaignmonitor_3.9.1.zip?AWSAccessKeyId=AKIA5U3GBHC5WDRZA6NK&Expires=1699178112&Signature=nA96b%2BQFtSrNzyzxMzy6HW%2FsZ38%3D\";}s:20:\"gravityformscampfire\";a:5:{s:12:\"is_available\";b:1;s:7:\"version\";s:3:\"1.1\";s:14:\"version_latest\";s:5:\"1.2.2\";s:3:\"url\";s:182:\"https://s3.amazonaws.com/gravityforms/addons/campfire/gravityformscampfire_1.1.zip?AWSAccessKeyId=AKIA5U3GBHC5WDRZA6NK&Expires=1699178112&Signature=B%2FYGG%2FqEt5bwwBzqaUM0pt2Oe1w%3D\";s:10:\"url_latest\";s:182:\"https://s3.amazonaws.com/gravityforms/addons/campfire/gravityformscampfire_1.2.2.zip?AWSAccessKeyId=AKIA5U3GBHC5WDRZA6NK&Expires=1699178112&Signature=KfTTgdNiuvG2R7mWH9ge%2FNtrD30%3D\";}s:22:\"gravityformscapsulecrm\";a:5:{s:12:\"is_available\";b:1;s:7:\"version\";s:3:\"1.6\";s:14:\"version_latest\";s:5:\"1.6.1\";s:3:\"url\";s:182:\"https://s3.amazonaws.com/gravityforms/addons/capsulecrm/gravityformscapsulecrm_1.6.zip?AWSAccessKeyId=AKIA5U3GBHC5WDRZA6NK&Expires=1699178112&Signature=WQvbf5EsNi6FIDr1GnFwo9PWrww%3D\";s:10:\"url_latest\";s:184:\"https://s3.amazonaws.com/gravityforms/addons/capsulecrm/gravityformscapsulecrm_1.6.1.zip?AWSAccessKeyId=AKIA5U3GBHC5WDRZA6NK&Expires=1699178112&Signature=AVn2RmT69IvtdtgMnaF2GbwjjFM%3D\";}s:26:\"gravityformschainedselects\";a:5:{s:12:\"is_available\";b:1;s:7:\"version\";s:3:\"1.6\";s:14:\"version_latest\";s:3:\"1.6\";s:3:\"url\";s:190:\"https://s3.amazonaws.com/gravityforms/addons/chainedselects/gravityformschainedselects_1.6.zip?AWSAccessKeyId=AKIA5U3GBHC5WDRZA6NK&Expires=1699178112&Signature=8ErGgHXkSJAlyc5qKnXWKFUTrO8%3D\";s:10:\"url_latest\";s:190:\"https://s3.amazonaws.com/gravityforms/addons/chainedselects/gravityformschainedselects_1.6.zip?AWSAccessKeyId=AKIA5U3GBHC5WDRZA6NK&Expires=1699178112&Signature=8ErGgHXkSJAlyc5qKnXWKFUTrO8%3D\";}s:23:\"gravityformscleverreach\";a:5:{s:12:\"is_available\";b:1;s:7:\"version\";s:3:\"1.8\";s:14:\"version_latest\";s:3:\"1.8\";s:3:\"url\";s:184:\"https://s3.amazonaws.com/gravityforms/addons/cleverreach/gravityformscleverreach_1.8.zip?AWSAccessKeyId=AKIA5U3GBHC5WDRZA6NK&Expires=1699178112&Signature=wFuUKOa56Wky3OEYVYTe2XYXcXk%3D\";s:10:\"url_latest\";s:184:\"https://s3.amazonaws.com/gravityforms/addons/cleverreach/gravityformscleverreach_1.8.zip?AWSAccessKeyId=AKIA5U3GBHC5WDRZA6NK&Expires=1699178112&Signature=wFuUKOa56Wky3OEYVYTe2XYXcXk%3D\";}s:15:\"gravityformscli\";a:5:{s:12:\"is_available\";b:1;s:7:\"version\";s:0:\"\";s:14:\"version_latest\";s:3:\"1.4\";s:3:\"url\";s:0:\"\";s:10:\"url_latest\";s:170:\"https://s3.amazonaws.com/gravityforms/addons/cli/gravityformscli_1.4.zip?AWSAccessKeyId=AKIA5U3GBHC5WDRZA6NK&Expires=1699178112&Signature=oQVE1s3pLmH%2FxmRanqbgbufvIhI%3D\";}s:27:\"gravityformsconstantcontact\";a:5:{s:12:\"is_available\";b:1;s:7:\"version\";s:3:\"1.7\";s:14:\"version_latest\";s:3:\"1.7\";s:3:\"url\";s:192:\"https://s3.amazonaws.com/gravityforms/addons/constantcontact/gravityformsconstantcontact_1.7.zip?AWSAccessKeyId=AKIA5U3GBHC5WDRZA6NK&Expires=1699178112&Signature=Qj8UeHpjnnMa5UIb83IZhL9FLmk%3D\";s:10:\"url_latest\";s:192:\"https://s3.amazonaws.com/gravityforms/addons/constantcontact/gravityformsconstantcontact_1.7.zip?AWSAccessKeyId=AKIA5U3GBHC5WDRZA6NK&Expires=1699178112&Signature=Qj8UeHpjnnMa5UIb83IZhL9FLmk%3D\";}s:31:\"gravityformsconversationalforms\";a:5:{s:12:\"is_available\";b:1;s:7:\"version\";s:5:\"1.1.0\";s:14:\"version_latest\";s:5:\"1.1.0\";s:3:\"url\";s:204:\"https://s3.amazonaws.com/gravityforms/addons/conversationalforms/gravityformsconversationalforms_1.1.0.zip?AWSAccessKeyId=AKIA5U3GBHC5WDRZA6NK&Expires=1699178112&Signature=LlUaUXix4QDUjBKz5LZ2%2F57UdvI%3D\";s:10:\"url_latest\";s:204:\"https://s3.amazonaws.com/gravityforms/addons/conversationalforms/gravityformsconversationalforms_1.1.0.zip?AWSAccessKeyId=AKIA5U3GBHC5WDRZA6NK&Expires=1699178112&Signature=LlUaUXix4QDUjBKz5LZ2%2F57UdvI%3D\";}s:22:\"gravityformsconvertkit\";a:5:{s:12:\"is_available\";b:1;s:7:\"version\";s:0:\"\";s:14:\"version_latest\";s:10:\"1.0-beta-1\";s:3:\"url\";s:190:\"https://s3.amazonaws.com/gravityforms/addons/coupons/gravityformsconvertkit_1.0-beta-1.zip?AWSAccessKeyId=AKIA5U3GBHC5WDRZA6NK&Expires=1699178112&Signature=ccdmLUyY9uQJdg%2F%2BKRCiZRpiFNs%3D\";s:10:\"url_latest\";s:189:\"https://s3.amazonaws.com/gravityforms/addons/convertkit/gravityformsconvertkit_1.0-beta-1.zip?AWSAccessKeyId=AKIA5U3GBHC5WDRZA6NK&Expires=1699178112&Signature=UEHImBt3YuR24USOwUyoMoWywmg%3D\";}s:19:\"gravityformscoupons\";a:5:{s:12:\"is_available\";b:1;s:7:\"version\";s:5:\"3.2.0\";s:14:\"version_latest\";s:5:\"3.2.0\";s:3:\"url\";s:180:\"https://s3.amazonaws.com/gravityforms/addons/coupons/gravityformscoupons_3.2.0.zip?AWSAccessKeyId=AKIA5U3GBHC5WDRZA6NK&Expires=1699178112&Signature=wdm9NVo1ClFJH6x4yRtiucll%2BQw%3D\";s:10:\"url_latest\";s:180:\"https://s3.amazonaws.com/gravityforms/addons/coupons/gravityformscoupons_3.2.0.zip?AWSAccessKeyId=AKIA5U3GBHC5WDRZA6NK&Expires=1699178112&Signature=wdm9NVo1ClFJH6x4yRtiucll%2BQw%3D\";}s:17:\"gravityformsdebug\";a:5:{s:12:\"is_available\";b:1;s:7:\"version\";s:0:\"\";s:14:\"version_latest\";s:10:\"1.0.beta12\";s:3:\"url\";s:0:\"\";s:10:\"url_latest\";s:185:\"https://s3.amazonaws.com/gravityforms/addons/debug/gravityformsdebug_1.0.beta12.zip?AWSAccessKeyId=AKIA5U3GBHC5WDRZA6NK&Expires=1699178112&Signature=%2BU3Y96OoibuokjgTA7%2BIir%2BBtYA%3D\";}s:19:\"gravityformsdropbox\";a:5:{s:12:\"is_available\";b:1;s:7:\"version\";s:3:\"3.1\";s:14:\"version_latest\";s:5:\"3.1.2\";s:3:\"url\";s:180:\"https://s3.amazonaws.com/gravityforms/addons/dropbox/gravityformsdropbox_3.1.zip?AWSAccessKeyId=AKIA5U3GBHC5WDRZA6NK&Expires=1699178112&Signature=%2Bgo%2FtYIK4mxIeSvBYpezpQPoF1Q%3D\";s:10:\"url_latest\";s:180:\"https://s3.amazonaws.com/gravityforms/addons/dropbox/gravityformsdropbox_3.1.2.zip?AWSAccessKeyId=AKIA5U3GBHC5WDRZA6NK&Expires=1699178112&Signature=Pk%2FGqjbcohZalYKR0vOTbsdR9N8%3D\";}s:24:\"gravityformsemailoctopus\";a:5:{s:12:\"is_available\";b:1;s:7:\"version\";s:3:\"1.2\";s:14:\"version_latest\";s:5:\"1.2.2\";s:3:\"url\";s:186:\"https://s3.amazonaws.com/gravityforms/addons/emailoctopus/gravityformsemailoctopus_1.2.zip?AWSAccessKeyId=AKIA5U3GBHC5WDRZA6NK&Expires=1699178112&Signature=dOFsQXF97tsh2TN6FHnGb2zzBJA%3D\";s:10:\"url_latest\";s:190:\"https://s3.amazonaws.com/gravityforms/addons/emailoctopus/gravityformsemailoctopus_1.2.2.zip?AWSAccessKeyId=AKIA5U3GBHC5WDRZA6NK&Expires=1699178112&Signature=pdgkhHlfnddRzJZoXb6Wia%2FUKak%3D\";}s:16:\"gravityformsemma\";a:5:{s:12:\"is_available\";b:1;s:7:\"version\";s:3:\"1.5\";s:14:\"version_latest\";s:5:\"1.5.2\";s:3:\"url\";s:174:\"https://s3.amazonaws.com/gravityforms/addons/emma/gravityformsemma_1.5.zip?AWSAccessKeyId=AKIA5U3GBHC5WDRZA6NK&Expires=1699178112&Signature=iJZRVXDHjTJuyj4gSbS%2BYUYl%2BVk%3D\";s:10:\"url_latest\";s:172:\"https://s3.amazonaws.com/gravityforms/addons/emma/gravityformsemma_1.5.2.zip?AWSAccessKeyId=AKIA5U3GBHC5WDRZA6NK&Expires=1699178112&Signature=k3EX97cNrvcRMcHTjg2BAHldQxY%3D\";}s:22:\"gravityformsfreshbooks\";a:5:{s:12:\"is_available\";b:1;s:7:\"version\";s:3:\"2.8\";s:14:\"version_latest\";s:3:\"2.8\";s:3:\"url\";s:184:\"https://s3.amazonaws.com/gravityforms/addons/freshbooks/gravityformsfreshbooks_2.8.zip?AWSAccessKeyId=AKIA5U3GBHC5WDRZA6NK&Expires=1699178112&Signature=Lj0sr02sii1%2BHLKlscGCUiY3l9A%3D\";s:10:\"url_latest\";s:184:\"https://s3.amazonaws.com/gravityforms/addons/freshbooks/gravityformsfreshbooks_2.8.zip?AWSAccessKeyId=AKIA5U3GBHC5WDRZA6NK&Expires=1699178112&Signature=Lj0sr02sii1%2BHLKlscGCUiY3l9A%3D\";}s:23:\"gravityformsgeolocation\";a:5:{s:12:\"is_available\";b:1;s:7:\"version\";s:5:\"1.1.0\";s:14:\"version_latest\";s:5:\"1.1.0\";s:3:\"url\";s:186:\"https://s3.amazonaws.com/gravityforms/addons/geolocation/gravityformsgeolocation_1.1.0.zip?AWSAccessKeyId=AKIA5U3GBHC5WDRZA6NK&Expires=1699178112&Signature=VCzYarZb1z6iMJ2bkIaNqcfbG5w%3D\";s:10:\"url_latest\";s:186:\"https://s3.amazonaws.com/gravityforms/addons/geolocation/gravityformsgeolocation_1.1.0.zip?AWSAccessKeyId=AKIA5U3GBHC5WDRZA6NK&Expires=1699178112&Signature=VCzYarZb1z6iMJ2bkIaNqcfbG5w%3D\";}s:23:\"gravityformsgetresponse\";a:5:{s:12:\"is_available\";b:1;s:7:\"version\";s:3:\"1.7\";s:14:\"version_latest\";s:5:\"1.7.1\";s:3:\"url\";s:186:\"https://s3.amazonaws.com/gravityforms/addons/getresponse/gravityformsgetresponse_1.7.zip?AWSAccessKeyId=AKIA5U3GBHC5WDRZA6NK&Expires=1699178112&Signature=PahKuVD6%2BjKUrKCuU4dgU9WrX14%3D\";s:10:\"url_latest\";s:186:\"https://s3.amazonaws.com/gravityforms/addons/getresponse/gravityformsgetresponse_1.7.1.zip?AWSAccessKeyId=AKIA5U3GBHC5WDRZA6NK&Expires=1699178112&Signature=A4Kw4W9r6mY1MRw1fLXuySR71Hw%3D\";}s:27:\"gravityformsgoogleanalytics\";a:5:{s:12:\"is_available\";b:1;s:7:\"version\";s:5:\"2.1.0\";s:14:\"version_latest\";s:5:\"2.1.1\";s:3:\"url\";s:194:\"https://s3.amazonaws.com/gravityforms/addons/googleanalytics/gravityformsgoogleanalytics_2.1.0.zip?AWSAccessKeyId=AKIA5U3GBHC5WDRZA6NK&Expires=1699178112&Signature=DOQ6k5O0DAS1ZRJ3w107c7yG3qY%3D\";s:10:\"url_latest\";s:196:\"https://s3.amazonaws.com/gravityforms/addons/googleanalytics/gravityformsgoogleanalytics_2.1.1.zip?AWSAccessKeyId=AKIA5U3GBHC5WDRZA6NK&Expires=1699178112&Signature=XWAVqblCgKx8YnraZ%2FvGB0Cg0oE%3D\";}s:21:\"gravityformsgutenberg\";a:5:{s:12:\"is_available\";b:1;s:7:\"version\";s:10:\"1.0-rc-1.4\";s:14:\"version_latest\";s:10:\"1.0-rc-1.5\";s:3:\"url\";s:189:\"https://s3.amazonaws.com/gravityforms/addons/gutenberg/gravityformsgutenberg_1.0-rc-1.4.zip?AWSAccessKeyId=AKIA5U3GBHC5WDRZA6NK&Expires=1699178112&Signature=37DcZbREzYKo%2BWRdb2gPuRqdQjw%3D\";s:10:\"url_latest\";s:189:\"https://s3.amazonaws.com/gravityforms/addons/gutenberg/gravityformsgutenberg_1.0-rc-1.5.zip?AWSAccessKeyId=AKIA5U3GBHC5WDRZA6NK&Expires=1699178112&Signature=NP45nEsffS0aAeM0ns4K%2FftZJp0%3D\";}s:21:\"gravityformshelpscout\";a:5:{s:12:\"is_available\";b:1;s:7:\"version\";s:3:\"2.1\";s:14:\"version_latest\";s:5:\"2.1.1\";s:3:\"url\";s:180:\"https://s3.amazonaws.com/gravityforms/addons/helpscout/gravityformshelpscout_2.1.zip?AWSAccessKeyId=AKIA5U3GBHC5WDRZA6NK&Expires=1699178112&Signature=G7Wx57nUQCiMAIGMVyLMEawoIUY%3D\";s:10:\"url_latest\";s:182:\"https://s3.amazonaws.com/gravityforms/addons/helpscout/gravityformshelpscout_2.1.1.zip?AWSAccessKeyId=AKIA5U3GBHC5WDRZA6NK&Expires=1699178112&Signature=vr2Eo65mOHXiceZgSUzURGrdbOs%3D\";}s:20:\"gravityformshighrise\";a:5:{s:12:\"is_available\";b:1;s:7:\"version\";s:3:\"1.3\";s:14:\"version_latest\";s:3:\"1.3\";s:3:\"url\";s:178:\"https://s3.amazonaws.com/gravityforms/addons/highrise/gravityformshighrise_1.3.zip?AWSAccessKeyId=AKIA5U3GBHC5WDRZA6NK&Expires=1699178112&Signature=xSZMdgnidx9qoM3YaN1v4rdBd0k%3D\";s:10:\"url_latest\";s:178:\"https://s3.amazonaws.com/gravityforms/addons/highrise/gravityformshighrise_1.3.zip?AWSAccessKeyId=AKIA5U3GBHC5WDRZA6NK&Expires=1699178112&Signature=xSZMdgnidx9qoM3YaN1v4rdBd0k%3D\";}s:19:\"gravityformshipchat\";a:3:{s:12:\"is_available\";b:0;s:7:\"version\";s:3:\"1.2\";s:14:\"version_latest\";s:3:\"1.2\";}s:19:\"gravityformshubspot\";a:5:{s:12:\"is_available\";b:1;s:7:\"version\";s:5:\"2.0.0\";s:14:\"version_latest\";s:5:\"2.0.0\";s:3:\"url\";s:178:\"https://s3.amazonaws.com/gravityforms/addons/hubspot/gravityformshubspot_2.0.0.zip?AWSAccessKeyId=AKIA5U3GBHC5WDRZA6NK&Expires=1699178112&Signature=GRjEcmTkoaJnVFgNNG8AmF6kIjk%3D\";s:10:\"url_latest\";s:178:\"https://s3.amazonaws.com/gravityforms/addons/hubspot/gravityformshubspot_2.0.0.zip?AWSAccessKeyId=AKIA5U3GBHC5WDRZA6NK&Expires=1699178112&Signature=GRjEcmTkoaJnVFgNNG8AmF6kIjk%3D\";}s:20:\"gravityformsicontact\";a:5:{s:12:\"is_available\";b:1;s:7:\"version\";s:3:\"1.5\";s:14:\"version_latest\";s:5:\"1.5.1\";s:3:\"url\";s:178:\"https://s3.amazonaws.com/gravityforms/addons/icontact/gravityformsicontact_1.5.zip?AWSAccessKeyId=AKIA5U3GBHC5WDRZA6NK&Expires=1699178112&Signature=T7iA9XrP0rrmAlIlS7B47dWOtf8%3D\";s:10:\"url_latest\";s:180:\"https://s3.amazonaws.com/gravityforms/addons/icontact/gravityformsicontact_1.5.1.zip?AWSAccessKeyId=AKIA5U3GBHC5WDRZA6NK&Expires=1699178112&Signature=YNH6K90jomJoQNd8S7XmuqTJBik%3D\";}s:19:\"gravityformslogging\";a:5:{s:12:\"is_available\";b:1;s:7:\"version\";s:3:\"1.3\";s:14:\"version_latest\";s:5:\"1.3.1\";s:3:\"url\";s:178:\"https://s3.amazonaws.com/gravityforms/addons/logging/gravityformslogging_1.3.zip?AWSAccessKeyId=AKIA5U3GBHC5WDRZA6NK&Expires=1699178112&Signature=QizD%2Br7jyiDYXhU33zwO2M2nlcg%3D\";s:10:\"url_latest\";s:182:\"https://s3.amazonaws.com/gravityforms/addons/logging/gravityformslogging_1.3.1.zip?AWSAccessKeyId=AKIA5U3GBHC5WDRZA6NK&Expires=1699178112&Signature=DKfZ%2BDV0CodVOqRfIO9dy%2Fafg50%3D\";}s:19:\"gravityformsmadmimi\";a:5:{s:12:\"is_available\";b:1;s:7:\"version\";s:3:\"1.4\";s:14:\"version_latest\";s:5:\"1.4.1\";s:3:\"url\";s:178:\"https://s3.amazonaws.com/gravityforms/addons/madmimi/gravityformsmadmimi_1.4.zip?AWSAccessKeyId=AKIA5U3GBHC5WDRZA6NK&Expires=1699178112&Signature=5qXs7e8PIVKSyCFME6RTu%2FqM8ts%3D\";s:10:\"url_latest\";s:180:\"https://s3.amazonaws.com/gravityforms/addons/madmimi/gravityformsmadmimi_1.4.1.zip?AWSAccessKeyId=AKIA5U3GBHC5WDRZA6NK&Expires=1699178112&Signature=qajI26Rwz%2F7PANWeR7mv4AoTfbw%3D\";}s:21:\"gravityformsmailchimp\";a:5:{s:12:\"is_available\";b:1;s:7:\"version\";s:3:\"5.2\";s:14:\"version_latest\";s:5:\"5.2.1\";s:3:\"url\";s:182:\"https://s3.amazonaws.com/gravityforms/addons/mailchimp/gravityformsmailchimp_5.2.0.zip?AWSAccessKeyId=AKIA5U3GBHC5WDRZA6NK&Expires=1699178112&Signature=jrGiQPctj4F7NcLdXfid1RF2zUA%3D\";s:10:\"url_latest\";s:182:\"https://s3.amazonaws.com/gravityforms/addons/mailchimp/gravityformsmailchimp_5.2.1.zip?AWSAccessKeyId=AKIA5U3GBHC5WDRZA6NK&Expires=1699178112&Signature=x2TAdz3xPy2YqYiYXs41kdBgD2k%3D\";}s:19:\"gravityformsmailgun\";a:5:{s:12:\"is_available\";b:1;s:7:\"version\";s:3:\"1.3\";s:14:\"version_latest\";s:5:\"1.3.1\";s:3:\"url\";s:176:\"https://s3.amazonaws.com/gravityforms/addons/mailgun/gravityformsmailgun_1.3.zip?AWSAccessKeyId=AKIA5U3GBHC5WDRZA6NK&Expires=1699178112&Signature=WVSydmBqdsmpIPGjd7nVVZ88Ejc%3D\";s:10:\"url_latest\";s:182:\"https://s3.amazonaws.com/gravityforms/addons/mailgun/gravityformsmailgun_1.3.1.zip?AWSAccessKeyId=AKIA5U3GBHC5WDRZA6NK&Expires=1699178112&Signature=SW9ttA%2FTyCr2LvxQ5oKJpi%2FauVA%3D\";}s:22:\"gravityformsmoderation\";a:5:{s:12:\"is_available\";b:1;s:7:\"version\";s:3:\"1.0\";s:14:\"version_latest\";s:5:\"1.0.2\";s:3:\"url\";s:182:\"https://s3.amazonaws.com/gravityforms/addons/moderation/gravityformsmoderation_1.0.zip?AWSAccessKeyId=AKIA5U3GBHC5WDRZA6NK&Expires=1699178112&Signature=v3goctklsYoxR7YLn1zj5kCYvlk%3D\";s:10:\"url_latest\";s:188:\"https://s3.amazonaws.com/gravityforms/addons/moderation/gravityformsmoderation_1.0.2.zip?AWSAccessKeyId=AKIA5U3GBHC5WDRZA6NK&Expires=1699178112&Signature=oexjHSWzTtHxaKM8%2FXoskuP%2FgLk%3D\";}s:18:\"gravityformsmollie\";a:5:{s:12:\"is_available\";b:1;s:7:\"version\";s:5:\"1.4.0\";s:14:\"version_latest\";s:5:\"1.4.0\";s:3:\"url\";s:176:\"https://s3.amazonaws.com/gravityforms/addons/mollie/gravityformsmollie_1.4.0.zip?AWSAccessKeyId=AKIA5U3GBHC5WDRZA6NK&Expires=1699178112&Signature=qzDWaQF097y1yZpOabLMeKDr2TE%3D\";s:10:\"url_latest\";s:176:\"https://s3.amazonaws.com/gravityforms/addons/mollie/gravityformsmollie_1.4.0.zip?AWSAccessKeyId=AKIA5U3GBHC5WDRZA6NK&Expires=1699178112&Signature=qzDWaQF097y1yZpOabLMeKDr2TE%3D\";}s:26:\"gravityformspartialentries\";a:5:{s:12:\"is_available\";b:1;s:7:\"version\";s:3:\"1.7\";s:14:\"version_latest\";s:3:\"1.7\";s:3:\"url\";s:190:\"https://s3.amazonaws.com/gravityforms/addons/partialentries/gravityformspartialentries_1.7.zip?AWSAccessKeyId=AKIA5U3GBHC5WDRZA6NK&Expires=1699178112&Signature=Gr5bpiII63cXwB41el7LWNx62fM%3D\";s:10:\"url_latest\";s:190:\"https://s3.amazonaws.com/gravityforms/addons/partialentries/gravityformspartialentries_1.7.zip?AWSAccessKeyId=AKIA5U3GBHC5WDRZA6NK&Expires=1699178112&Signature=Gr5bpiII63cXwB41el7LWNx62fM%3D\";}s:18:\"gravityformspaypal\";a:5:{s:12:\"is_available\";b:1;s:7:\"version\";s:3:\"3.5\";s:14:\"version_latest\";s:3:\"3.5\";s:3:\"url\";s:174:\"https://s3.amazonaws.com/gravityforms/addons/paypal/gravityformspaypal_3.5.zip?AWSAccessKeyId=AKIA5U3GBHC5WDRZA6NK&Expires=1699178112&Signature=bTmNGHHo1t12qDtzqUklKCaSo7w%3D\";s:10:\"url_latest\";s:174:\"https://s3.amazonaws.com/gravityforms/addons/paypal/gravityformspaypal_3.5.zip?AWSAccessKeyId=AKIA5U3GBHC5WDRZA6NK&Expires=1699178112&Signature=bTmNGHHo1t12qDtzqUklKCaSo7w%3D\";}s:33:\"gravityformspaypalexpresscheckout\";a:3:{s:12:\"is_available\";b:0;s:7:\"version\";s:0:\"\";s:14:\"version_latest\";N;}s:29:\"gravityformspaypalpaymentspro\";a:5:{s:12:\"is_available\";b:1;s:7:\"version\";s:3:\"2.7\";s:14:\"version_latest\";s:3:\"2.7\";s:3:\"url\";s:198:\"https://s3.amazonaws.com/gravityforms/addons/paypalpaymentspro/gravityformspaypalpaymentspro_2.7.zip?AWSAccessKeyId=AKIA5U3GBHC5WDRZA6NK&Expires=1699178112&Signature=EY0LLy%2BBBALiJr7G22qd3a8Qwic%3D\";s:10:\"url_latest\";s:198:\"https://s3.amazonaws.com/gravityforms/addons/paypalpaymentspro/gravityformspaypalpaymentspro_2.7.zip?AWSAccessKeyId=AKIA5U3GBHC5WDRZA6NK&Expires=1699178112&Signature=EY0LLy%2BBBALiJr7G22qd3a8Qwic%3D\";}s:21:\"gravityformspaypalpro\";a:5:{s:12:\"is_available\";b:1;s:7:\"version\";s:5:\"1.8.1\";s:14:\"version_latest\";s:5:\"1.8.4\";s:3:\"url\";s:184:\"https://s3.amazonaws.com/gravityforms/addons/paypalpro/gravityformspaypalpro_1.8.1.zip?AWSAccessKeyId=AKIA5U3GBHC5WDRZA6NK&Expires=1699178112&Signature=9oX6OMWWIaMmHS2IA%2F0Ck5poyo0%3D\";s:10:\"url_latest\";s:184:\"https://s3.amazonaws.com/gravityforms/addons/paypalpro/gravityformspaypalpro_1.8.4.zip?AWSAccessKeyId=AKIA5U3GBHC5WDRZA6NK&Expires=1699178112&Signature=Utozn0SaC1ydQwn%2BSVBjPTlNZ8w%3D\";}s:20:\"gravityformspicatcha\";a:3:{s:12:\"is_available\";b:0;s:7:\"version\";s:3:\"2.0\";s:14:\"version_latest\";s:3:\"2.0\";}s:16:\"gravityformspipe\";a:5:{s:12:\"is_available\";b:1;s:7:\"version\";s:3:\"1.2\";s:14:\"version_latest\";s:5:\"1.3.1\";s:3:\"url\";s:172:\"https://s3.amazonaws.com/gravityforms/addons/pipe/gravityformspipe_1.2.zip?AWSAccessKeyId=AKIA5U3GBHC5WDRZA6NK&Expires=1699178112&Signature=%2FETQ1K8xIIHYL69LDEs1ZYoT6wk%3D\";s:10:\"url_latest\";s:172:\"https://s3.amazonaws.com/gravityforms/addons/pipe/gravityformspipe_1.3.1.zip?AWSAccessKeyId=AKIA5U3GBHC5WDRZA6NK&Expires=1699178112&Signature=yQAGH0UaJo3TagfbXXto5VBMrfI%3D\";}s:17:\"gravityformspolls\";a:5:{s:12:\"is_available\";b:1;s:7:\"version\";s:3:\"4.1\";s:14:\"version_latest\";s:3:\"4.1\";s:3:\"url\";s:172:\"https://s3.amazonaws.com/gravityforms/addons/polls/gravityformspolls_4.1.zip?AWSAccessKeyId=AKIA5U3GBHC5WDRZA6NK&Expires=1699178112&Signature=irOChQ0uhRNJhZwLnbLNMaEwfKQ%3D\";s:10:\"url_latest\";s:172:\"https://s3.amazonaws.com/gravityforms/addons/polls/gravityformspolls_4.1.zip?AWSAccessKeyId=AKIA5U3GBHC5WDRZA6NK&Expires=1699178112&Signature=irOChQ0uhRNJhZwLnbLNMaEwfKQ%3D\";}s:20:\"gravityformspostmark\";a:5:{s:12:\"is_available\";b:1;s:7:\"version\";s:3:\"1.3\";s:14:\"version_latest\";s:3:\"1.3\";s:3:\"url\";s:178:\"https://s3.amazonaws.com/gravityforms/addons/postmark/gravityformspostmark_1.3.zip?AWSAccessKeyId=AKIA5U3GBHC5WDRZA6NK&Expires=1699178112&Signature=LxwqaZX18UNNstrCl6yBFRmARn8%3D\";s:10:\"url_latest\";s:178:\"https://s3.amazonaws.com/gravityforms/addons/postmark/gravityformspostmark_1.3.zip?AWSAccessKeyId=AKIA5U3GBHC5WDRZA6NK&Expires=1699178112&Signature=LxwqaZX18UNNstrCl6yBFRmARn8%3D\";}s:16:\"gravityformsppcp\";a:5:{s:12:\"is_available\";b:1;s:7:\"version\";s:5:\"2.9.0\";s:14:\"version_latest\";s:5:\"2.9.0\";s:3:\"url\";s:174:\"https://s3.amazonaws.com/gravityforms/addons/ppcp/gravityformsppcp_2.9.0.zip?AWSAccessKeyId=AKIA5U3GBHC5WDRZA6NK&Expires=1699178112&Signature=h6BqFU0s%2BvcVmwwv4dN8qhTBRiU%3D\";s:10:\"url_latest\";s:174:\"https://s3.amazonaws.com/gravityforms/addons/ppcp/gravityformsppcp_2.9.0.zip?AWSAccessKeyId=AKIA5U3GBHC5WDRZA6NK&Expires=1699178112&Signature=h6BqFU0s%2BvcVmwwv4dN8qhTBRiU%3D\";}s:16:\"gravityformsquiz\";a:5:{s:12:\"is_available\";b:1;s:7:\"version\";s:3:\"4.1\";s:14:\"version_latest\";s:3:\"4.1\";s:3:\"url\";s:172:\"https://s3.amazonaws.com/gravityforms/addons/quiz/gravityformsquiz_4.1.zip?AWSAccessKeyId=AKIA5U3GBHC5WDRZA6NK&Expires=1699178112&Signature=3Na%2FLI3f3OMYh9Ib6uvPurRUXD4%3D\";s:10:\"url_latest\";s:172:\"https://s3.amazonaws.com/gravityforms/addons/quiz/gravityformsquiz_4.1.zip?AWSAccessKeyId=AKIA5U3GBHC5WDRZA6NK&Expires=1699178112&Signature=3Na%2FLI3f3OMYh9Ib6uvPurRUXD4%3D\";}s:21:\"gravityformsrecaptcha\";a:5:{s:12:\"is_available\";b:1;s:7:\"version\";s:5:\"1.2.0\";s:14:\"version_latest\";s:5:\"1.2.2\";s:3:\"url\";s:188:\"https://s3.amazonaws.com/gravityforms/addons/recaptcha/gravityformsrecaptcha_1.2.0.zip?AWSAccessKeyId=AKIA5U3GBHC5WDRZA6NK&Expires=1699178112&Signature=cgtLCrBoW9kSt3f%2B%2FC036y%2Flg3A%3D\";s:10:\"url_latest\";s:186:\"https://s3.amazonaws.com/gravityforms/addons/recaptcha/gravityformsrecaptcha_1.2.2.zip?AWSAccessKeyId=AKIA5U3GBHC5WDRZA6NK&Expires=1699178112&Signature=J0lhAzEjj%2Bp0FR0%2FZ2jiVSMFofE%3D\";}s:19:\"gravityformsrestapi\";a:5:{s:12:\"is_available\";b:1;s:7:\"version\";s:10:\"2.0-beta-2\";s:14:\"version_latest\";s:10:\"2.0-beta-2\";s:3:\"url\";s:185:\"https://s3.amazonaws.com/gravityforms/addons/restapi/gravityformsrestapi_2.0-beta-2.zip?AWSAccessKeyId=AKIA5U3GBHC5WDRZA6NK&Expires=1699178112&Signature=KwHZ7faE3LwfQWOdXm0%2FhzcGCa8%3D\";s:10:\"url_latest\";s:185:\"https://s3.amazonaws.com/gravityforms/addons/restapi/gravityformsrestapi_2.0-beta-2.zip?AWSAccessKeyId=AKIA5U3GBHC5WDRZA6NK&Expires=1699178112&Signature=KwHZ7faE3LwfQWOdXm0%2FhzcGCa8%3D\";}s:20:\"gravityformssendgrid\";a:5:{s:12:\"is_available\";b:1;s:7:\"version\";s:3:\"1.5\";s:14:\"version_latest\";s:3:\"1.5\";s:3:\"url\";s:182:\"https://s3.amazonaws.com/gravityforms/addons/sendgrid/gravityformssendgrid_1.5.zip?AWSAccessKeyId=AKIA5U3GBHC5WDRZA6NK&Expires=1699178112&Signature=KcUlKJy0C%2FdbWHk13%2BqnTRWDRBs%3D\";s:10:\"url_latest\";s:182:\"https://s3.amazonaws.com/gravityforms/addons/sendgrid/gravityformssendgrid_1.5.zip?AWSAccessKeyId=AKIA5U3GBHC5WDRZA6NK&Expires=1699178112&Signature=KcUlKJy0C%2FdbWHk13%2BqnTRWDRBs%3D\";}s:21:\"gravityformssignature\";a:5:{s:12:\"is_available\";b:1;s:7:\"version\";s:3:\"4.5\";s:14:\"version_latest\";s:3:\"4.5\";s:3:\"url\";s:182:\"https://s3.amazonaws.com/gravityforms/addons/signature/gravityformssignature_4.5.zip?AWSAccessKeyId=AKIA5U3GBHC5WDRZA6NK&Expires=1699178112&Signature=OUgjx9N5ZGob2Y3%2BUOAB4k8IMDY%3D\";s:10:\"url_latest\";s:182:\"https://s3.amazonaws.com/gravityforms/addons/signature/gravityformssignature_4.5.zip?AWSAccessKeyId=AKIA5U3GBHC5WDRZA6NK&Expires=1699178112&Signature=OUgjx9N5ZGob2Y3%2BUOAB4k8IMDY%3D\";}s:17:\"gravityformsslack\";a:5:{s:12:\"is_available\";b:1;s:7:\"version\";s:3:\"2.0\";s:14:\"version_latest\";s:5:\"2.0.1\";s:3:\"url\";s:172:\"https://s3.amazonaws.com/gravityforms/addons/slack/gravityformsslack_2.0.zip?AWSAccessKeyId=AKIA5U3GBHC5WDRZA6NK&Expires=1699178112&Signature=1QJwwRnMAX7BqECImfyMcRUxoZs%3D\";s:10:\"url_latest\";s:178:\"https://s3.amazonaws.com/gravityforms/addons/slack/gravityformsslack_2.0.1.zip?AWSAccessKeyId=AKIA5U3GBHC5WDRZA6NK&Expires=1699178112&Signature=cx%2BqBnm%2FGADWLBgXcbfRDHXG60E%3D\";}s:18:\"gravityformssquare\";a:5:{s:12:\"is_available\";b:1;s:7:\"version\";s:5:\"2.0.0\";s:14:\"version_latest\";s:5:\"2.0.0\";s:3:\"url\";s:176:\"https://s3.amazonaws.com/gravityforms/addons/square/gravityformssquare_2.0.0.zip?AWSAccessKeyId=AKIA5U3GBHC5WDRZA6NK&Expires=1699178112&Signature=kiUdQFZRBUnLZNjUWE8fbCqoMVM%3D\";s:10:\"url_latest\";s:176:\"https://s3.amazonaws.com/gravityforms/addons/square/gravityformssquare_2.0.0.zip?AWSAccessKeyId=AKIA5U3GBHC5WDRZA6NK&Expires=1699178112&Signature=kiUdQFZRBUnLZNjUWE8fbCqoMVM%3D\";}s:18:\"gravityformsstripe\";a:5:{s:12:\"is_available\";b:1;s:7:\"version\";s:5:\"5.2.0\";s:14:\"version_latest\";s:5:\"5.2.1\";s:3:\"url\";s:178:\"https://s3.amazonaws.com/gravityforms/addons/stripe/gravityformsstripe_5.2.0.zip?AWSAccessKeyId=AKIA5U3GBHC5WDRZA6NK&Expires=1699178112&Signature=S0b%2BYFHRh9T2EJOVjRiJahsNucs%3D\";s:10:\"url_latest\";s:176:\"https://s3.amazonaws.com/gravityforms/addons/stripe/gravityformsstripe_5.2.1.zip?AWSAccessKeyId=AKIA5U3GBHC5WDRZA6NK&Expires=1699178112&Signature=h2H36ZIL0O4bMyqEanqhU6XhRz4%3D\";}s:18:\"gravityformssurvey\";a:5:{s:12:\"is_available\";b:1;s:7:\"version\";s:3:\"3.8\";s:14:\"version_latest\";s:3:\"3.8\";s:3:\"url\";s:176:\"https://s3.amazonaws.com/gravityforms/addons/survey/gravityformssurvey_3.8.zip?AWSAccessKeyId=AKIA5U3GBHC5WDRZA6NK&Expires=1699178112&Signature=%2FHQzfFKQbBXkd56Yav8nqghnGPQ%3D\";s:10:\"url_latest\";s:176:\"https://s3.amazonaws.com/gravityforms/addons/survey/gravityformssurvey_3.8.zip?AWSAccessKeyId=AKIA5U3GBHC5WDRZA6NK&Expires=1699178112&Signature=%2FHQzfFKQbBXkd56Yav8nqghnGPQ%3D\";}s:18:\"gravityformstrello\";a:5:{s:12:\"is_available\";b:1;s:7:\"version\";s:3:\"2.0\";s:14:\"version_latest\";s:5:\"2.0.1\";s:3:\"url\";s:176:\"https://s3.amazonaws.com/gravityforms/addons/trello/gravityformstrello_2.0.zip?AWSAccessKeyId=AKIA5U3GBHC5WDRZA6NK&Expires=1699178112&Signature=yvCDuGRqr6m%2BHPwpXAGMTYcLpXg%3D\";s:10:\"url_latest\";s:176:\"https://s3.amazonaws.com/gravityforms/addons/trello/gravityformstrello_2.0.1.zip?AWSAccessKeyId=AKIA5U3GBHC5WDRZA6NK&Expires=1699178112&Signature=SsBozkM7KnqV0YedTmDe1VvAJP8%3D\";}s:21:\"gravityformsturnstile\";a:5:{s:12:\"is_available\";b:1;s:7:\"version\";s:5:\"1.0.0\";s:14:\"version_latest\";s:5:\"1.0.0\";s:3:\"url\";s:184:\"https://s3.amazonaws.com/gravityforms/addons/turnstile/gravityformsturnstile_1.0.0.zip?AWSAccessKeyId=AKIA5U3GBHC5WDRZA6NK&Expires=1699178112&Signature=VuAgzbKsISmbEm5w%2BZTUoYE3ffE%3D\";s:10:\"url_latest\";s:184:\"https://s3.amazonaws.com/gravityforms/addons/turnstile/gravityformsturnstile_1.0.0.zip?AWSAccessKeyId=AKIA5U3GBHC5WDRZA6NK&Expires=1699178112&Signature=VuAgzbKsISmbEm5w%2BZTUoYE3ffE%3D\";}s:18:\"gravityformstwilio\";a:5:{s:12:\"is_available\";b:1;s:7:\"version\";s:3:\"2.9\";s:14:\"version_latest\";s:5:\"2.9.1\";s:3:\"url\";s:174:\"https://s3.amazonaws.com/gravityforms/addons/twilio/gravityformstwilio_2.9.zip?AWSAccessKeyId=AKIA5U3GBHC5WDRZA6NK&Expires=1699178112&Signature=hzKAa4XfVVPDIiZeRbdFdzN6xic%3D\";s:10:\"url_latest\";s:176:\"https://s3.amazonaws.com/gravityforms/addons/twilio/gravityformstwilio_2.9.1.zip?AWSAccessKeyId=AKIA5U3GBHC5WDRZA6NK&Expires=1699178112&Signature=N7k7kcuHEiLj4urUJm6NLRy8jvA%3D\";}s:28:\"gravityformsuserregistration\";a:5:{s:12:\"is_available\";b:1;s:7:\"version\";s:5:\"5.2.0\";s:14:\"version_latest\";s:5:\"5.2.0\";s:3:\"url\";s:198:\"https://s3.amazonaws.com/gravityforms/addons/userregistration/gravityformsuserregistration_5.2.0.zip?AWSAccessKeyId=AKIA5U3GBHC5WDRZA6NK&Expires=1699178112&Signature=PCAMOhwYr8jCFqmA4rJ%2BD1uAmNk%3D\";s:10:\"url_latest\";s:198:\"https://s3.amazonaws.com/gravityforms/addons/userregistration/gravityformsuserregistration_5.2.0.zip?AWSAccessKeyId=AKIA5U3GBHC5WDRZA6NK&Expires=1699178112&Signature=PCAMOhwYr8jCFqmA4rJ%2BD1uAmNk%3D\";}s:20:\"gravityformswebhooks\";a:5:{s:12:\"is_available\";b:1;s:7:\"version\";s:3:\"1.5\";s:14:\"version_latest\";s:3:\"1.5\";s:3:\"url\";s:182:\"https://s3.amazonaws.com/gravityforms/addons/webhooks/gravityformswebhooks_1.5.zip?AWSAccessKeyId=AKIA5U3GBHC5WDRZA6NK&Expires=1699178112&Signature=3rdDefpQF1s%2Bf9SUGa1ljWQoq%2Bw%3D\";s:10:\"url_latest\";s:182:\"https://s3.amazonaws.com/gravityforms/addons/webhooks/gravityformswebhooks_1.5.zip?AWSAccessKeyId=AKIA5U3GBHC5WDRZA6NK&Expires=1699178112&Signature=3rdDefpQF1s%2Bf9SUGa1ljWQoq%2Bw%3D\";}s:18:\"gravityformszapier\";a:5:{s:12:\"is_available\";b:1;s:7:\"version\";s:3:\"4.2\";s:14:\"version_latest\";s:5:\"4.2.1\";s:3:\"url\";s:178:\"https://s3.amazonaws.com/gravityforms/addons/zapier/gravityformszapier_4.2.zip?AWSAccessKeyId=AKIA5U3GBHC5WDRZA6NK&Expires=1699178112&Signature=ecmR%2B%2FWK3llkk4rHpsZyM9jwkZc%3D\";s:10:\"url_latest\";s:176:\"https://s3.amazonaws.com/gravityforms/addons/zapier/gravityformszapier_4.2.1.zip?AWSAccessKeyId=AKIA5U3GBHC5WDRZA6NK&Expires=1699178112&Signature=bZdZD397kdDnbzAZhMfBGoU0pI8%3D\";}s:19:\"gravityformszohocrm\";a:5:{s:12:\"is_available\";b:1;s:7:\"version\";s:3:\"2.0\";s:14:\"version_latest\";s:5:\"2.0.1\";s:3:\"url\";s:176:\"https://s3.amazonaws.com/gravityforms/addons/zohocrm/gravityformszohocrm_2.0.zip?AWSAccessKeyId=AKIA5U3GBHC5WDRZA6NK&Expires=1699178112&Signature=nFPN4CHIa49NoMunvPnTjOL73UM%3D\";s:10:\"url_latest\";s:178:\"https://s3.amazonaws.com/gravityforms/addons/zohocrm/gravityformszohocrm_2.0.1.zip?AWSAccessKeyId=AKIA5U3GBHC5WDRZA6NK&Expires=1699178112&Signature=Eu8TstdtKMwcQ7Kpx6BzYkKn5YU%3D\";}s:11:\"gravitysmtp\";a:5:{s:12:\"is_available\";b:1;s:7:\"version\";s:11:\"1.0-alpha-6\";s:14:\"version_latest\";s:11:\"1.0-alpha-6\";s:3:\"url\";s:180:\"https://s3.amazonaws.com/gravityforms/addons/gravitysmtp/gravitysmtp_1.0-alpha-6.zip?AWSAccessKeyId=AKIA5U3GBHC5WDRZA6NK&Expires=1699178112&Signature=xxmvh01TzNKb1XvJJJ5jZJszkn8%3D\";s:10:\"url_latest\";s:180:\"https://s3.amazonaws.com/gravityforms/addons/gravitysmtp/gravitysmtp_1.0-alpha-6.zip?AWSAccessKeyId=AKIA5U3GBHC5WDRZA6NK&Expires=1699178112&Signature=xxmvh01TzNKb1XvJJJ5jZJszkn8%3D\";}}s:9:\"is_active\";s:1:\"1\";s:12:\"product_code\";s:7:\"GFELITE\";s:12:\"date_created\";s:19:\"2022-04-19 21:24:41\";s:14:\"version_latest\";s:6:\"2.7.16\";s:10:\"url_latest\";s:166:\"https://s3.amazonaws.com/gravityforms/releases/gravityforms_2.7.16.zip?AWSAccessKeyId=AKIA5U3GBHC5WDRZA6NK&Expires=1699178112&Signature=ialdsMEpj32M2SK9IzCPbJYuIxU%3D\";s:9:\"timestamp\";i:1699005312;}', 'no'),
(121, 'theme_mods_twentytwenty', 'a:1:{s:16:\"sidebars_widgets\";a:2:{s:4:\"time\";i:1595607102;s:4:\"data\";a:3:{s:19:\"wp_inactive_widgets\";a:0:{}s:9:\"sidebar-1\";a:3:{i:0;s:8:\"search-2\";i:1;s:14:\"recent-posts-2\";i:2;s:17:\"recent-comments-2\";}s:9:\"sidebar-2\";a:3:{i:0;s:10:\"archives-2\";i:1;s:12:\"categories-2\";i:2;s:6:\"meta-2\";}}}}', 'off'),
(122, 'current_theme', 'Beaver Builder Child Theme', 'yes'),
(123, 'theme_mods_bb-theme-child', 'a:76:{i:0;b:0;s:24:\"fl-body-font-size_medium\";s:2:\"14\";s:24:\"fl-body-font-size_mobile\";s:2:\"14\";s:26:\"fl-button-font-size_medium\";s:2:\"16\";s:26:\"fl-button-font-size_mobile\";s:2:\"16\";s:28:\"fl-button-line-height_medium\";s:3:\"1.2\";s:28:\"fl-button-line-height_mobile\";s:3:\"1.2\";s:26:\"fl-body-line-height_medium\";s:4:\"1.45\";s:26:\"fl-body-line-height_mobile\";s:4:\"1.45\";s:22:\"fl-h1-font-size_medium\";s:2:\"36\";s:22:\"fl-h1-font-size_mobile\";s:2:\"36\";s:24:\"fl-h1-line-height_medium\";s:3:\"1.4\";s:24:\"fl-h1-line-height_mobile\";s:3:\"1.4\";s:27:\"fl-h1-letter-spacing_medium\";s:1:\"0\";s:27:\"fl-h1-letter-spacing_mobile\";s:1:\"0\";s:22:\"fl-h2-font-size_medium\";s:2:\"30\";s:22:\"fl-h2-font-size_mobile\";s:2:\"30\";s:24:\"fl-h2-line-height_medium\";s:3:\"1.4\";s:24:\"fl-h2-line-height_mobile\";s:3:\"1.4\";s:27:\"fl-h2-letter-spacing_medium\";s:1:\"0\";s:27:\"fl-h2-letter-spacing_mobile\";s:1:\"0\";s:22:\"fl-h3-font-size_medium\";s:2:\"24\";s:22:\"fl-h3-font-size_mobile\";s:2:\"24\";s:24:\"fl-h3-line-height_medium\";s:3:\"1.4\";s:24:\"fl-h3-line-height_mobile\";s:3:\"1.4\";s:27:\"fl-h3-letter-spacing_medium\";s:1:\"0\";s:27:\"fl-h3-letter-spacing_mobile\";s:1:\"0\";s:22:\"fl-h4-font-size_medium\";s:2:\"18\";s:22:\"fl-h4-font-size_mobile\";s:2:\"18\";s:24:\"fl-h4-line-height_medium\";s:3:\"1.4\";s:24:\"fl-h4-line-height_mobile\";s:3:\"1.4\";s:27:\"fl-h4-letter-spacing_medium\";s:1:\"0\";s:27:\"fl-h4-letter-spacing_mobile\";s:1:\"0\";s:22:\"fl-h5-font-size_medium\";s:2:\"14\";s:22:\"fl-h5-font-size_mobile\";s:2:\"14\";s:24:\"fl-h5-line-height_medium\";s:3:\"1.4\";s:24:\"fl-h5-line-height_mobile\";s:3:\"1.4\";s:27:\"fl-h5-letter-spacing_medium\";s:1:\"0\";s:27:\"fl-h5-letter-spacing_mobile\";s:1:\"0\";s:22:\"fl-h6-font-size_medium\";s:2:\"12\";s:22:\"fl-h6-font-size_mobile\";s:2:\"12\";s:24:\"fl-h6-line-height_medium\";s:3:\"1.4\";s:24:\"fl-h6-line-height_mobile\";s:3:\"1.4\";s:27:\"fl-h6-letter-spacing_medium\";s:1:\"0\";s:27:\"fl-h6-letter-spacing_mobile\";s:1:\"0\";s:37:\"fl-hamburger-icon-top-position_medium\";s:2:\"24\";s:37:\"fl-hamburger-icon-top-position_mobile\";s:2:\"24\";s:18:\"fl-topbar-bg-color\";s:7:\"#ffffff\";s:20:\"fl-topbar-text-color\";s:7:\"#000000\";s:20:\"fl-topbar-link-color\";s:7:\"#428bca\";s:21:\"fl-topbar-hover-color\";s:7:\"#428bca\";s:18:\"fl-header-bg-color\";s:7:\"#ffffff\";s:20:\"fl-header-text-color\";s:7:\"#000000\";s:20:\"fl-header-link-color\";s:7:\"#428bca\";s:21:\"fl-header-hover-color\";s:7:\"#428bca\";s:15:\"fl-nav-bg-color\";s:7:\"#ffffff\";s:17:\"fl-nav-text-color\";s:7:\"#000000\";s:17:\"fl-nav-link-color\";s:7:\"#428bca\";s:18:\"fl-nav-hover-color\";s:7:\"#428bca\";s:26:\"fl-footer-widgets-bg-color\";s:7:\"#ffffff\";s:28:\"fl-footer-widgets-text-color\";s:7:\"#000000\";s:28:\"fl-footer-widgets-link-color\";s:7:\"#428bca\";s:29:\"fl-footer-widgets-hover-color\";s:7:\"#428bca\";s:18:\"fl-footer-bg-color\";s:7:\"#ffffff\";s:20:\"fl-footer-text-color\";s:7:\"#000000\";s:20:\"fl-footer-link-color\";s:7:\"#428bca\";s:21:\"fl-footer-hover-color\";s:7:\"#428bca\";s:18:\"fl-nav-font-family\";s:9:\"Helvetica\";s:18:\"fl-nav-font-weight\";s:3:\"400\";s:18:\"fl-nav-font-format\";s:4:\"none\";s:16:\"fl-nav-font-size\";s:2:\"14\";s:18:\"nav_menu_locations\";a:0:{}s:18:\"custom_css_post_id\";i:271;s:9:\"fl-accent\";s:7:\"#a53b26\";s:15:\"fl-accent-hover\";s:7:\"#e46f3c\";s:10:\"fl-js-code\";s:81:\"$( document ).ready(function() {\n    $(\'#dsidx-top-search\').addClass(\'open\');\n});\";}', 'yes'),
(124, 'theme_switched', '', 'yes'),
(125, 'fl_theme_css_key-skin', '64187ff3c3377', 'yes'),
(126, '_fl_automator_version', '1.7.13', 'yes'),
(127, 'fl_theme_css_key-editor', '6540aca811144', 'yes'),
(130, 'recently_activated', 'a:0:{}', 'yes'),
(133, 'dsidxpress', 'a:17:{s:24:\"UseAlternateUrlStructure\";s:0:\"\";s:9:\"AccountID\";s:7:\"1512761\";s:13:\"SearchSetupID\";s:2:\"39\";s:13:\"PrivateApiKey\";s:36:\"4d2eb076-ac48-489b-b655-e774dd454e33\";s:17:\"HasSearchAgentPro\";s:0:\"\";s:17:\"dsIDXPressPackage\";s:0:\"\";s:9:\"Activated\";s:1:\"1\";s:27:\"DetailsRequiresRegistration\";s:0:\"\";s:15:\"DetailsTemplate\";s:15:\"tpl-sidebar.php\";s:15:\"ResultsTemplate\";s:15:\"tpl-sidebar.php\";s:16:\"AdvancedTemplate\";s:0:\"\";s:11:\"IDXTemplate\";s:24:\"tpl-no-header-footer.php\";s:11:\"404Template\";s:3:\"259\";s:29:\"ResultsDefaultStateModernView\";s:4:\"grid\";s:12:\"ImageDisplay\";s:9:\"slideshow\";s:7:\"AgentID\";s:6:\"122618\";s:8:\"OfficeID\";s:0:\"\";}', 'yes'),
(134, 'widget_dsidx-quicksearch', 'a:1:{s:12:\"_multiwidget\";i:1;}', 'yes'),
(135, 'widget_dsidx-search', 'a:2:{i:2;a:2:{s:5:\"title\";s:18:\"Real Estate Search\";s:13:\"searchOptions\";a:10:{s:6:\"cities\";a:1:{i:0;s:0:\"\";}s:11:\"communities\";a:1:{i:0;s:0:\"\";}s:6:\"tracts\";a:1:{i:0;s:0:\"\";}s:4:\"zips\";a:1:{i:0;s:0:\"\";}s:11:\"show_cities\";s:2:\"no\";s:16:\"show_communities\";s:2:\"no\";s:11:\"show_tracts\";s:2:\"no\";s:9:\"show_zips\";s:2:\"no\";s:14:\"show_mlsnumber\";s:2:\"no\";s:13:\"show_advanced\";s:2:\"no\";}}s:12:\"_multiwidget\";i:1;}', 'yes'),
(136, 'widget_dsidx-list-areas', 'a:1:{s:12:\"_multiwidget\";i:1;}', 'yes'),
(137, 'widget_dsidx-listings', 'a:2:{i:2;a:6:{s:14:\"listingsToShow\";s:1:\"4\";s:4:\"sort\";s:14:\"DateAdded|DESC\";s:14:\"defaultDisplay\";s:8:\"expanded\";s:11:\"querySource\";s:4:\"area\";s:16:\"areaSourceConfig\";a:2:{s:4:\"type\";s:4:\"city\";s:4:\"name\";s:0:\"\";}s:5:\"title\";s:18:\"Latest Real Estate\";}s:12:\"_multiwidget\";i:1;}', 'yes'),
(138, 'widget_dsidx-single-listing', 'a:5:{i:2;a:1:{s:10:\"mls_number\";s:7:\"1639032\";}i:3;a:1:{s:10:\"mls_number\";s:7:\"1636722\";}i:4;a:1:{s:10:\"mls_number\";s:7:\"1679266\";}i:5;a:1:{s:10:\"mls_number\";s:7:\"1679243\";}s:12:\"_multiwidget\";i:1;}', 'yes'),
(146, 'widget_dsidx-recentstatus', 'a:1:{s:12:\"_multiwidget\";i:1;}', 'yes'),
(147, 'widget_dsidx-slideshow', 'a:1:{s:12:\"_multiwidget\";i:1;}', 'yes'),
(148, 'widget_dsidx-mapsearch', 'a:1:{s:12:\"_multiwidget\";i:1;}', 'yes'),
(153, 'yoast_migrations_free', 'a:1:{s:7:\"version\";s:5:\"20.12\";}', 'yes');
INSERT INTO `wpry_4_options` (`option_id`, `option_name`, `option_value`, `autoload`) VALUES
(158, 'rewrite_rules', 'a:206:{s:33:\"idx/city/([^/]+)(?:/page\\-(\\d+))?\";s:82:\"index.php?idx-action=results&idx-q-Cities=$matches[1]&idx-d-ResultPage=$matches[2]\";s:38:\"idx/community/([^/]+)(?:/page\\-(\\d+))?\";s:87:\"index.php?idx-action=results&idx-q-Communities=$matches[1]&idx-d-ResultPage=$matches[2]\";s:34:\"idx/tract/([^/]+)(?:/page\\-(\\d+))?\";s:92:\"index.php?idx-action=results&idx-q-TractIdentifiers=$matches[1]&idx-d-ResultPage=$matches[2]\";s:33:\"idx/area/([^/]+)(?:/page\\-(\\d+))?\";s:81:\"index.php?idx-action=results&idx-q-Areas=$matches[1]&idx-d-ResultPage=$matches[2]\";s:30:\"idx/zip/(\\d+)(?:/page\\-(\\d+))?\";s:84:\"index.php?idx-action=results&idx-q-ZipCodes=$matches[1]&idx-d-ResultPage=$matches[2]\";s:15:\"idx/mls-(.+)-.*\";s:56:\"index.php?idx-action=details&idx-q-MlsNumber=$matches[1]\";s:21:\"idx/(\\d+)-mls-(.+)-.*\";s:85:\"index.php?idx-action=details&idx-q-PropertyID=$matches[1]&idx-q-MlsNumber=$matches[2]\";s:31:\"idx/(\\d+)[^/]*(?:/page\\-(\\d+))?\";s:82:\"index.php?idx-action=results&idx-q-LinkID=$matches[1]&idx-d-ResultPage=$matches[2]\";s:14:\"idx/advanced.*\";s:27:\"index.php?idx-action=framed\";s:13:\"idx/search/?$\";s:27:\"index.php?idx-action=search\";s:21:\"idx(?:/page\\-(\\d+))?$\";s:57:\"index.php?idx-action=results&idx-d-ResultPage=$matches[1]\";s:13:\".*-misc\\.xml$\";s:40:\"index.php?xml_sitemap=params=$matches[2]\";s:17:\".*-misc\\.xml\\.gz$\";s:49:\"index.php?xml_sitemap=params=$matches[2];zip=true\";s:14:\".*-misc\\.html$\";s:50:\"index.php?xml_sitemap=params=$matches[2];html=true\";s:18:\".*-misc\\.html\\.gz$\";s:59:\"index.php?xml_sitemap=params=$matches[2];html=true;zip=true\";s:43:\".*-sitemap(?:\\d{1,4}(?!-misc)|-misc)?\\.xml$\";s:40:\"index.php?xml_sitemap=params=$matches[2]\";s:47:\".*-sitemap(?:\\d{1,4}(?!-misc)|-misc)?\\.xml\\.gz$\";s:49:\"index.php?xml_sitemap=params=$matches[2];zip=true\";s:44:\".*-sitemap(?:\\d{1,4}(?!-misc)|-misc)?\\.html$\";s:50:\"index.php?xml_sitemap=params=$matches[2];html=true\";s:48:\".*-sitemap(?:\\d{1,4}(?!-misc)|-misc)?\\.html\\.gz$\";s:59:\"index.php?xml_sitemap=params=$matches[2];html=true;zip=true\";s:40:\"sitemap(?:\\d{1,4}(?!-misc)|-misc)?\\.xml$\";s:40:\"index.php?xml_sitemap=params=$matches[2]\";s:44:\"sitemap(?:\\d{1,4}(?!-misc)|-misc)?\\.xml\\.gz$\";s:49:\"index.php?xml_sitemap=params=$matches[2];zip=true\";s:41:\"sitemap(?:\\d{1,4}(?!-misc)|-misc)?\\.html$\";s:50:\"index.php?xml_sitemap=params=$matches[2];html=true\";s:44:\"sitemap(?:\\d{1,4}(?!-misc)|-misc)?\\.html.gz$\";s:59:\"index.php?xml_sitemap=params=$matches[2];html=true;zip=true\";s:11:\"^wp-json/?$\";s:22:\"index.php?rest_route=/\";s:14:\"^wp-json/(.*)?\";s:33:\"index.php?rest_route=/$matches[1]\";s:21:\"^index.php/wp-json/?$\";s:22:\"index.php?rest_route=/\";s:24:\"^index.php/wp-json/(.*)?\";s:33:\"index.php?rest_route=/$matches[1]\";s:40:\"ds-idx-listings-page/page/([0-9]{1,})/?$\";s:57:\"index.php?pagename=ds-idx-listings-page&paged=$matches[1]\";s:70:\"[Ii][Dd][Xx]/[Ll][Ii][Ss][Tt][Ii][Nn][Gg][Ss]/([^/]+)(?:/page\\-(\\d+))?\";s:71:\"index.php?ds-idx-listings-page=$matches[1]&idx-d-ResultPage=$matches[2]\";s:79:\"archives/[Ii][Dd][Xx]/[Ll][Ii][Ss][Tt][Ii][Nn][Gg][Ss]/([^/]+)(?:/page\\-(\\d+))?\";s:71:\"index.php?ds-idx-listings-page=$matches[1]&idx-d-ResultPage=$matches[2]\";s:14:\"^sitemaps.xml$\";s:28:\"index.php?seopress_sitemap=1\";s:18:\"^sitemaps_xsl.xsl$\";s:32:\"index.php?seopress_sitemap_xsl=1\";s:24:\"^sitemaps_video_xsl.xsl$\";s:38:\"index.php?seopress_sitemap_video_xsl=1\";s:31:\"([^/]+?)-sitemap([0-9]+)?\\.xml$\";s:61:\"index.php?seopress_cpt=$matches[1]&seopress_paged=$matches[2]\";s:46:\"category/(.+?)/paged-[0-9]{1,}/?([0-9]{1,})/?$\";s:55:\"index.php?category_name=$matches[1]&flpaged=$matches[2]\";s:43:\"tag/([^/]+)/paged-[0-9]{1,}/?([0-9]{1,})/?$\";s:45:\"index.php?tag=$matches[1]&flpaged=$matches[2]\";s:42:\"([0-9]{4})/paged-[0-9]{1,}/?([0-9]{1,})/?$\";s:46:\"index.php?year=$matches[1]&flpaged=$matches[2]\";s:55:\"([0-9]{4})/([0-9]{1,2})/paged-[0-9]{1,}/?([0-9]{1,})/?$\";s:67:\"index.php?year=$matches[1]&monthnum=$matches[2]&flpaged=$matches[3]\";s:68:\"([0-9]{4})/([0-9]{1,2})/([0-9]{1,2})/paged-[0-9]{1,}/?([0-9]{1,})/?$\";s:83:\"index.php?year=$matches[1]&monthnum=$matches[2]&day=$matches[3]&flpaged=$matches[4]\";s:46:\"author/([^/]+)/paged-[0-9]{1,}/?([0-9]{1,})/?$\";s:53:\"index.php?author_name=$matches[1]&flpaged=$matches[2]\";s:40:\"([0-9]+)/paged-[0-9]{1,}/?([0-9]{1,})/?$\";s:43:\"index.php?p=$matches[1]&flpaged=$matches[2]\";s:39:\"(.?.+?)/paged-[0-9]{1,}/?([0-9]{1,})/?$\";s:50:\"index.php?pagename=$matches[1]&flpaged=$matches[2]\";s:37:\"(.+?)/paged-[0-9]{1,}/?([0-9]{1,})/?$\";s:46:\"index.php?name=$matches[1]&flpaged=$matches[2]\";s:26:\"paged-[0-9]{1,}/([0-9]*)/?\";s:41:\"index.php?page_id=234&flpaged=$matches[1]\";s:31:\"paged-[0-9]{1,}/?([0-9]{1,})/?$\";s:30:\"index.php?&flpaged=$matches[1]\";s:47:\"category/(.+?)/feed/(feed|rdf|rss|rss2|atom)/?$\";s:52:\"index.php?category_name=$matches[1]&feed=$matches[2]\";s:42:\"category/(.+?)/(feed|rdf|rss|rss2|atom)/?$\";s:52:\"index.php?category_name=$matches[1]&feed=$matches[2]\";s:23:\"category/(.+?)/embed/?$\";s:46:\"index.php?category_name=$matches[1]&embed=true\";s:35:\"category/(.+?)/page/?([0-9]{1,})/?$\";s:53:\"index.php?category_name=$matches[1]&paged=$matches[2]\";s:17:\"category/(.+?)/?$\";s:35:\"index.php?category_name=$matches[1]\";s:44:\"tag/([^/]+)/feed/(feed|rdf|rss|rss2|atom)/?$\";s:42:\"index.php?tag=$matches[1]&feed=$matches[2]\";s:39:\"tag/([^/]+)/(feed|rdf|rss|rss2|atom)/?$\";s:42:\"index.php?tag=$matches[1]&feed=$matches[2]\";s:20:\"tag/([^/]+)/embed/?$\";s:36:\"index.php?tag=$matches[1]&embed=true\";s:32:\"tag/([^/]+)/page/?([0-9]{1,})/?$\";s:43:\"index.php?tag=$matches[1]&paged=$matches[2]\";s:14:\"tag/([^/]+)/?$\";s:25:\"index.php?tag=$matches[1]\";s:45:\"type/([^/]+)/feed/(feed|rdf|rss|rss2|atom)/?$\";s:50:\"index.php?post_format=$matches[1]&feed=$matches[2]\";s:40:\"type/([^/]+)/(feed|rdf|rss|rss2|atom)/?$\";s:50:\"index.php?post_format=$matches[1]&feed=$matches[2]\";s:21:\"type/([^/]+)/embed/?$\";s:44:\"index.php?post_format=$matches[1]&embed=true\";s:33:\"type/([^/]+)/page/?([0-9]{1,})/?$\";s:51:\"index.php?post_format=$matches[1]&paged=$matches[2]\";s:15:\"type/([^/]+)/?$\";s:33:\"index.php?post_format=$matches[1]\";s:47:\"fl-builder-template/[^/]+/attachment/([^/]+)/?$\";s:32:\"index.php?attachment=$matches[1]\";s:57:\"fl-builder-template/[^/]+/attachment/([^/]+)/trackback/?$\";s:37:\"index.php?attachment=$matches[1]&tb=1\";s:77:\"fl-builder-template/[^/]+/attachment/([^/]+)/feed/(feed|rdf|rss|rss2|atom)/?$\";s:49:\"index.php?attachment=$matches[1]&feed=$matches[2]\";s:72:\"fl-builder-template/[^/]+/attachment/([^/]+)/(feed|rdf|rss|rss2|atom)/?$\";s:49:\"index.php?attachment=$matches[1]&feed=$matches[2]\";s:72:\"fl-builder-template/[^/]+/attachment/([^/]+)/comment-page-([0-9]{1,})/?$\";s:50:\"index.php?attachment=$matches[1]&cpage=$matches[2]\";s:53:\"fl-builder-template/[^/]+/attachment/([^/]+)/embed/?$\";s:43:\"index.php?attachment=$matches[1]&embed=true\";s:36:\"fl-builder-template/([^/]+)/embed/?$\";s:52:\"index.php?fl-builder-template=$matches[1]&embed=true\";s:40:\"fl-builder-template/([^/]+)/trackback/?$\";s:46:\"index.php?fl-builder-template=$matches[1]&tb=1\";s:48:\"fl-builder-template/([^/]+)/page/?([0-9]{1,})/?$\";s:59:\"index.php?fl-builder-template=$matches[1]&paged=$matches[2]\";s:55:\"fl-builder-template/([^/]+)/comment-page-([0-9]{1,})/?$\";s:59:\"index.php?fl-builder-template=$matches[1]&cpage=$matches[2]\";s:44:\"fl-builder-template/([^/]+)(?:/([0-9]+))?/?$\";s:58:\"index.php?fl-builder-template=$matches[1]&page=$matches[2]\";s:36:\"fl-builder-template/[^/]+/([^/]+)/?$\";s:32:\"index.php?attachment=$matches[1]\";s:46:\"fl-builder-template/[^/]+/([^/]+)/trackback/?$\";s:37:\"index.php?attachment=$matches[1]&tb=1\";s:66:\"fl-builder-template/[^/]+/([^/]+)/feed/(feed|rdf|rss|rss2|atom)/?$\";s:49:\"index.php?attachment=$matches[1]&feed=$matches[2]\";s:61:\"fl-builder-template/[^/]+/([^/]+)/(feed|rdf|rss|rss2|atom)/?$\";s:49:\"index.php?attachment=$matches[1]&feed=$matches[2]\";s:61:\"fl-builder-template/[^/]+/([^/]+)/comment-page-([0-9]{1,})/?$\";s:50:\"index.php?attachment=$matches[1]&cpage=$matches[2]\";s:42:\"fl-builder-template/[^/]+/([^/]+)/embed/?$\";s:43:\"index.php?attachment=$matches[1]&embed=true\";s:69:\"fl-builder-template-category/([^/]+)/feed/(feed|rdf|rss|rss2|atom)/?$\";s:67:\"index.php?fl-builder-template-category=$matches[1]&feed=$matches[2]\";s:64:\"fl-builder-template-category/([^/]+)/(feed|rdf|rss|rss2|atom)/?$\";s:67:\"index.php?fl-builder-template-category=$matches[1]&feed=$matches[2]\";s:45:\"fl-builder-template-category/([^/]+)/embed/?$\";s:61:\"index.php?fl-builder-template-category=$matches[1]&embed=true\";s:57:\"fl-builder-template-category/([^/]+)/page/?([0-9]{1,})/?$\";s:68:\"index.php?fl-builder-template-category=$matches[1]&paged=$matches[2]\";s:39:\"fl-builder-template-category/([^/]+)/?$\";s:50:\"index.php?fl-builder-template-category=$matches[1]\";s:65:\"fl-builder-template-type/([^/]+)/feed/(feed|rdf|rss|rss2|atom)/?$\";s:77:\"index.php?taxonomy=fl-builder-template-type&term=$matches[1]&feed=$matches[2]\";s:60:\"fl-builder-template-type/([^/]+)/(feed|rdf|rss|rss2|atom)/?$\";s:77:\"index.php?taxonomy=fl-builder-template-type&term=$matches[1]&feed=$matches[2]\";s:41:\"fl-builder-template-type/([^/]+)/embed/?$\";s:71:\"index.php?taxonomy=fl-builder-template-type&term=$matches[1]&embed=true\";s:53:\"fl-builder-template-type/([^/]+)/page/?([0-9]{1,})/?$\";s:78:\"index.php?taxonomy=fl-builder-template-type&term=$matches[1]&paged=$matches[2]\";s:35:\"fl-builder-template-type/([^/]+)/?$\";s:60:\"index.php?taxonomy=fl-builder-template-type&term=$matches[1]\";s:46:\"fl-builder-history/[^/]+/attachment/([^/]+)/?$\";s:32:\"index.php?attachment=$matches[1]\";s:56:\"fl-builder-history/[^/]+/attachment/([^/]+)/trackback/?$\";s:37:\"index.php?attachment=$matches[1]&tb=1\";s:76:\"fl-builder-history/[^/]+/attachment/([^/]+)/feed/(feed|rdf|rss|rss2|atom)/?$\";s:49:\"index.php?attachment=$matches[1]&feed=$matches[2]\";s:71:\"fl-builder-history/[^/]+/attachment/([^/]+)/(feed|rdf|rss|rss2|atom)/?$\";s:49:\"index.php?attachment=$matches[1]&feed=$matches[2]\";s:71:\"fl-builder-history/[^/]+/attachment/([^/]+)/comment-page-([0-9]{1,})/?$\";s:50:\"index.php?attachment=$matches[1]&cpage=$matches[2]\";s:52:\"fl-builder-history/[^/]+/attachment/([^/]+)/embed/?$\";s:43:\"index.php?attachment=$matches[1]&embed=true\";s:35:\"fl-builder-history/([^/]+)/embed/?$\";s:51:\"index.php?fl-builder-history=$matches[1]&embed=true\";s:39:\"fl-builder-history/([^/]+)/trackback/?$\";s:45:\"index.php?fl-builder-history=$matches[1]&tb=1\";s:47:\"fl-builder-history/([^/]+)/page/?([0-9]{1,})/?$\";s:58:\"index.php?fl-builder-history=$matches[1]&paged=$matches[2]\";s:54:\"fl-builder-history/([^/]+)/comment-page-([0-9]{1,})/?$\";s:58:\"index.php?fl-builder-history=$matches[1]&cpage=$matches[2]\";s:43:\"fl-builder-history/([^/]+)(?:/([0-9]+))?/?$\";s:57:\"index.php?fl-builder-history=$matches[1]&page=$matches[2]\";s:35:\"fl-builder-history/[^/]+/([^/]+)/?$\";s:32:\"index.php?attachment=$matches[1]\";s:45:\"fl-builder-history/[^/]+/([^/]+)/trackback/?$\";s:37:\"index.php?attachment=$matches[1]&tb=1\";s:65:\"fl-builder-history/[^/]+/([^/]+)/feed/(feed|rdf|rss|rss2|atom)/?$\";s:49:\"index.php?attachment=$matches[1]&feed=$matches[2]\";s:60:\"fl-builder-history/[^/]+/([^/]+)/(feed|rdf|rss|rss2|atom)/?$\";s:49:\"index.php?attachment=$matches[1]&feed=$matches[2]\";s:60:\"fl-builder-history/[^/]+/([^/]+)/comment-page-([0-9]{1,})/?$\";s:50:\"index.php?attachment=$matches[1]&cpage=$matches[2]\";s:41:\"fl-builder-history/[^/]+/([^/]+)/embed/?$\";s:43:\"index.php?attachment=$matches[1]&embed=true\";s:40:\"idx/listings/[^&]+/attachment/([^/]+)/?$\";s:32:\"index.php?attachment=$matches[1]\";s:50:\"idx/listings/[^&]+/attachment/([^/]+)/trackback/?$\";s:37:\"index.php?attachment=$matches[1]&tb=1\";s:70:\"idx/listings/[^&]+/attachment/([^/]+)/feed/(feed|rdf|rss|rss2|atom)/?$\";s:49:\"index.php?attachment=$matches[1]&feed=$matches[2]\";s:65:\"idx/listings/[^&]+/attachment/([^/]+)/(feed|rdf|rss|rss2|atom)/?$\";s:49:\"index.php?attachment=$matches[1]&feed=$matches[2]\";s:65:\"idx/listings/[^&]+/attachment/([^/]+)/comment-page-([0-9]{1,})/?$\";s:50:\"index.php?attachment=$matches[1]&cpage=$matches[2]\";s:46:\"idx/listings/[^&]+/attachment/([^/]+)/embed/?$\";s:43:\"index.php?attachment=$matches[1]&embed=true\";s:29:\"idx/listings/([^&]+)/embed/?$\";s:53:\"index.php?ds-idx-listings-page=$matches[1]&embed=true\";s:33:\"idx/listings/([^&]+)/trackback/?$\";s:47:\"index.php?ds-idx-listings-page=$matches[1]&tb=1\";s:41:\"idx/listings/([^&]+)/page/?([0-9]{1,})/?$\";s:60:\"index.php?ds-idx-listings-page=$matches[1]&paged=$matches[2]\";s:48:\"idx/listings/([^&]+)/comment-page-([0-9]{1,})/?$\";s:60:\"index.php?ds-idx-listings-page=$matches[1]&cpage=$matches[2]\";s:37:\"idx/listings/([^&]+)(?:/([0-9]+))?/?$\";s:59:\"index.php?ds-idx-listings-page=$matches[1]&page=$matches[2]\";s:43:\"fl-theme-layout/[^/]+/attachment/([^/]+)/?$\";s:32:\"index.php?attachment=$matches[1]\";s:53:\"fl-theme-layout/[^/]+/attachment/([^/]+)/trackback/?$\";s:37:\"index.php?attachment=$matches[1]&tb=1\";s:73:\"fl-theme-layout/[^/]+/attachment/([^/]+)/feed/(feed|rdf|rss|rss2|atom)/?$\";s:49:\"index.php?attachment=$matches[1]&feed=$matches[2]\";s:68:\"fl-theme-layout/[^/]+/attachment/([^/]+)/(feed|rdf|rss|rss2|atom)/?$\";s:49:\"index.php?attachment=$matches[1]&feed=$matches[2]\";s:68:\"fl-theme-layout/[^/]+/attachment/([^/]+)/comment-page-([0-9]{1,})/?$\";s:50:\"index.php?attachment=$matches[1]&cpage=$matches[2]\";s:49:\"fl-theme-layout/[^/]+/attachment/([^/]+)/embed/?$\";s:43:\"index.php?attachment=$matches[1]&embed=true\";s:32:\"fl-theme-layout/([^/]+)/embed/?$\";s:48:\"index.php?fl-theme-layout=$matches[1]&embed=true\";s:36:\"fl-theme-layout/([^/]+)/trackback/?$\";s:42:\"index.php?fl-theme-layout=$matches[1]&tb=1\";s:44:\"fl-theme-layout/([^/]+)/page/?([0-9]{1,})/?$\";s:55:\"index.php?fl-theme-layout=$matches[1]&paged=$matches[2]\";s:51:\"fl-theme-layout/([^/]+)/comment-page-([0-9]{1,})/?$\";s:55:\"index.php?fl-theme-layout=$matches[1]&cpage=$matches[2]\";s:40:\"fl-theme-layout/([^/]+)(?:/([0-9]+))?/?$\";s:54:\"index.php?fl-theme-layout=$matches[1]&page=$matches[2]\";s:32:\"fl-theme-layout/[^/]+/([^/]+)/?$\";s:32:\"index.php?attachment=$matches[1]\";s:42:\"fl-theme-layout/[^/]+/([^/]+)/trackback/?$\";s:37:\"index.php?attachment=$matches[1]&tb=1\";s:62:\"fl-theme-layout/[^/]+/([^/]+)/feed/(feed|rdf|rss|rss2|atom)/?$\";s:49:\"index.php?attachment=$matches[1]&feed=$matches[2]\";s:57:\"fl-theme-layout/[^/]+/([^/]+)/(feed|rdf|rss|rss2|atom)/?$\";s:49:\"index.php?attachment=$matches[1]&feed=$matches[2]\";s:57:\"fl-theme-layout/[^/]+/([^/]+)/comment-page-([0-9]{1,})/?$\";s:50:\"index.php?attachment=$matches[1]&cpage=$matches[2]\";s:38:\"fl-theme-layout/[^/]+/([^/]+)/embed/?$\";s:43:\"index.php?attachment=$matches[1]&embed=true\";s:12:\"robots\\.txt$\";s:18:\"index.php?robots=1\";s:13:\"favicon\\.ico$\";s:19:\"index.php?favicon=1\";s:12:\"sitemap\\.xml\";s:23:\"index.php?sitemap=index\";s:48:\".*wp-(atom|rdf|rss|rss2|feed|commentsrss2)\\.php$\";s:18:\"index.php?feed=old\";s:20:\".*wp-app\\.php(/.*)?$\";s:19:\"index.php?error=403\";s:18:\".*wp-register.php$\";s:23:\"index.php?register=true\";s:32:\"feed/(feed|rdf|rss|rss2|atom)/?$\";s:27:\"index.php?&feed=$matches[1]\";s:27:\"(feed|rdf|rss|rss2|atom)/?$\";s:27:\"index.php?&feed=$matches[1]\";s:8:\"embed/?$\";s:21:\"index.php?&embed=true\";s:20:\"page/?([0-9]{1,})/?$\";s:28:\"index.php?&paged=$matches[1]\";s:27:\"comment-page-([0-9]{1,})/?$\";s:40:\"index.php?&page_id=234&cpage=$matches[1]\";s:41:\"comments/feed/(feed|rdf|rss|rss2|atom)/?$\";s:42:\"index.php?&feed=$matches[1]&withcomments=1\";s:36:\"comments/(feed|rdf|rss|rss2|atom)/?$\";s:42:\"index.php?&feed=$matches[1]&withcomments=1\";s:17:\"comments/embed/?$\";s:21:\"index.php?&embed=true\";s:44:\"search/(.+)/feed/(feed|rdf|rss|rss2|atom)/?$\";s:40:\"index.php?s=$matches[1]&feed=$matches[2]\";s:39:\"search/(.+)/(feed|rdf|rss|rss2|atom)/?$\";s:40:\"index.php?s=$matches[1]&feed=$matches[2]\";s:20:\"search/(.+)/embed/?$\";s:34:\"index.php?s=$matches[1]&embed=true\";s:32:\"search/(.+)/page/?([0-9]{1,})/?$\";s:41:\"index.php?s=$matches[1]&paged=$matches[2]\";s:14:\"search/(.+)/?$\";s:23:\"index.php?s=$matches[1]\";s:47:\"author/([^/]+)/feed/(feed|rdf|rss|rss2|atom)/?$\";s:50:\"index.php?author_name=$matches[1]&feed=$matches[2]\";s:42:\"author/([^/]+)/(feed|rdf|rss|rss2|atom)/?$\";s:50:\"index.php?author_name=$matches[1]&feed=$matches[2]\";s:23:\"author/([^/]+)/embed/?$\";s:44:\"index.php?author_name=$matches[1]&embed=true\";s:35:\"author/([^/]+)/page/?([0-9]{1,})/?$\";s:51:\"index.php?author_name=$matches[1]&paged=$matches[2]\";s:17:\"author/([^/]+)/?$\";s:33:\"index.php?author_name=$matches[1]\";s:69:\"([0-9]{4})/([0-9]{1,2})/([0-9]{1,2})/feed/(feed|rdf|rss|rss2|atom)/?$\";s:80:\"index.php?year=$matches[1]&monthnum=$matches[2]&day=$matches[3]&feed=$matches[4]\";s:64:\"([0-9]{4})/([0-9]{1,2})/([0-9]{1,2})/(feed|rdf|rss|rss2|atom)/?$\";s:80:\"index.php?year=$matches[1]&monthnum=$matches[2]&day=$matches[3]&feed=$matches[4]\";s:45:\"([0-9]{4})/([0-9]{1,2})/([0-9]{1,2})/embed/?$\";s:74:\"index.php?year=$matches[1]&monthnum=$matches[2]&day=$matches[3]&embed=true\";s:57:\"([0-9]{4})/([0-9]{1,2})/([0-9]{1,2})/page/?([0-9]{1,})/?$\";s:81:\"index.php?year=$matches[1]&monthnum=$matches[2]&day=$matches[3]&paged=$matches[4]\";s:39:\"([0-9]{4})/([0-9]{1,2})/([0-9]{1,2})/?$\";s:63:\"index.php?year=$matches[1]&monthnum=$matches[2]&day=$matches[3]\";s:56:\"([0-9]{4})/([0-9]{1,2})/feed/(feed|rdf|rss|rss2|atom)/?$\";s:64:\"index.php?year=$matches[1]&monthnum=$matches[2]&feed=$matches[3]\";s:51:\"([0-9]{4})/([0-9]{1,2})/(feed|rdf|rss|rss2|atom)/?$\";s:64:\"index.php?year=$matches[1]&monthnum=$matches[2]&feed=$matches[3]\";s:32:\"([0-9]{4})/([0-9]{1,2})/embed/?$\";s:58:\"index.php?year=$matches[1]&monthnum=$matches[2]&embed=true\";s:44:\"([0-9]{4})/([0-9]{1,2})/page/?([0-9]{1,})/?$\";s:65:\"index.php?year=$matches[1]&monthnum=$matches[2]&paged=$matches[3]\";s:26:\"([0-9]{4})/([0-9]{1,2})/?$\";s:47:\"index.php?year=$matches[1]&monthnum=$matches[2]\";s:43:\"([0-9]{4})/feed/(feed|rdf|rss|rss2|atom)/?$\";s:43:\"index.php?year=$matches[1]&feed=$matches[2]\";s:38:\"([0-9]{4})/(feed|rdf|rss|rss2|atom)/?$\";s:43:\"index.php?year=$matches[1]&feed=$matches[2]\";s:19:\"([0-9]{4})/embed/?$\";s:37:\"index.php?year=$matches[1]&embed=true\";s:31:\"([0-9]{4})/page/?([0-9]{1,})/?$\";s:44:\"index.php?year=$matches[1]&paged=$matches[2]\";s:13:\"([0-9]{4})/?$\";s:26:\"index.php?year=$matches[1]\";s:58:\"[0-9]{4}/[0-9]{1,2}/[0-9]{1,2}/[^/]+/attachment/([^/]+)/?$\";s:32:\"index.php?attachment=$matches[1]\";s:68:\"[0-9]{4}/[0-9]{1,2}/[0-9]{1,2}/[^/]+/attachment/([^/]+)/trackback/?$\";s:37:\"index.php?attachment=$matches[1]&tb=1\";s:88:\"[0-9]{4}/[0-9]{1,2}/[0-9]{1,2}/[^/]+/attachment/([^/]+)/feed/(feed|rdf|rss|rss2|atom)/?$\";s:49:\"index.php?attachment=$matches[1]&feed=$matches[2]\";s:83:\"[0-9]{4}/[0-9]{1,2}/[0-9]{1,2}/[^/]+/attachment/([^/]+)/(feed|rdf|rss|rss2|atom)/?$\";s:49:\"index.php?attachment=$matches[1]&feed=$matches[2]\";s:83:\"[0-9]{4}/[0-9]{1,2}/[0-9]{1,2}/[^/]+/attachment/([^/]+)/comment-page-([0-9]{1,})/?$\";s:50:\"index.php?attachment=$matches[1]&cpage=$matches[2]\";s:64:\"[0-9]{4}/[0-9]{1,2}/[0-9]{1,2}/[^/]+/attachment/([^/]+)/embed/?$\";s:43:\"index.php?attachment=$matches[1]&embed=true\";s:53:\"([0-9]{4})/([0-9]{1,2})/([0-9]{1,2})/([^/]+)/embed/?$\";s:91:\"index.php?year=$matches[1]&monthnum=$matches[2]&day=$matches[3]&name=$matches[4]&embed=true\";s:57:\"([0-9]{4})/([0-9]{1,2})/([0-9]{1,2})/([^/]+)/trackback/?$\";s:85:\"index.php?year=$matches[1]&monthnum=$matches[2]&day=$matches[3]&name=$matches[4]&tb=1\";s:77:\"([0-9]{4})/([0-9]{1,2})/([0-9]{1,2})/([^/]+)/feed/(feed|rdf|rss|rss2|atom)/?$\";s:97:\"index.php?year=$matches[1]&monthnum=$matches[2]&day=$matches[3]&name=$matches[4]&feed=$matches[5]\";s:72:\"([0-9]{4})/([0-9]{1,2})/([0-9]{1,2})/([^/]+)/(feed|rdf|rss|rss2|atom)/?$\";s:97:\"index.php?year=$matches[1]&monthnum=$matches[2]&day=$matches[3]&name=$matches[4]&feed=$matches[5]\";s:65:\"([0-9]{4})/([0-9]{1,2})/([0-9]{1,2})/([^/]+)/page/?([0-9]{1,})/?$\";s:98:\"index.php?year=$matches[1]&monthnum=$matches[2]&day=$matches[3]&name=$matches[4]&paged=$matches[5]\";s:72:\"([0-9]{4})/([0-9]{1,2})/([0-9]{1,2})/([^/]+)/comment-page-([0-9]{1,})/?$\";s:98:\"index.php?year=$matches[1]&monthnum=$matches[2]&day=$matches[3]&name=$matches[4]&cpage=$matches[5]\";s:61:\"([0-9]{4})/([0-9]{1,2})/([0-9]{1,2})/([^/]+)(?:/([0-9]+))?/?$\";s:97:\"index.php?year=$matches[1]&monthnum=$matches[2]&day=$matches[3]&name=$matches[4]&page=$matches[5]\";s:47:\"[0-9]{4}/[0-9]{1,2}/[0-9]{1,2}/[^/]+/([^/]+)/?$\";s:32:\"index.php?attachment=$matches[1]\";s:57:\"[0-9]{4}/[0-9]{1,2}/[0-9]{1,2}/[^/]+/([^/]+)/trackback/?$\";s:37:\"index.php?attachment=$matches[1]&tb=1\";s:77:\"[0-9]{4}/[0-9]{1,2}/[0-9]{1,2}/[^/]+/([^/]+)/feed/(feed|rdf|rss|rss2|atom)/?$\";s:49:\"index.php?attachment=$matches[1]&feed=$matches[2]\";s:72:\"[0-9]{4}/[0-9]{1,2}/[0-9]{1,2}/[^/]+/([^/]+)/(feed|rdf|rss|rss2|atom)/?$\";s:49:\"index.php?attachment=$matches[1]&feed=$matches[2]\";s:72:\"[0-9]{4}/[0-9]{1,2}/[0-9]{1,2}/[^/]+/([^/]+)/comment-page-([0-9]{1,})/?$\";s:50:\"index.php?attachment=$matches[1]&cpage=$matches[2]\";s:53:\"[0-9]{4}/[0-9]{1,2}/[0-9]{1,2}/[^/]+/([^/]+)/embed/?$\";s:43:\"index.php?attachment=$matches[1]&embed=true\";s:64:\"([0-9]{4})/([0-9]{1,2})/([0-9]{1,2})/comment-page-([0-9]{1,})/?$\";s:81:\"index.php?year=$matches[1]&monthnum=$matches[2]&day=$matches[3]&cpage=$matches[4]\";s:51:\"([0-9]{4})/([0-9]{1,2})/comment-page-([0-9]{1,})/?$\";s:65:\"index.php?year=$matches[1]&monthnum=$matches[2]&cpage=$matches[3]\";s:38:\"([0-9]{4})/comment-page-([0-9]{1,})/?$\";s:44:\"index.php?year=$matches[1]&cpage=$matches[2]\";s:27:\".?.+?/attachment/([^/]+)/?$\";s:32:\"index.php?attachment=$matches[1]\";s:37:\".?.+?/attachment/([^/]+)/trackback/?$\";s:37:\"index.php?attachment=$matches[1]&tb=1\";s:57:\".?.+?/attachment/([^/]+)/feed/(feed|rdf|rss|rss2|atom)/?$\";s:49:\"index.php?attachment=$matches[1]&feed=$matches[2]\";s:52:\".?.+?/attachment/([^/]+)/(feed|rdf|rss|rss2|atom)/?$\";s:49:\"index.php?attachment=$matches[1]&feed=$matches[2]\";s:52:\".?.+?/attachment/([^/]+)/comment-page-([0-9]{1,})/?$\";s:50:\"index.php?attachment=$matches[1]&cpage=$matches[2]\";s:33:\".?.+?/attachment/([^/]+)/embed/?$\";s:43:\"index.php?attachment=$matches[1]&embed=true\";s:16:\"(.?.+?)/embed/?$\";s:41:\"index.php?pagename=$matches[1]&embed=true\";s:20:\"(.?.+?)/trackback/?$\";s:35:\"index.php?pagename=$matches[1]&tb=1\";s:40:\"(.?.+?)/feed/(feed|rdf|rss|rss2|atom)/?$\";s:47:\"index.php?pagename=$matches[1]&feed=$matches[2]\";s:35:\"(.?.+?)/(feed|rdf|rss|rss2|atom)/?$\";s:47:\"index.php?pagename=$matches[1]&feed=$matches[2]\";s:28:\"(.?.+?)/page/?([0-9]{1,})/?$\";s:48:\"index.php?pagename=$matches[1]&paged=$matches[2]\";s:35:\"(.?.+?)/comment-page-([0-9]{1,})/?$\";s:48:\"index.php?pagename=$matches[1]&cpage=$matches[2]\";s:24:\"(.?.+?)(?:/([0-9]+))?/?$\";s:47:\"index.php?pagename=$matches[1]&page=$matches[2]\";}', 'yes'),
(179, 'new_admin_email', 'arnold@mastermcorp.com', 'yes'),
(791, '_uabb_1_7_2_ver', 'yes', 'yes'),
(792, '_journey_details', 'a:56:{i:0;a:2:{s:16:\"previous_version\";s:1:\"0\";s:15:\"current_version\";s:6:\"1.27.0\";}i:1;a:2:{s:16:\"previous_version\";s:6:\"1.27.0\";s:15:\"current_version\";s:6:\"1.28.1\";}i:2;a:2:{s:16:\"previous_version\";s:6:\"1.28.1\";s:15:\"current_version\";s:6:\"1.28.3\";}i:3;a:2:{s:16:\"previous_version\";s:6:\"1.28.3\";s:15:\"current_version\";s:6:\"1.28.4\";}i:4;a:2:{s:16:\"previous_version\";s:6:\"1.28.4\";s:15:\"current_version\";s:6:\"1.28.5\";}i:5;a:2:{s:16:\"previous_version\";s:6:\"1.28.5\";s:15:\"current_version\";s:6:\"1.28.6\";}i:6;a:2:{s:16:\"previous_version\";s:6:\"1.28.6\";s:15:\"current_version\";s:6:\"1.28.8\";}i:7;a:2:{s:16:\"previous_version\";s:6:\"1.28.8\";s:15:\"current_version\";s:6:\"1.28.9\";}i:8;a:2:{s:16:\"previous_version\";s:6:\"1.28.9\";s:15:\"current_version\";s:7:\"1.28.10\";}i:9;a:2:{s:16:\"previous_version\";s:7:\"1.28.10\";s:15:\"current_version\";s:6:\"1.29.0\";}i:10;a:2:{s:16:\"previous_version\";s:6:\"1.29.0\";s:15:\"current_version\";s:6:\"1.30.1\";}i:11;a:2:{s:16:\"previous_version\";s:6:\"1.30.1\";s:15:\"current_version\";s:6:\"1.30.2\";}i:12;a:2:{s:16:\"previous_version\";s:6:\"1.30.2\";s:15:\"current_version\";s:6:\"1.30.3\";}i:13;a:2:{s:16:\"previous_version\";s:6:\"1.30.3\";s:15:\"current_version\";s:6:\"1.30.4\";}i:14;a:2:{s:16:\"previous_version\";s:6:\"1.30.4\";s:15:\"current_version\";s:6:\"1.30.6\";}i:15;a:2:{s:16:\"previous_version\";s:6:\"1.30.6\";s:15:\"current_version\";s:6:\"1.31.3\";}i:16;a:2:{s:16:\"previous_version\";s:6:\"1.31.3\";s:15:\"current_version\";s:6:\"1.32.0\";}i:17;a:2:{s:16:\"previous_version\";s:6:\"1.32.0\";s:15:\"current_version\";s:6:\"1.33.0\";}i:18;a:2:{s:16:\"previous_version\";s:6:\"1.33.0\";s:15:\"current_version\";s:6:\"1.34.0\";}i:19;a:2:{s:16:\"previous_version\";s:6:\"1.34.0\";s:15:\"current_version\";s:6:\"1.34.2\";}i:20;a:2:{s:16:\"previous_version\";s:6:\"1.34.2\";s:15:\"current_version\";s:6:\"1.34.3\";}i:21;a:2:{s:16:\"previous_version\";s:6:\"1.34.3\";s:15:\"current_version\";s:6:\"1.34.4\";}i:22;a:2:{s:16:\"previous_version\";s:6:\"1.34.4\";s:15:\"current_version\";s:6:\"1.34.5\";}i:23;a:2:{s:16:\"previous_version\";s:6:\"1.34.5\";s:15:\"current_version\";s:6:\"1.34.6\";}i:24;a:2:{s:16:\"previous_version\";s:6:\"1.34.6\";s:15:\"current_version\";s:6:\"1.35.0\";}i:25;a:2:{s:16:\"previous_version\";s:6:\"1.35.0\";s:15:\"current_version\";s:6:\"1.35.1\";}i:26;a:2:{s:16:\"previous_version\";s:6:\"1.35.1\";s:15:\"current_version\";s:6:\"1.35.3\";}i:27;a:2:{s:16:\"previous_version\";s:6:\"1.35.3\";s:15:\"current_version\";s:6:\"1.35.6\";}i:28;a:2:{s:16:\"previous_version\";s:6:\"1.35.6\";s:15:\"current_version\";s:6:\"1.35.7\";}i:29;a:2:{s:16:\"previous_version\";s:6:\"1.35.7\";s:15:\"current_version\";s:7:\"1.35.10\";}i:30;a:2:{s:16:\"previous_version\";s:7:\"1.35.10\";s:15:\"current_version\";s:7:\"1.35.11\";}i:31;a:2:{s:16:\"previous_version\";s:7:\"1.35.11\";s:15:\"current_version\";s:7:\"1.35.16\";}i:32;a:2:{s:16:\"previous_version\";s:7:\"1.35.16\";s:15:\"current_version\";s:7:\"1.35.17\";}i:33;a:2:{s:16:\"previous_version\";s:7:\"1.35.17\";s:15:\"current_version\";s:7:\"1.35.18\";}i:34;a:2:{s:16:\"previous_version\";s:7:\"1.35.18\";s:15:\"current_version\";s:7:\"1.35.19\";}i:35;a:2:{s:16:\"previous_version\";s:7:\"1.35.19\";s:15:\"current_version\";s:7:\"1.35.20\";}i:36;a:2:{s:16:\"previous_version\";s:7:\"1.35.20\";s:15:\"current_version\";s:7:\"1.35.21\";}i:37;a:2:{s:16:\"previous_version\";s:7:\"1.35.21\";s:15:\"current_version\";s:7:\"1.35.22\";}i:38;a:2:{s:16:\"previous_version\";s:7:\"1.35.22\";s:15:\"current_version\";s:7:\"1.35.23\";}i:39;a:2:{s:16:\"previous_version\";s:7:\"1.35.23\";s:15:\"current_version\";s:7:\"1.35.27\";}i:40;a:2:{s:16:\"previous_version\";s:7:\"1.35.27\";s:15:\"current_version\";s:6:\"1.36.0\";}i:41;a:2:{s:16:\"previous_version\";s:6:\"1.36.0\";s:15:\"current_version\";s:6:\"1.36.2\";}i:42;a:2:{s:16:\"previous_version\";s:6:\"1.36.2\";s:15:\"current_version\";s:6:\"1.36.4\";}i:43;a:2:{s:16:\"previous_version\";s:6:\"1.36.4\";s:15:\"current_version\";s:6:\"1.36.5\";}i:44;a:2:{s:16:\"previous_version\";s:6:\"1.36.5\";s:15:\"current_version\";s:6:\"1.36.7\";}i:45;a:2:{s:16:\"previous_version\";s:6:\"1.36.7\";s:15:\"current_version\";s:7:\"1.36.11\";}i:46;a:2:{s:16:\"previous_version\";s:7:\"1.36.11\";s:15:\"current_version\";s:7:\"1.36.12\";}i:47;a:2:{s:16:\"previous_version\";s:7:\"1.36.12\";s:15:\"current_version\";s:7:\"1.36.14\";}i:48;a:2:{s:16:\"previous_version\";s:7:\"1.36.14\";s:15:\"current_version\";s:7:\"1.36.16\";}i:49;a:2:{s:16:\"previous_version\";s:7:\"1.36.16\";s:15:\"current_version\";s:7:\"1.36.17\";}i:50;a:2:{s:16:\"previous_version\";s:7:\"1.36.17\";s:15:\"current_version\";s:7:\"1.36.18\";}i:51;a:2:{s:16:\"previous_version\";s:7:\"1.36.18\";s:15:\"current_version\";s:6:\"1.37.1\";}i:52;a:2:{s:16:\"previous_version\";s:6:\"1.37.1\";s:15:\"current_version\";s:6:\"1.37.2\";}i:53;a:2:{s:16:\"previous_version\";s:6:\"1.37.2\";s:15:\"current_version\";s:6:\"1.37.4\";}i:54;a:2:{s:16:\"previous_version\";s:6:\"1.37.4\";s:15:\"current_version\";s:6:\"1.37.5\";}i:55;a:2:{s:16:\"previous_version\";s:6:\"1.37.5\";s:15:\"current_version\";s:6:\"1.37.6\";}}', 'yes'),
(793, '_uabb_saved_version', '1.37.6', 'yes'),
(794, '_uabb_enabled_icons', '1', 'yes');
INSERT INTO `wpry_4_options` (`option_id`, `option_name`, `option_value`, `autoload`) VALUES
(821, 'fl_notifications', 'a:3:{s:4:\"read\";b:0;s:8:\"checksum\";a:10:{i:615650;i:1602041590;i:604242;i:1716593123;i:577785;i:1710253639;i:518303;i:1106591042;i:455558;i:406587483;i:434899;i:1478620429;i:430933;i:4163977558;i:423877;i:1288974002;i:421774;i:2596226902;i:416381;i:4057906106;}s:4:\"data\";s:22036:\"[{\"id\":615650,\"date\":\"2021-09-03T08:24:56\",\"date_gmt\":\"2021-09-03T15:24:56\",\"guid\":{\"rendered\":\"https:\\/\\/www.wpbeaverbuilder.com\\/?post_type=fl_notification&#038;p=615650\"},\"modified\":\"2021-09-03T08:24:56\",\"modified_gmt\":\"2021-09-03T15:24:56\",\"slug\":\"summer-update-bb-2-5-youtube-assistant-pro-and-more\",\"status\":\"publish\",\"type\":\"fl_notification\",\"link\":\"https:\\/\\/www.wpbeaverbuilder.com\\/?fl_notification=summer-update-bb-2-5-youtube-assistant-pro-and-more\",\"title\":{\"rendered\":\"Summer Update \\u2013 BB 2.5, YouTube, Assistant Pro, and More!\"},\"content\":{\"rendered\":\"<p><a href=\\\"https:\\/\\/www.wpbeaverbuilder.com\\/wp-content\\/uploads\\/2021\\/09\\/Summer-Update-BB-2.5.jpg\\\"><img loading=\\\"lazy\\\" class=\\\"wp-image-615632 alignnone\\\" src=\\\"https:\\/\\/www.wpbeaverbuilder.com\\/wp-content\\/uploads\\/2021\\/09\\/Summer-Update-BB-2.5-1024x576.jpg\\\" alt=\\\"\\\" width=\\\"318\\\" height=\\\"179\\\" srcset=\\\"https:\\/\\/www.wpbeaverbuilder.com\\/wp-content\\/uploads\\/2021\\/09\\/Summer-Update-BB-2.5-1024x576.jpg 1024w, https:\\/\\/www.wpbeaverbuilder.com\\/wp-content\\/uploads\\/2021\\/09\\/Summer-Update-BB-2.5-300x169.jpg 300w, https:\\/\\/www.wpbeaverbuilder.com\\/wp-content\\/uploads\\/2021\\/09\\/Summer-Update-BB-2.5-768x432.jpg 768w, https:\\/\\/www.wpbeaverbuilder.com\\/wp-content\\/uploads\\/2021\\/09\\/Summer-Update-BB-2.5-400x225.jpg 400w, https:\\/\\/www.wpbeaverbuilder.com\\/wp-content\\/uploads\\/2021\\/09\\/Summer-Update-BB-2.5.jpg 1500w\\\" sizes=\\\"(max-width: 318px) 100vw, 318px\\\" \\/><\\/a><\\/p>\\n<p>Hey Beaver Builders! I hope you\'ve all had a great summer. This week we launched BB 2.5 and it\'s available for you to download on your \\u201cMy Accounts\\u201d page. The auto-updates will be following shortly in a week or two. Learn more&#8230;<\\/p>\\n\",\"protected\":false},\"template\":\"\",\"meta\":{\"om_disable_all_campaigns\":false,\"_fl_notification\":[\"https:\\/\\/www.wpbeaverbuilder.com\\/summer-update-bb-2-5\\/\"],\"_links_to\":\"\",\"_links_to_target\":\"\"},\"_links\":{\"self\":[{\"href\":\"https:\\/\\/www.wpbeaverbuilder.com\\/wp-json\\/wp\\/v2\\/fl_notification\\/615650\"}],\"collection\":[{\"href\":\"https:\\/\\/www.wpbeaverbuilder.com\\/wp-json\\/wp\\/v2\\/fl_notification\"}],\"about\":[{\"href\":\"https:\\/\\/www.wpbeaverbuilder.com\\/wp-json\\/wp\\/v2\\/types\\/fl_notification\"}],\"wp:attachment\":[{\"href\":\"https:\\/\\/www.wpbeaverbuilder.com\\/wp-json\\/wp\\/v2\\/media?parent=615650\"}],\"curies\":[{\"name\":\"wp\",\"href\":\"https:\\/\\/api.w.org\\/{rel}\",\"templated\":true}]}},{\"id\":604242,\"date\":\"2021-07-01T13:49:04\",\"date_gmt\":\"2021-07-01T20:49:04\",\"guid\":{\"rendered\":\"https:\\/\\/www.wpbeaverbuilder.com\\/?post_type=fl_notification&#038;p=604242\"},\"modified\":\"2021-07-01T13:49:04\",\"modified_gmt\":\"2021-07-01T20:49:04\",\"slug\":\"beaver-builder-2-5-contra-outline-panel-module-improvements-and-more\",\"status\":\"publish\",\"type\":\"fl_notification\",\"link\":\"https:\\/\\/www.wpbeaverbuilder.com\\/?fl_notification=beaver-builder-2-5-contra-outline-panel-module-improvements-and-more\",\"title\":{\"rendered\":\"Beaver Builder 2.5 \\u201cContra\\u201d \\u2013 Outline Panel, Module Improvements, and More\"},\"content\":{\"rendered\":\"<p><img loading=\\\"lazy\\\" class=\\\"alignnone wp-image-604243\\\" src=\\\"https:\\/\\/www.wpbeaverbuilder.com\\/wp-content\\/uploads\\/2021\\/07\\/beaver-builder-2-5-featured-image-1024x576-1.jpeg\\\" alt=\\\"\\\" width=\\\"318\\\" height=\\\"179\\\" srcset=\\\"https:\\/\\/www.wpbeaverbuilder.com\\/wp-content\\/uploads\\/2021\\/07\\/beaver-builder-2-5-featured-image-1024x576-1.jpeg 1024w, https:\\/\\/www.wpbeaverbuilder.com\\/wp-content\\/uploads\\/2021\\/07\\/beaver-builder-2-5-featured-image-1024x576-1-300x169.jpeg 300w, https:\\/\\/www.wpbeaverbuilder.com\\/wp-content\\/uploads\\/2021\\/07\\/beaver-builder-2-5-featured-image-1024x576-1-768x432.jpeg 768w, https:\\/\\/www.wpbeaverbuilder.com\\/wp-content\\/uploads\\/2021\\/07\\/beaver-builder-2-5-featured-image-1024x576-1-400x225.jpeg 400w\\\" sizes=\\\"(max-width: 318px) 100vw, 318px\\\" \\/><\\/p>\\n<p>We\'re excited to announce a major update coming soon to a Beaver Builder site near you. Beaver Builder 2.5 \\u201cContra\\u201d \\u2013 named after the epic Contra Dam notably featured in the James Bond flick \\u201cGoldeneye\\u201d \\u2013 features a brand new Outline panel, many module improvements, and lots of quality of life changes throughout. Learn more&#8230;<\\/p>\\n\",\"protected\":false},\"template\":\"\",\"meta\":{\"om_disable_all_campaigns\":false,\"_fl_notification\":[\"https:\\/\\/www.wpbeaverbuilder.com\\/beaver-builder-2-5-contra\\/\"],\"_links_to\":\"\",\"_links_to_target\":\"\"},\"_links\":{\"self\":[{\"href\":\"https:\\/\\/www.wpbeaverbuilder.com\\/wp-json\\/wp\\/v2\\/fl_notification\\/604242\"}],\"collection\":[{\"href\":\"https:\\/\\/www.wpbeaverbuilder.com\\/wp-json\\/wp\\/v2\\/fl_notification\"}],\"about\":[{\"href\":\"https:\\/\\/www.wpbeaverbuilder.com\\/wp-json\\/wp\\/v2\\/types\\/fl_notification\"}],\"wp:attachment\":[{\"href\":\"https:\\/\\/www.wpbeaverbuilder.com\\/wp-json\\/wp\\/v2\\/media?parent=604242\"}],\"curies\":[{\"name\":\"wp\",\"href\":\"https:\\/\\/api.w.org\\/{rel}\",\"templated\":true}]}},{\"id\":577785,\"date\":\"2020-12-02T11:20:32\",\"date_gmt\":\"2020-12-02T19:20:32\",\"guid\":{\"rendered\":\"https:\\/\\/www.wpbeaverbuilder.com\\/?post_type=fl_notification&#038;p=577785\"},\"modified\":\"2020-12-02T11:20:32\",\"modified_gmt\":\"2020-12-02T19:20:32\",\"slug\":\"beaver-builder-2-4-oshaughnessy-free-version-update-new-modules-assistant-integration\",\"status\":\"publish\",\"type\":\"fl_notification\",\"link\":\"https:\\/\\/www.wpbeaverbuilder.com\\/?fl_notification=beaver-builder-2-4-oshaughnessy-free-version-update-new-modules-assistant-integration\",\"title\":{\"rendered\":\"Beaver Builder 2.4 \\u201cO\\u2019Shaughnessy\\u201d \\u2013 Free Version Update, New Modules, Assistant Integration\"},\"content\":{\"rendered\":\"<p><img loading=\\\"lazy\\\" class=\\\"alignnone wp-image-516371\\\" src=\\\"https:\\/\\/www.wpbeaverbuilder.com\\/wp-content\\/uploads\\/2020\\/05\\/2.4-oshaughnessy.jpg\\\" alt=\\\"\\\" width=\\\"318\\\" height=\\\"139\\\" \\/><\\/p>\\n<p>Hi there! Exciting news, we have a major update just released. Beaver Builder 2.4 \\u201cO\'Shaughnessy\\u201d \\u2013 named after the O\'Shaughnessy Dam in Yosemite Park \\u2013 features new modules, templates, and some additions to the free version of Beaver Builder! Along with various other enhancements and fixes, 2.4 also brings all of the power of our new plugin, Assistant, to Beaver Builder\\u2026<\\/p>\\n\",\"protected\":false},\"template\":\"\",\"meta\":{\"om_disable_all_campaigns\":false,\"_fl_notification\":[\"https:\\/\\/www.wpbeaverbuilder.com\\/beaver-builder-2-4-oshaughnessy\\/\"],\"_links_to\":\"\",\"_links_to_target\":\"\"},\"_links\":{\"self\":[{\"href\":\"https:\\/\\/www.wpbeaverbuilder.com\\/wp-json\\/wp\\/v2\\/fl_notification\\/577785\"}],\"collection\":[{\"href\":\"https:\\/\\/www.wpbeaverbuilder.com\\/wp-json\\/wp\\/v2\\/fl_notification\"}],\"about\":[{\"href\":\"https:\\/\\/www.wpbeaverbuilder.com\\/wp-json\\/wp\\/v2\\/types\\/fl_notification\"}],\"wp:attachment\":[{\"href\":\"https:\\/\\/www.wpbeaverbuilder.com\\/wp-json\\/wp\\/v2\\/media?parent=577785\"}],\"curies\":[{\"name\":\"wp\",\"href\":\"https:\\/\\/api.w.org\\/{rel}\",\"templated\":true}]}},{\"id\":518303,\"date\":\"2019-11-29T00:32:39\",\"date_gmt\":\"2019-11-29T08:32:39\",\"guid\":{\"rendered\":\"https:\\/\\/www.wpbeaverbuilder.com\\/?post_type=fl_notification&#038;p=518303\"},\"modified\":\"2019-11-29T00:32:39\",\"modified_gmt\":\"2019-11-29T08:32:39\",\"slug\":\"autumn-update-black-friday-and-beaver-builder-2-3\",\"status\":\"publish\",\"type\":\"fl_notification\",\"link\":\"https:\\/\\/www.wpbeaverbuilder.com\\/?fl_notification=autumn-update-black-friday-and-beaver-builder-2-3\",\"title\":{\"rendered\":\"Autumn Update &#8211; Black Friday and Beaver Builder 2.3\"},\"content\":{\"rendered\":\"<p><img loading=\\\"lazy\\\" class=\\\"alignnone wp-image-516371\\\" src=\\\"https:\\/\\/www.wpbeaverbuilder.com\\/wp-content\\/uploads\\/2019\\/11\\/1_-L8ZwY-1024x448.jpg\\\" alt=\\\"\\\" width=\\\"318\\\" height=\\\"139\\\" srcset=\\\"https:\\/\\/www.wpbeaverbuilder.com\\/wp-content\\/uploads\\/2019\\/11\\/1_-L8ZwY-1024x448.jpg 1024w, https:\\/\\/www.wpbeaverbuilder.com\\/wp-content\\/uploads\\/2019\\/11\\/1_-L8ZwY-300x131.jpg 300w, https:\\/\\/www.wpbeaverbuilder.com\\/wp-content\\/uploads\\/2019\\/11\\/1_-L8ZwY-768x336.jpg 768w, https:\\/\\/www.wpbeaverbuilder.com\\/wp-content\\/uploads\\/2019\\/11\\/1_-L8ZwY-400x175.jpg 400w, https:\\/\\/www.wpbeaverbuilder.com\\/wp-content\\/uploads\\/2019\\/11\\/1_-L8ZwY.jpg 1464w\\\" sizes=\\\"(max-width: 318px) 100vw, 318px\\\" \\/><\\/p>\\n<p>Hey all! We hope you\'re doing great. It\'s been a little while since our last update post.\\u00a0For this post, I wanted to share some of our internal news, product updates, future plans, and annual Black Friday sale. Click to read more&#8230;<\\/p>\\n\",\"protected\":false},\"template\":\"\",\"meta\":{\"om_disable_all_campaigns\":false,\"_fl_notification\":[\"https:\\/\\/www.wpbeaverbuilder.com\\/autumn-update-black-friday-and-beaver-builder-2-3\\/\"],\"_links_to\":\"\",\"_links_to_target\":\"\"},\"_links\":{\"self\":[{\"href\":\"https:\\/\\/www.wpbeaverbuilder.com\\/wp-json\\/wp\\/v2\\/fl_notification\\/518303\"}],\"collection\":[{\"href\":\"https:\\/\\/www.wpbeaverbuilder.com\\/wp-json\\/wp\\/v2\\/fl_notification\"}],\"about\":[{\"href\":\"https:\\/\\/www.wpbeaverbuilder.com\\/wp-json\\/wp\\/v2\\/types\\/fl_notification\"}],\"wp:attachment\":[{\"href\":\"https:\\/\\/www.wpbeaverbuilder.com\\/wp-json\\/wp\\/v2\\/media?parent=518303\"}],\"curies\":[{\"name\":\"wp\",\"href\":\"https:\\/\\/api.w.org\\/{rel}\",\"templated\":true}]}},{\"id\":455558,\"date\":\"2019-04-30T15:21:14\",\"date_gmt\":\"2019-04-30T22:21:14\",\"guid\":{\"rendered\":\"https:\\/\\/www.wpbeaverbuilder.com\\/?post_type=fl_notification&#038;p=455558\"},\"modified\":\"2019-04-30T15:21:14\",\"modified_gmt\":\"2019-04-30T22:21:14\",\"slug\":\"spring-update-cherry-blossoms-new-hires-and-new-products\",\"status\":\"publish\",\"type\":\"fl_notification\",\"link\":\"https:\\/\\/www.wpbeaverbuilder.com\\/?fl_notification=spring-update-cherry-blossoms-new-hires-and-new-products\",\"title\":{\"rendered\":\"Spring Update \\u2013 Cherry Blossoms, New Hires, and New Products\"},\"content\":{\"rendered\":\"\\n<div class=\\\"wp-block-image\\\"><figure class=\\\"aligncenter\\\"><img loading=\\\"lazy\\\" width=\\\"318\\\" height=\\\"139\\\" src=\\\"https:\\/\\/www.wpbeaverbuilder.com\\/wp-content\\/uploads\\/2019\\/04\\/spring-update-notification.jpg\\\" alt=\\\"\\\" class=\\\"wp-image-455560\\\" srcset=\\\"https:\\/\\/www.wpbeaverbuilder.com\\/wp-content\\/uploads\\/2019\\/04\\/spring-update-notification.jpg 318w, https:\\/\\/www.wpbeaverbuilder.com\\/wp-content\\/uploads\\/2019\\/04\\/spring-update-notification-300x131.jpg 300w\\\" sizes=\\\"(max-width: 318px) 100vw, 318px\\\" \\/><\\/figure><\\/div>\\n\\n\\n\\n<p>Hey all! Happy Spring. The Beaver Builder team continues to grow and I\\u2019m excited to introduce two new members. We\\u2019re also growing our product line, and we have recently announced a very early version of a new project we\\u2019ve been working on, Assistant.<\\/p>\\n\",\"protected\":false},\"template\":\"\",\"meta\":{\"om_disable_all_campaigns\":false,\"_fl_notification\":[\"https:\\/\\/www.wpbeaverbuilder.com\\/spring-update-cherry-blossoms-new-hires-and-new-products\\/\"],\"_links_to\":\"\",\"_links_to_target\":\"\"},\"_links\":{\"self\":[{\"href\":\"https:\\/\\/www.wpbeaverbuilder.com\\/wp-json\\/wp\\/v2\\/fl_notification\\/455558\"}],\"collection\":[{\"href\":\"https:\\/\\/www.wpbeaverbuilder.com\\/wp-json\\/wp\\/v2\\/fl_notification\"}],\"about\":[{\"href\":\"https:\\/\\/www.wpbeaverbuilder.com\\/wp-json\\/wp\\/v2\\/types\\/fl_notification\"}],\"wp:attachment\":[{\"href\":\"https:\\/\\/www.wpbeaverbuilder.com\\/wp-json\\/wp\\/v2\\/media?parent=455558\"}],\"curies\":[{\"name\":\"wp\",\"href\":\"https:\\/\\/api.w.org\\/{rel}\",\"templated\":true}]}},{\"id\":434899,\"date\":\"2019-02-22T00:04:57\",\"date_gmt\":\"2019-02-22T08:04:57\",\"guid\":{\"rendered\":\"https:\\/\\/www.wpbeaverbuilder.com\\/?post_type=fl_notification&#038;p=434899\"},\"modified\":\"2019-02-22T00:05:00\",\"modified_gmt\":\"2019-02-22T08:05:00\",\"slug\":\"3-reasons-why-wordpress-agencies-love-beaver-builder\",\"status\":\"publish\",\"type\":\"fl_notification\",\"link\":\"https:\\/\\/www.wpbeaverbuilder.com\\/?fl_notification=3-reasons-why-wordpress-agencies-love-beaver-builder\",\"title\":{\"rendered\":\"3 Reasons Why WordPress Agencies Love Beaver Builder\"},\"content\":{\"rendered\":\"\\n<div class=\\\"wp-block-image\\\"><figure class=\\\"aligncenter\\\"><img loading=\\\"lazy\\\" width=\\\"318\\\" height=\\\"139\\\" src=\\\"https:\\/\\/www.wpbeaverbuilder.com\\/wp-content\\/uploads\\/2019\\/02\\/why-agencies-love-bb-notification.jpg\\\" alt=\\\"\\\" class=\\\"wp-image-434901\\\" srcset=\\\"https:\\/\\/www.wpbeaverbuilder.com\\/wp-content\\/uploads\\/2019\\/02\\/why-agencies-love-bb-notification.jpg 318w, https:\\/\\/www.wpbeaverbuilder.com\\/wp-content\\/uploads\\/2019\\/02\\/why-agencies-love-bb-notification-300x131.jpg 300w\\\" sizes=\\\"(max-width: 318px) 100vw, 318px\\\" \\/><\\/figure><\\/div>\\n\\n\\n\\n<p>Ever wonder why the biggest companies and agencies in the WordPress space choose Beaver Builder? Companies like Crowd Favorite, GoDaddy, and WP Engine? In this <g class=\\\"gr_ gr_44 gr-alert gr_gramm gr_inline_cards gr_run_anim Punctuation only-ins replaceWithoutSep\\\" id=\\\"44\\\" data-gr-id=\\\"44\\\">article<\\/g> we discuss three reasons why agencies \\u2764\\ufe0f Beaver Builder!<br><\\/p>\\n\",\"protected\":false},\"template\":\"\",\"meta\":{\"om_disable_all_campaigns\":false,\"_fl_notification\":[\"https:\\/\\/www.wpbeaverbuilder.com\\/3-reasons-why-wordpress-agencies-love-beaver-builder\\/\"],\"_links_to\":\"\",\"_links_to_target\":\"\"},\"_links\":{\"self\":[{\"href\":\"https:\\/\\/www.wpbeaverbuilder.com\\/wp-json\\/wp\\/v2\\/fl_notification\\/434899\"}],\"collection\":[{\"href\":\"https:\\/\\/www.wpbeaverbuilder.com\\/wp-json\\/wp\\/v2\\/fl_notification\"}],\"about\":[{\"href\":\"https:\\/\\/www.wpbeaverbuilder.com\\/wp-json\\/wp\\/v2\\/types\\/fl_notification\"}],\"wp:attachment\":[{\"href\":\"https:\\/\\/www.wpbeaverbuilder.com\\/wp-json\\/wp\\/v2\\/media?parent=434899\"}],\"curies\":[{\"name\":\"wp\",\"href\":\"https:\\/\\/api.w.org\\/{rel}\",\"templated\":true}]}},{\"id\":430933,\"date\":\"2019-02-08T12:10:12\",\"date_gmt\":\"2019-02-08T20:10:12\",\"guid\":{\"rendered\":\"https:\\/\\/www.wpbeaverbuilder.com\\/?post_type=fl_notification&#038;p=430933\"},\"modified\":\"2019-02-08T12:10:15\",\"modified_gmt\":\"2019-02-08T20:10:15\",\"slug\":\"winter-update-blocks-in-beaver-builder-future-plans-and-more\",\"status\":\"publish\",\"type\":\"fl_notification\",\"link\":\"https:\\/\\/www.wpbeaverbuilder.com\\/?fl_notification=winter-update-blocks-in-beaver-builder-future-plans-and-more\",\"title\":{\"rendered\":\"Winter Update \\u2013 Blocks in Beaver Builder, Future Plans, and More\"},\"content\":{\"rendered\":\"\\n<div class=\\\"wp-block-image\\\"><figure class=\\\"aligncenter\\\"><img loading=\\\"lazy\\\" width=\\\"318\\\" height=\\\"139\\\" src=\\\"https:\\/\\/www.wpbeaverbuilder.com\\/wp-content\\/uploads\\/2019\\/02\\/winter-update-notification.jpg\\\" alt=\\\"\\\" class=\\\"wp-image-430941\\\" srcset=\\\"https:\\/\\/www.wpbeaverbuilder.com\\/wp-content\\/uploads\\/2019\\/02\\/winter-update-notification.jpg 318w, https:\\/\\/www.wpbeaverbuilder.com\\/wp-content\\/uploads\\/2019\\/02\\/winter-update-notification-300x131.jpg 300w\\\" sizes=\\\"(max-width: 318px) 100vw, 318px\\\" \\/><\\/figure><\\/div>\\n\\n\\n\\n<p>Our latest update post is live. We have news about future plans for Beaver Builder and an upcoming module overhaul! Our plugs and footnotes section is well stocked this time around. We\'ve been jumping on a ton of podcasts recently talking about everything from the future of\\u00a0Beaver Builder to digital nomadism! Let\'s get into it\\u2026<\\/p>\\n\",\"protected\":false},\"template\":\"\",\"meta\":{\"om_disable_all_campaigns\":false,\"_fl_notification\":[\"https:\\/\\/www.wpbeaverbuilder.com\\/winter-update-blocks-future-plans-and-more\\/\"],\"_links_to\":\"\",\"_links_to_target\":\"\"},\"_links\":{\"self\":[{\"href\":\"https:\\/\\/www.wpbeaverbuilder.com\\/wp-json\\/wp\\/v2\\/fl_notification\\/430933\"}],\"collection\":[{\"href\":\"https:\\/\\/www.wpbeaverbuilder.com\\/wp-json\\/wp\\/v2\\/fl_notification\"}],\"about\":[{\"href\":\"https:\\/\\/www.wpbeaverbuilder.com\\/wp-json\\/wp\\/v2\\/types\\/fl_notification\"}],\"wp:attachment\":[{\"href\":\"https:\\/\\/www.wpbeaverbuilder.com\\/wp-json\\/wp\\/v2\\/media?parent=430933\"}],\"curies\":[{\"name\":\"wp\",\"href\":\"https:\\/\\/api.w.org\\/{rel}\",\"templated\":true}]}},{\"id\":423877,\"date\":\"2019-01-16T15:51:14\",\"date_gmt\":\"2019-01-16T23:51:14\",\"guid\":{\"rendered\":\"https:\\/\\/www.wpbeaverbuilder.com\\/?post_type=fl_notification&#038;p=423877\"},\"modified\":\"2019-01-16T15:51:14\",\"modified_gmt\":\"2019-01-16T23:51:14\",\"slug\":\"difference-between-gutenberg-and-page-builders-like-beaver-builder-elementor-and-divi\",\"status\":\"publish\",\"type\":\"fl_notification\",\"link\":\"https:\\/\\/www.wpbeaverbuilder.com\\/?fl_notification=difference-between-gutenberg-and-page-builders-like-beaver-builder-elementor-and-divi\",\"title\":{\"rendered\":\"Difference between Gutenberg and Page Builders like Beaver Builder, Elementor, and Divi\"},\"content\":{\"rendered\":\"<p><img loading=\\\"lazy\\\" class=\\\"aligncenter size-full wp-image-423885\\\" src=\\\"https:\\/\\/www.wpbeaverbuilder.com\\/wp-content\\/uploads\\/2019\\/01\\/gutenberg-vs-bb-notification.jpg\\\" alt=\\\"Difference between Gutenberg and Beaver Builder\\\" width=\\\"318\\\" height=\\\"139\\\" srcset=\\\"https:\\/\\/www.wpbeaverbuilder.com\\/wp-content\\/uploads\\/2019\\/01\\/gutenberg-vs-bb-notification.jpg 318w, https:\\/\\/www.wpbeaverbuilder.com\\/wp-content\\/uploads\\/2019\\/01\\/gutenberg-vs-bb-notification-300x131.jpg 300w\\\" sizes=\\\"(max-width: 318px) 100vw, 318px\\\" \\/><\\/p>\\n<p>This question has been coming up a lot! In this post, we explain how page builders differ from Gutenberg and the best scenarios to understand when to use one or the other. This might be old news to\\u00a0Beaver Builder users like you, but if you have a client or a friend that is trying to grok the differences this is the post for them.<\\/p>\\n\",\"protected\":false},\"template\":\"\",\"meta\":{\"om_disable_all_campaigns\":false,\"_fl_notification\":[\"https:\\/\\/www.wpbeaverbuilder.com\\/difference-between-gutenberg-and-page-builders-like-beaver-builder-elementor-and-divi\\/\"],\"_links_to\":\"\",\"_links_to_target\":\"\"},\"_links\":{\"self\":[{\"href\":\"https:\\/\\/www.wpbeaverbuilder.com\\/wp-json\\/wp\\/v2\\/fl_notification\\/423877\"}],\"collection\":[{\"href\":\"https:\\/\\/www.wpbeaverbuilder.com\\/wp-json\\/wp\\/v2\\/fl_notification\"}],\"about\":[{\"href\":\"https:\\/\\/www.wpbeaverbuilder.com\\/wp-json\\/wp\\/v2\\/types\\/fl_notification\"}],\"wp:attachment\":[{\"href\":\"https:\\/\\/www.wpbeaverbuilder.com\\/wp-json\\/wp\\/v2\\/media?parent=423877\"}],\"curies\":[{\"name\":\"wp\",\"href\":\"https:\\/\\/api.w.org\\/{rel}\",\"templated\":true}]}},{\"id\":421774,\"date\":\"2019-01-09T10:34:00\",\"date_gmt\":\"2019-01-09T18:34:00\",\"guid\":{\"rendered\":\"https:\\/\\/www.wpbeaverbuilder.com\\/?post_type=fl_notification&#038;p=421774\"},\"modified\":\"2019-01-09T10:34:00\",\"modified_gmt\":\"2019-01-09T18:34:00\",\"slug\":\"mental-health-stress-and-burnout-an-interview-with-dr-sherry-walling\",\"status\":\"publish\",\"type\":\"fl_notification\",\"link\":\"https:\\/\\/www.wpbeaverbuilder.com\\/?fl_notification=mental-health-stress-and-burnout-an-interview-with-dr-sherry-walling\",\"title\":{\"rendered\":\"Mental Health, Stress, and Burnout \\u2013 An interview with Dr. Sherry Walling\"},\"content\":{\"rendered\":\"<p><img loading=\\\"lazy\\\" class=\\\"aligncenter size-full wp-image-421777\\\" src=\\\"https:\\/\\/www.wpbeaverbuilder.com\\/wp-content\\/uploads\\/2019\\/01\\/sherry-walling-notification.jpg\\\" alt=\\\"Mental health, stress, and burnout\\\" width=\\\"318\\\" height=\\\"139\\\" srcset=\\\"https:\\/\\/www.wpbeaverbuilder.com\\/wp-content\\/uploads\\/2019\\/01\\/sherry-walling-notification.jpg 318w, https:\\/\\/www.wpbeaverbuilder.com\\/wp-content\\/uploads\\/2019\\/01\\/sherry-walling-notification-300x131.jpg 300w\\\" sizes=\\\"(max-width: 318px) 100vw, 318px\\\" \\/><\\/p>\\n<p>We met Dr. Sherry Walling several years ago at an event and were extremely impressed with her candid discussions about mental health in the entrepreneurial space. I am thrilled that she agreed to work with us on an interview-style blog post discussing some practical ways to improve one\'s mental and emotional wellbeing.<\\/p>\\n\",\"protected\":false},\"template\":\"\",\"meta\":{\"om_disable_all_campaigns\":false,\"_fl_notification\":[\"https:\\/\\/www.wpbeaverbuilder.com\\/mental-health-stress-and-burnout-an-interview-with-dr-sherry-walling\\/\"],\"_links_to\":\"\",\"_links_to_target\":\"\"},\"_links\":{\"self\":[{\"href\":\"https:\\/\\/www.wpbeaverbuilder.com\\/wp-json\\/wp\\/v2\\/fl_notification\\/421774\"}],\"collection\":[{\"href\":\"https:\\/\\/www.wpbeaverbuilder.com\\/wp-json\\/wp\\/v2\\/fl_notification\"}],\"about\":[{\"href\":\"https:\\/\\/www.wpbeaverbuilder.com\\/wp-json\\/wp\\/v2\\/types\\/fl_notification\"}],\"wp:attachment\":[{\"href\":\"https:\\/\\/www.wpbeaverbuilder.com\\/wp-json\\/wp\\/v2\\/media?parent=421774\"}],\"curies\":[{\"name\":\"wp\",\"href\":\"https:\\/\\/api.w.org\\/{rel}\",\"templated\":true}]}},{\"id\":416381,\"date\":\"2018-12-14T09:02:44\",\"date_gmt\":\"2018-12-14T17:02:44\",\"guid\":{\"rendered\":\"https:\\/\\/www.wpbeaverbuilder.com\\/?post_type=fl_notification&#038;p=416381\"},\"modified\":\"2018-12-14T09:02:44\",\"modified_gmt\":\"2018-12-14T17:02:44\",\"slug\":\"thoughts-on-gutenberg-and-a-wordcamp-us-recap\",\"status\":\"publish\",\"type\":\"fl_notification\",\"link\":\"https:\\/\\/www.wpbeaverbuilder.com\\/?fl_notification=thoughts-on-gutenberg-and-a-wordcamp-us-recap\",\"title\":{\"rendered\":\"Thoughts on Gutenberg and a WordCamp US Recap\"},\"content\":{\"rendered\":\"<p><img loading=\\\"lazy\\\" class=\\\"aligncenter size-full wp-image-416382\\\" src=\\\"https:\\/\\/www.wpbeaverbuilder.com\\/wp-content\\/uploads\\/2018\\/12\\/wcus-notification.jpg\\\" alt=\\\"\\\" width=\\\"318\\\" height=\\\"139\\\" srcset=\\\"https:\\/\\/www.wpbeaverbuilder.com\\/wp-content\\/uploads\\/2018\\/12\\/wcus-notification.jpg 318w, https:\\/\\/www.wpbeaverbuilder.com\\/wp-content\\/uploads\\/2018\\/12\\/wcus-notification-300x131.jpg 300w\\\" sizes=\\\"(max-width: 318px) 100vw, 318px\\\" \\/><\\/p>\\n<p>A few of us from the Beaver Builder team had the opportunity to attend WordCamp US 2018 in Nashville, Tennessee, this week. I\'d like to try something new this year and write down a few thoughts about the event and share photos.<\\/p>\\n\",\"protected\":false},\"template\":\"\",\"meta\":{\"om_disable_all_campaigns\":false,\"_fl_notification\":[\"https:\\/\\/www.wpbeaverbuilder.com\\/thoughts-on-gutenberg-and-a-wordcamp-us-recap\\/\"],\"_links_to\":\"\",\"_links_to_target\":\"\"},\"_links\":{\"self\":[{\"href\":\"https:\\/\\/www.wpbeaverbuilder.com\\/wp-json\\/wp\\/v2\\/fl_notification\\/416381\"}],\"collection\":[{\"href\":\"https:\\/\\/www.wpbeaverbuilder.com\\/wp-json\\/wp\\/v2\\/fl_notification\"}],\"about\":[{\"href\":\"https:\\/\\/www.wpbeaverbuilder.com\\/wp-json\\/wp\\/v2\\/types\\/fl_notification\"}],\"wp:attachment\":[{\"href\":\"https:\\/\\/www.wpbeaverbuilder.com\\/wp-json\\/wp\\/v2\\/media?parent=416381\"}],\"curies\":[{\"name\":\"wp\",\"href\":\"https:\\/\\/api.w.org\\/{rel}\",\"templated\":true}]}}]\";}', 'no'),
(872, 'monsterinsights_review', 'a:2:{s:4:\"time\";i:1596552863;s:9:\"dismissed\";b:1;}', 'yes'),
(884, 'bsf-updater-version', '1.29.12', 'yes'),
(887, 'uabb_cloud_templates', '1596729145', 'yes'),
(890, 'brainstrom_products', 'a:1:{s:7:\"plugins\";a:1:{s:4:\"uabb\";a:18:{s:8:\"template\";s:39:\"bb-ultimate-addon/bb-ultimate-addon.php\";s:4:\"type\";s:6:\"plugin\";s:2:\"id\";s:4:\"uabb\";s:12:\"product_name\";s:38:\"Ultimate Addons for Beaver Builder Pro\";s:7:\"version\";s:6:\"1.37.5\";s:6:\"remote\";s:6:\"1.34.5\";s:8:\"in_house\";s:4:\"true\";s:9:\"on_market\";s:5:\"false\";s:15:\"is_product_free\";s:5:\"false\";s:10:\"short_name\";s:0:\"\";s:13:\"changelog_url\";s:117:\"https://www.ultimatebeaver.com/changelog/?utm_source=uabb-pro-dashboard&utm_medium=changelog&utm_campaign=get-license\";s:12:\"purchase_url\";s:120:\"https://www.ultimatebeaver.com/pricing/?utm_source=uabb-pro-dashboard&utm_medium=license-screen&utm_campaign=get-license\";s:12:\"version_beta\";s:0:\"\";s:17:\"download_url_beta\";s:0:\"\";s:12:\"download_url\";s:0:\"\";s:6:\"tested\";s:3:\"5.9\";s:6:\"status\";s:10:\"registered\";s:12:\"purchase_key\";s:10:\"registered\";}}}', 'yes'),
(947, 'post_count', '0', 'yes'),
(948, 'fresh_site', '0', 'yes'),
(949, 'category_children', 'a:0:{}', 'yes'),
(950, 'fl-builder-template-category_children', 'a:0:{}', 'yes'),
(953, '_fl_theme_builder_assets_expire', '1649991897', 'yes'),
(964, 'dsidxpress-api-options', 'a:33:{s:15:\"CustomTitleText\";s:0:\"\";s:23:\"IsResultsPageModernView\";s:4:\"true\";s:27:\"MapOrientationInResultsPage\";s:4:\"left\";s:20:\"ShowMapInResultsPage\";s:5:\"false\";s:21:\"UseAcresInsteadOfSqFt\";s:5:\"false\";s:23:\"RegistrationShowConsent\";s:5:\"false\";s:34:\"RegistrationConsentLastUpdatedDate\";s:0:\"\";s:13:\"RequiredPhone\";s:5:\"false\";s:36:\"AllowedDetailViewsBeforeRegistration\";s:3:\"500\";s:33:\"AllowedSearchesBeforeRegistration\";s:3:\"500\";s:31:\"RequireAuth-Details-Description\";s:5:\"false\";s:30:\"RequireAuth-Property-Community\";s:5:\"false\";s:26:\"RequireAuth-Property-Tract\";s:5:\"false\";s:27:\"RequireAuth-Details-Schools\";s:5:\"false\";s:34:\"RequireAuth-Details-AdditionalInfo\";s:5:\"false\";s:32:\"RequireAuth-Details-PriceChanges\";s:5:\"false\";s:28:\"RequireAuth-Details-Features\";s:5:\"false\";s:33:\"RequireAuth-Property-DaysOnMarket\";s:5:\"false\";s:32:\"RequireAuth-Property-LastUpdated\";s:5:\"false\";s:30:\"RequireAuth-Property-YearBuilt\";s:5:\"false\";s:9:\"FirstName\";s:5:\"Laura\";s:8:\"LastName\";s:5:\"Henry\";s:5:\"Email\";s:30:\"laura@mastermanagementcorp.com\";s:13:\"MobileSiteUrl\";s:0:\"\";s:7:\"AgentID\";s:6:\"122618\";s:8:\"OfficeID\";s:0:\"\";s:24:\"RestrictResultsToZipcode\";s:0:\"\";s:21:\"RestrictResultsToCity\";s:0:\"\";s:23:\"RestrictResultsToCounty\";s:7:\"Clallam\";s:22:\"RestrictResultsToState\";s:2:\"WA\";s:29:\"RestrictResultsToPropertyType\";s:39:\"791,792,793,794,795,796,797,798,799,800\";s:19:\"DefaultPropertyType\";s:39:\"791,792,793,794,795,796,797,798,799,800\";s:27:\"DefaultListingStatusTypeIDs\";s:1:\"1\";}', 'yes'),
(1071, 'fl_theme_css_key-customizer', '625f130ae2af9', 'yes'),
(1155, '_fl_builder_enabled_icons', 'a:3:{i:0;s:14:\"ultimate-icons\";i:1;s:20:\"font-awesome-5-solid\";i:2;s:22:\"font-awesome-5-regular\";}', 'no'),
(1156, '_fl_builder_kit_fa_pro', '', 'yes'),
(1181, '_fl_builder_enable_fa_pro', '', 'no'),
(1405, 'nav_menu_options', 'a:2:{i:0;b:0;s:8:\"auto_add\";a:0:{}}', 'yes'),
(1412, 'fl_builder_recent_fonts', 'a:1:{s:0:\"\";s:0:\"\";}', 'yes'),
(1442, 'rg_gforms_key', '70b8fc4a6c4d0f1b7b96b073f308834c', 'yes'),
(1443, 'gf_site_key', 'f8d501a7-baa1-451a-8bdf-d4a27525e809', 'yes'),
(1444, 'gf_site_secret', '9696db86-a02a-4e61-9616-92717f56f29b', 'yes'),
(1445, 'rg_gforms_enable_akismet', '', 'yes'),
(1446, 'rg_gforms_currency', 'USD', 'yes'),
(1447, 'gform_enable_toolbar_menu', '1', 'yes'),
(1477, 'rg_gforms_captcha_public_key', '6LdSXrsZAAAAAObXDreeORzWJI6VTpaf2_n4AWgF', 'yes'),
(1478, 'rg_gforms_captcha_private_key', '6LdSXrsZAAAAADVG2uqWn8_bJ7qUaEQDoanBJRrh', 'yes'),
(1479, 'rg_gforms_captcha_type', 'checkbox', 'yes'),
(1480, 'gform_recaptcha_keys_status', '1', 'yes'),
(5099, 'gf_previous_db_version', '2.9.13', 'yes'),
(5100, 'gf_upgrade_lock', 'a:4:{s:15:\"from_gf_version\";s:6:\"2.9.13\";s:10:\"to_version\";s:6:\"2.9.14\";s:15:\"from_db_version\";s:6:\"2.9.13\";s:13:\"force_upgrade\";b:0;}', 'yes'),
(5101, 'gform_sticky_admin_messages', 'a:1:{s:23:\"gravityforms_update_2.5\";a:5:{s:4:\"type\";s:7:\"success\";s:4:\"text\";s:200:\"Welcome to Gravity Forms 2.5! <a href=\"https://www.gravityforms.com/two-five/\" target=\"_blank\" rel=\"noopener noreferrer\">Learn more</a> about all the new features and updates included in this version.\";s:3:\"key\";s:22:\"gravityforms_update_25\";s:12:\"capabilities\";b:0;s:4:\"page\";N;}}', 'yes'),
(5108, 'disallowed_keys', '', 'no'),
(5109, 'comment_previously_approved', '1', 'yes'),
(5110, 'auto_plugin_theme_update_emails', 'a:0:{}', 'no'),
(5111, 'finished_updating_comment_type', '1', 'yes'),
(5112, 'db_upgraded', '1', 'yes'),
(12716, 'max_file_size', '268435456', 'yes'),
(52714, 'sm_options', 'a:66:{s:18:\"sm_b_prio_provider\";s:41:\"GoogleSitemapGeneratorPrioByCountProvider\";s:9:\"sm_b_ping\";b:1;s:10:\"sm_b_stats\";b:0;s:12:\"sm_b_autozip\";b:1;s:11:\"sm_b_memory\";s:0:\"\";s:9:\"sm_b_time\";i:-1;s:18:\"sm_b_style_default\";b:1;s:10:\"sm_b_style\";s:0:\"\";s:12:\"sm_b_baseurl\";s:0:\"\";s:14:\"sm_b_rewrites2\";b:1;s:13:\"sm_b_indexnow\";b:1;s:22:\"sm_b_activate_indexnow\";b:1;s:15:\"sm_b_index_date\";s:0:\"\";s:11:\"sm_b_robots\";b:1;s:9:\"sm_b_html\";b:1;s:12:\"sm_b_exclude\";a:1:{i:0;i:234;}s:17:\"sm_b_exclude_cats\";a:0:{}s:10:\"sm_in_home\";b:1;s:11:\"sm_in_posts\";b:1;s:15:\"sm_in_posts_sub\";b:0;s:11:\"sm_in_pages\";b:1;s:10:\"sm_in_cats\";b:0;s:15:\"sm_product_tags\";b:1;s:17:\"sm_in_product_cat\";b:0;s:24:\"sm_in_product_assortment\";b:1;s:10:\"sm_in_arch\";b:0;s:10:\"sm_in_auth\";b:0;s:10:\"sm_in_tags\";b:0;s:9:\"sm_in_tax\";a:0:{}s:17:\"sm_in_customtypes\";a:0:{}s:13:\"sm_in_lastmod\";b:1;s:17:\"sm_b_sitemap_name\";s:7:\"sitemap\";s:16:\"sm_b_old_sm_name\";s:7:\"sitemap\";s:10:\"sm_cf_home\";s:5:\"daily\";s:11:\"sm_cf_posts\";s:7:\"monthly\";s:11:\"sm_cf_pages\";s:6:\"weekly\";s:10:\"sm_cf_cats\";s:6:\"weekly\";s:17:\"sm_cf_product_cat\";s:6:\"weekly\";s:10:\"sm_cf_auth\";s:6:\"weekly\";s:15:\"sm_cf_arch_curr\";s:5:\"daily\";s:14:\"sm_cf_arch_old\";s:6:\"yearly\";s:10:\"sm_cf_tags\";s:6:\"weekly\";s:10:\"sm_pr_home\";d:1;s:11:\"sm_pr_posts\";d:0.59999999999999997779553950749686919152736663818359375;s:15:\"sm_pr_posts_min\";d:0.200000000000000011102230246251565404236316680908203125;s:11:\"sm_pr_pages\";d:0.59999999999999997779553950749686919152736663818359375;s:10:\"sm_pr_cats\";d:0.299999999999999988897769753748434595763683319091796875;s:17:\"sm_pr_product_cat\";d:0.299999999999999988897769753748434595763683319091796875;s:10:\"sm_pr_arch\";d:0.299999999999999988897769753748434595763683319091796875;s:10:\"sm_pr_auth\";d:0.299999999999999988897769753748434595763683319091796875;s:10:\"sm_pr_tags\";d:0.299999999999999988897769753748434595763683319091796875;s:12:\"sm_i_donated\";b:0;s:17:\"sm_i_hide_donated\";b:0;s:17:\"sm_i_install_date\";i:1601917425;s:16:\"sm_i_hide_survey\";b:0;s:14:\"sm_i_hide_note\";b:0;s:15:\"sm_i_hide_works\";b:0;s:16:\"sm_i_hide_donors\";b:0;s:9:\"sm_i_hash\";s:20:\"2d7d47d722870527b7a9\";s:8:\"sm_i_tid\";s:0:\"\";s:13:\"sm_i_lastping\";i:1630725033;s:16:\"sm_i_supportfeed\";b:1;s:22:\"sm_i_supportfeed_cache\";i:1630725031;s:13:\"sm_links_page\";i:1000;s:15:\"sm_user_consent\";b:0;s:20:\"sm_wp_sitemap_status\";b:1;}', 'yes'),
(60593, 'sg_cachepress', 'a:8:{s:12:\"enable_cache\";i:1;s:15:\"autoflush_cache\";i:1;s:16:\"enable_memcached\";i:0;s:11:\"show_notice\";i:0;s:8:\"is_nginx\";i:0;s:13:\"checked_nginx\";i:0;s:9:\"first_run\";i:0;s:9:\"last_fail\";i:0;}', 'yes'),
(60594, 'siteground_optimizer_enable_cache', '1', 'yes'),
(60595, 'siteground_optimizer_autoflush_cache', '1', 'yes'),
(60596, 'siteground_optimizer_enable_memcached', '1', 'yes'),
(60597, 'siteground_optimizer_show_notice', '0', 'yes'),
(60598, 'siteground_optimizer_is_nginx', '0', 'yes'),
(60599, 'siteground_optimizer_checked_nginx', '0', 'yes'),
(60600, 'siteground_optimizer_first_run', '0', 'yes'),
(60601, 'siteground_optimizer_last_fail', '0', 'yes'),
(60602, 'siteground_optimizer_ssl_enabled', '1', 'yes'),
(60603, 'siteground_optimizer_optimize_html', '1', 'yes'),
(60604, 'siteground_optimizer_optimize_javascript', '1', 'yes'),
(60605, 'siteground_optimizer_optimize_javascript_async', '0', 'yes'),
(60606, 'siteground_optimizer_optimize_css', '1', 'yes'),
(60607, 'siteground_optimizer_combine_css', '1', 'yes'),
(60608, 'siteground_optimizer_remove_query_strings', '0', 'yes'),
(60609, 'siteground_optimizer_disable_emojis', '1', 'yes'),
(60610, 'siteground_optimizer_optimize_images', '1', 'yes'),
(60611, 'siteground_optimizer_lazyload_images', '1', 'yes'),
(60616, 'siteground_optimizer_fix_insecure_content', '1', 'yes'),
(60634, 'siteground_optimizer_version', '7.4.0', 'yes'),
(60635, 'siteground_optimizer_update_timestamp', '1692833843', 'yes'),
(60636, 'siteground_optimizer_phpcompat_status', '1', 'yes'),
(60637, 'siteground_optimizer_phpcompat_progress', '0', 'yes'),
(60638, 'siteground_optimizer_phpcompat_is_compatible', '0', 'yes'),
(60639, 'siteground_optimizer_phpcompat_result', 'a:0:{}', 'yes'),
(60640, 'siteground_optimizer_image_optimization_completed', '1', 'no'),
(60641, 'siteground_optimizer_enable_gzip_compression', '1', 'yes'),
(60642, 'siteground_optimizer_enable_browser_caching', '1', 'yes'),
(60676, 'siteground_optimizer_async_javascript_exclude', 'a:3:{i:0;s:11:\"jquery-core\";i:1;s:14:\"jquery-migrate\";i:2;s:6:\"jquery\";}', 'yes'),
(60677, 'siteground_optimizer_excluded_lazy_load_classes', 'a:1:{i:0;s:9:\"skip-lazy\";}', 'yes'),
(60678, 'siteground_optimizer_whats_new', 'a:1:{i:0;a:7:{s:4:\"type\";s:7:\"default\";s:5:\"title\";s:28:\"JavaScript Files Combination\";s:4:\"text\";s:439:\"We are combining all the JS files that your theme and plugins include in your site header and footer in order to lower the number of requests it is producing. We will keep the scripts in their original location after the combination for best compatibility with other plugins. Note, that in some cases you may need to exclude a script or two from combination so make sure you check your site after enabling the JavaScript Files Combination!\";s:4:\"icon\";s:31:\"presentational-javascript-files\";s:10:\"icon_color\";s:5:\"ocean\";s:12:\"optimization\";s:18:\"combine_javascript\";s:6:\"button\";a:3:{s:4:\"text\";s:10:\"Enable Now\";s:5:\"color\";s:7:\"primary\";s:4:\"link\";s:8:\"frontend\";}}}', 'yes'),
(60679, 'siteground_optimizer_quality_webp', '75', 'yes'),
(60680, 'siteground_optimizer_quality_type', 'lossless', 'yes'),
(60699, 'siteground_optimizer_assets_data', 'a:14:{i:0;a:7:{s:5:\"value\";s:5:\"dsidx\";s:5:\"title\";s:75:\"https://api-idx.diversesolutions.com/combo-css?config=dsidxpress-pro-modern\";s:5:\"group\";s:6:\"others\";s:4:\"name\";b:0;s:9:\"in_footer\";i:0;s:11:\"is_minified\";i:0;s:11:\"group_title\";s:6:\"others\";}i:1;a:7:{s:5:\"value\";s:16:\"dsidxpress-icons\";s:5:\"title\";s:39:\"/plugins/dsidxpress/css/dsidx-icons.css\";s:5:\"group\";s:6:\"plugin\";s:4:\"name\";s:10:\"dsIDXpress\";s:9:\"in_footer\";i:0;s:11:\"is_minified\";i:0;s:11:\"group_title\";s:18:\"plugin: dsIDXpress\";}i:2;a:7:{s:5:\"value\";s:24:\"dsidxpress-unconditional\";s:5:\"title\";s:34:\"/plugins/dsidxpress/css/client.css\";s:5:\"group\";s:6:\"plugin\";s:4:\"name\";s:10:\"dsIDXpress\";s:9:\"in_footer\";i:0;s:11:\"is_minified\";i:0;s:11:\"group_title\";s:18:\"plugin: dsIDXpress\";}i:3;a:7:{s:5:\"value\";s:26:\"dsidxwidgets-unconditional\";s:5:\"title\";s:47:\"/plugins/dsidxpress/dsidxwidgets/css/client.css\";s:5:\"group\";s:6:\"plugin\";s:4:\"name\";s:10:\"dsIDXpress\";s:9:\"in_footer\";i:0;s:11:\"is_minified\";i:0;s:11:\"group_title\";s:18:\"plugin: dsIDXpress\";}i:4;a:7:{s:5:\"value\";s:16:\"wp-block-library\";s:5:\"title\";s:49:\"/wp-includes/css/dist/block-library/style.min.css\";s:5:\"group\";s:6:\"others\";s:4:\"name\";b:0;s:9:\"in_footer\";i:0;s:11:\"is_minified\";i:1;s:11:\"group_title\";s:6:\"others\";}i:5;a:7:{s:5:\"value\";s:22:\"wp-block-library-theme\";s:5:\"title\";s:49:\"/wp-includes/css/dist/block-library/theme.min.css\";s:5:\"group\";s:6:\"others\";s:4:\"name\";b:0;s:9:\"in_footer\";i:0;s:11:\"is_minified\";i:1;s:11:\"group_title\";s:6:\"others\";}i:6;a:7:{s:5:\"value\";s:14:\"font-awesome-5\";s:5:\"title\";s:56:\"https://pro.fontawesome.com/releases/v5.12.0/css/all.css\";s:5:\"group\";s:6:\"others\";s:4:\"name\";b:0;s:9:\"in_footer\";i:0;s:11:\"is_minified\";i:0;s:11:\"group_title\";s:6:\"others\";}i:7;a:7:{s:5:\"value\";s:14:\"ultimate-icons\";s:5:\"title\";s:57:\"/uploads/sites/4/bb-plugin/icons/ultimate-icons/style.css\";s:5:\"group\";s:6:\"upload\";s:4:\"name\";s:5:\"sites\";s:9:\"in_footer\";i:0;s:11:\"is_minified\";i:0;s:11:\"group_title\";s:13:\"upload: sites\";}i:8;a:7:{s:5:\"value\";s:57:\"fl-builder-layout-bundle-f5430e275f048e326fe4648c06b88966\";s:5:\"title\";s:83:\"/uploads/sites/4/bb-plugin/cache/f5430e275f048e326fe4648c06b88966-layout-bundle.css\";s:5:\"group\";s:6:\"upload\";s:4:\"name\";s:5:\"sites\";s:9:\"in_footer\";i:0;s:11:\"is_minified\";i:0;s:11:\"group_title\";s:13:\"upload: sites\";}i:9;a:7:{s:5:\"value\";s:26:\"fl-theme-builder-admin-bar\";s:5:\"title\";s:60:\"/plugins/bb-theme-builder/css/fl-theme-builder-admin-bar.css\";s:5:\"group\";s:6:\"plugin\";s:4:\"name\";s:16:\"bb-theme-builder\";s:9:\"in_footer\";i:0;s:11:\"is_minified\";i:0;s:11:\"group_title\";s:24:\"plugin: bb-theme-builder\";}i:10;a:7:{s:5:\"value\";s:20:\"jquery-magnificpopup\";s:5:\"title\";s:51:\"/plugins/bb-plugin/css/jquery.magnificpopup.min.css\";s:5:\"group\";s:6:\"plugin\";s:4:\"name\";s:9:\"bb-plugin\";s:9:\"in_footer\";i:0;s:11:\"is_minified\";i:1;s:11:\"group_title\";s:17:\"plugin: bb-plugin\";}i:11;a:7:{s:5:\"value\";s:4:\"base\";s:5:\"title\";s:33:\"/themes/bb-theme/css/base.min.css\";s:5:\"group\";s:5:\"theme\";s:4:\"name\";s:8:\"bb-theme\";s:9:\"in_footer\";i:0;s:11:\"is_minified\";i:1;s:11:\"group_title\";s:15:\"theme: bb-theme\";}i:12;a:7:{s:5:\"value\";s:17:\"fl-automator-skin\";s:5:\"title\";s:48:\"/uploads/sites/4/bb-theme/skin-5f5fa4b0061f0.css\";s:5:\"group\";s:6:\"upload\";s:4:\"name\";s:5:\"sites\";s:9:\"in_footer\";i:0;s:11:\"is_minified\";i:0;s:11:\"group_title\";s:13:\"upload: sites\";}i:13;a:7:{s:5:\"value\";s:14:\"fl-child-theme\";s:5:\"title\";s:32:\"/themes/bb-theme-child/style.css\";s:5:\"group\";s:5:\"theme\";s:4:\"name\";s:14:\"bb-theme-child\";s:9:\"in_footer\";i:0;s:11:\"is_minified\";i:0;s:11:\"group_title\";s:21:\"theme: bb-theme-child\";}}', 'yes'),
(60708, 'siteground_optimizer_user_agent_header', '0', 'yes'),
(60726, 'siteground_optimizer_dns_prefetch', '1', 'yes'),
(60731, 'siteground_optimizer_database_optimization', 'a:7:{i:0;s:18:\"delete_auto_drafts\";i:1;s:16:\"delete_revisions\";i:2;s:20:\"delete_trashed_posts\";i:3;s:20:\"delete_spam_comments\";i:4;s:21:\"delete_trash_comments\";i:5;s:18:\"expired_transients\";i:6;s:15:\"optimize_tables\";}', 'yes'),
(60736, 'siteground_optimizer_combine_google_fonts', '1', 'yes'),
(102472, 'pw_tm_suspend', '1', 'yes'),
(110794, 'mwp_service_key', '816b5caa-947c-484f-92d1-40ce9f9aa4a7', 'yes'),
(110797, 'mmb_network_admin_install', '-1', 'yes'),
(110798, '_worker_nossl_key', '', 'yes'),
(110799, '_worker_public_key', 'LS0tLS1CRUdJTiBQVUJMSUMgS0VZLS0tLS0KTUlJQklqQU5CZ2txaGtpRzl3MEJBUUVGQUFPQ0FROEFNSUlCQ2dLQ0FRRUF6MnB2ekh2YzZoTXpmanZyUnE2NwprcTEvb1hVdVRSZHFCWDdwWG9NYXRQZ29MaUZFbURYWXJLMFNLN0hWSlpiYjcyWnl3REV0c2dSaVFyWFVpaWgvCnpoZFVyL0VXNkF6Q1QwckpxaEI5WDVyWG1XaXBwbnZWcFV2b2tGamhRanp1UDZuaFZQQTl0TnFQUERnSlRFR1EKT1VLUGZkdzZSL0ZyeTBEUW0rOUNUR3R4Wk1lZ0grR3lkY01XOHhoT1RqUUt2VXNpWnBRV3pYcG1GWnR4OGxabQpDb0JhM0d3VTRVVXBpUDd0N1BoSDFncmRWQ1JJd0c5TWIxNTdEdXppaTRwbndvb1Mwd1E5bVhicjBrb0hqOVFGCmZ2M092ZjVhRkN1cmZCaUFVVkhVZ1h5cllURENMZDN5OVBlOVV3N3lkTkFQd2w3bzNtN3pIQ3czcS9JT2cvdnAKbFFJREFRQUIKLS0tLS1FTkQgUFVCTElDIEtFWS0tLS0tCg==', 'yes'),
(110800, 'mwp_communication_keys', 'a:0:{}', 'yes'),
(110801, 'mwp_key_last_used_72a9264b-bdad-4534-b8ed-bae1b5211812', '1609188061', 'yes'),
(110802, 'mwp_potential_key', '986f5041-050c-4731-8254-d188a3e3bb18', 'yes'),
(110803, 'mwp_potential_key_time', '1783955255', 'yes'),
(110804, 'mwp_public_keys_refresh_time', '1720605040', 'yes');
INSERT INTO `wpry_4_options` (`option_id`, `option_name`, `option_value`, `autoload`) VALUES
(110805, 'mwp_public_keys', 'a:13:{i:0;a:6:{s:2:\"id\";s:19:\"managewp_1717725901\";s:7:\"service\";s:8:\"managewp\";s:9:\"validFrom\";s:19:\"2024-06-22 01:26:15\";s:7:\"validTo\";s:19:\"2024-07-24 01:26:15\";s:9:\"publicKey\";s:451:\"-----BEGIN PUBLIC KEY-----\nMIIBIjANBgkqhkiG9w0BAQEFAAOCAQ8AMIIBCgKCAQEAsp/Mh2PJdM1Ws8aEfoby\nOYpHFwekPEOtr3jmx9PDjNt5cpA/68KIgpVDo65BZbX5Z1MFpb/I8Mw+XRNogHFw\nfdDuV39jT2jjKd1gq/a5M6oyhLVAUCewfZQmizUJmv7+xVWK8Ui0veGeoqJ0hlsC\ni675snA41pad4nUMFGbAb4w9xCTu9Y6kolpx50QgLYsk3GqhdT89xNVIVQe7dHz0\n7EIsb3SUXQWCBpDqfNBkQEpB9q3pTupH6my7+J29puZ5eK7oB4zNEPm1Jyat5H5h\nKeGDJtC2Dxvo2zBTm3Uwipu6qFOOysdtH1GU9rB3Hdjil2VFmcAh+MfS6LjojZes\nbQIDAQAB\n-----END PUBLIC KEY-----\n\";s:13:\"useServiceKey\";b:0;}i:1;a:6:{s:2:\"id\";s:19:\"managewp_1720317907\";s:7:\"service\";s:8:\"managewp\";s:9:\"validFrom\";s:19:\"2024-07-22 01:26:15\";s:7:\"validTo\";s:19:\"2024-08-23 01:26:15\";s:9:\"publicKey\";s:451:\"-----BEGIN PUBLIC KEY-----\nMIIBIjANBgkqhkiG9w0BAQEFAAOCAQ8AMIIBCgKCAQEAmxev1ElDMoecoF+DWSkO\n6uq2JqlR6Nhs7cIFn6v3ah+Q2DotJyukVCngNJILRkhe+XfQ5ugjWIz7HwDkCMlx\nRBAfVXNbyBtm8ATi47+8C44Vp3BGo9z8RQs8yeD6eoyFGzeq7rGBbaxRMCBg9wCm\n2XWAhB3233Q+nIe6a1BHS9PZ5GhpTinpgVbbOw21X7dZYsqZxXI1WF1UUQgO3V0y\n28VOVA/53XETDxKWKVZPbnzjisrwo80MHjkzQGfDB9sU0x4y9GWJv94xKg8VX8eU\nw/GBG2ParsvNK6YID4sZEQ98F+SRujwG0dUaOVyWWG1mFano7c60TsAVwT7ejUBF\nbwIDAQAB\n-----END PUBLIC KEY-----\n\";s:13:\"useServiceKey\";b:0;}i:2;a:6:{s:2:\"id\";s:23:\"managewp_dev_1717725902\";s:7:\"service\";s:12:\"managewp_dev\";s:9:\"validFrom\";s:19:\"2024-06-22 01:26:15\";s:7:\"validTo\";s:19:\"2024-07-24 01:26:15\";s:9:\"publicKey\";s:451:\"-----BEGIN PUBLIC KEY-----\nMIIBIjANBgkqhkiG9w0BAQEFAAOCAQ8AMIIBCgKCAQEAmTbmQztMofJbJ0XAza2r\nVdvpybQ4TIQZCu/KIZDT2A//2mCWHtpkJL8IbNTWkBKSjGj3spzTS9lBg+DuTEQ+\nsLh2NJZY4UiHauxynhXSepvjoNZ6cfEMbPwgzm1IGRglRmaoJ7tg0uqJ029EZFDa\nG43A1VqNUEtsvQJ5q9iEHyDr7OU8BKtmmB/1w+BKebzAxNgCgWl3RYYy0HSBnM65\ni3Md0Zj4b6AoPUH6FptRPuWqNoQwt57cyNgiCZBbZ5Bv0FItaejZMrEhO3MxDp96\nPXBB3cjoWgoPHAUZSIqRjj9bnt0O5sq9TAU3ccbdqU06tXJvR5llVSey37JjZrSn\nHQIDAQAB\n-----END PUBLIC KEY-----\n\";s:13:\"useServiceKey\";b:0;}i:3;a:6:{s:2:\"id\";s:23:\"managewp_dev_1720317908\";s:7:\"service\";s:12:\"managewp_dev\";s:9:\"validFrom\";s:19:\"2024-07-22 01:26:15\";s:7:\"validTo\";s:19:\"2024-08-23 01:26:15\";s:9:\"publicKey\";s:451:\"-----BEGIN PUBLIC KEY-----\nMIIBIjANBgkqhkiG9w0BAQEFAAOCAQ8AMIIBCgKCAQEAqIpVdaBDGa10o051zyXB\nWfj7N1Fk6rEjDIUTb1ToJ9FB8ejEnKgVCObAv21056SOyJrafh8pxQUbie7RbZ5A\nbQnl10LH/S2/U/Xeqsto4u9eTGmUnE2RMHUbEsQT7brFlhqzWtmBBqbnFcLMWUcg\npK1DeOqjwageGKqFDwubnPL9HvUiLn7K9BJX6lXlImN7W5EaNKMaE5kEtjqtQeRm\nRRxuHjiwOhgY3eMfIJP8u5r2cUCPLVxs2IPkzCyZ3Pt7qEhpydRJApvLpAhykf2i\nR+1F6JvzqPmBdcXfHumbn6vy6LDS95HyEIiHiu7ykYPKBmO6YNsb8iZPl35IPJtT\nqwIDAQAB\n-----END PUBLIC KEY-----\n\";s:13:\"useServiceKey\";b:0;}i:4;a:6:{s:2:\"id\";s:16:\"mwp20_1717725902\";s:7:\"service\";s:5:\"mwp20\";s:9:\"validFrom\";s:19:\"2024-06-22 01:26:15\";s:7:\"validTo\";s:19:\"2024-07-24 01:26:15\";s:9:\"publicKey\";s:451:\"-----BEGIN PUBLIC KEY-----\nMIIBIjANBgkqhkiG9w0BAQEFAAOCAQ8AMIIBCgKCAQEAtLtl24qNB2kQvFR8NlVb\nTeYl1YKa3PcX+d4KWRHeCu0Vr9NuUXfQ/gP8rKTvtiClvkjvzlQjFMB6KkeSS7bS\n5+yURN2r2V+7UMFyCAayZk6qYs/TKSFXQyTURCbTxuicLEr4QnGJZu4tQZA3Me9w\n6lDvgKZsJN9LAv7JrTT0/GeO6MQWNrNUJEphDN+yxDlzpEkVAOWvt39pHmt6Vthg\nGojfWyzY6DPtX0pZXcicEEGWzvY/xJ+MGY4x3i6wERvLj0/TpdsP/QNOYCWEGDkA\nYBoh1HyijmygjyQUxGZEMjFAGkE9VCmc40MYA27r84a0vsucPvOGBw1tI6v5Agof\nGwIDAQAB\n-----END PUBLIC KEY-----\n\";s:13:\"useServiceKey\";b:1;}i:5;a:6:{s:2:\"id\";s:16:\"mwp20_1720317908\";s:7:\"service\";s:5:\"mwp20\";s:9:\"validFrom\";s:19:\"2024-07-22 01:26:15\";s:7:\"validTo\";s:19:\"2024-08-23 01:26:15\";s:9:\"publicKey\";s:451:\"-----BEGIN PUBLIC KEY-----\nMIIBIjANBgkqhkiG9w0BAQEFAAOCAQ8AMIIBCgKCAQEAiyoF0ae+tS+ytQ51oVRV\neB9zZ9xPezikerCMRlq4U1KgQLiHOtLo1yEZAcLvgkBsPogTFTDE3x/i7vb1oE2T\neCDsU9mXfZbylYO3sILM3Iicq+c0/7WZ+D7u7SiOHiwUma8FAZ1OqPOPT3wjykWE\nBZZf0pOMvuDqgP5sl/cXQ4m3Jw2mFB4+giumcpcSvXPgpY2DLtkTEE7vIuR1bGN6\nGZQwSK3QmHDWuaydOKPtvcL5heDZ6+o81tFGam4UQgl9QIN8FtQ4CuRUm8Ff/L9y\nW79xU73bKd6/Cw2rTa1EakRaIk4DwDVxU2iGNsaYRV7Mou27x1r8ZbyeHvMiunVC\nKQIDAQAB\n-----END PUBLIC KEY-----\n\";s:13:\"useServiceKey\";b:1;}i:6;a:6:{s:2:\"id\";s:15:\"wpps_1717333502\";s:7:\"service\";s:4:\"wpps\";s:9:\"validFrom\";s:19:\"2024-06-17 13:05:01\";s:7:\"validTo\";s:19:\"2024-07-19 13:05:01\";s:9:\"publicKey\";s:451:\"-----BEGIN PUBLIC KEY-----\nMIIBIjANBgkqhkiG9w0BAQEFAAOCAQ8AMIIBCgKCAQEA5g9uEa9ONheYsXDu4RU8\noVbN2bs+PT/5InC9lK8+rgzm+mM5YqnCbhHjC7eYlv2X2HtaKjliAA9BwNj/67aX\nZL0d3gi2LVzPi8FMyj3npoYxElZRl/3QmLpIZn8Y36f40Gk+8VS16jOOOt8S5fsu\nh0BUVSp5zyqZjwHMdldII43lXVa7ajvPCboABPgvvhHvPlrw8Jh0jV9tVg3dXo6o\nVxhdMV3JXWBeMFtjM67GJukWp+N6ZFMUif8wH4eNNk/VBGPVGM4JEQX2aa1rMgnU\n/nGxJJz1wvQyBOF9Efn3MhL1dV4uk7M1nNa+T3Im+orDvgb7VNIl7hVCc55pprIG\nTwIDAQAB\n-----END PUBLIC KEY-----\n\";s:13:\"useServiceKey\";b:1;}i:7;a:6:{s:2:\"id\";s:15:\"wpps_1719925504\";s:7:\"service\";s:4:\"wpps\";s:9:\"validFrom\";s:19:\"2024-07-17 13:05:01\";s:7:\"validTo\";s:19:\"2024-08-18 13:05:01\";s:9:\"publicKey\";s:451:\"-----BEGIN PUBLIC KEY-----\nMIIBIjANBgkqhkiG9w0BAQEFAAOCAQ8AMIIBCgKCAQEA3pfQ2a80HBe41kdb+9CI\n0WLHqTclS+r6L09GVr5ZnykkGwR5w7nTbCzGspHSOdN/AvsnzgSBPvzVdnKypV/z\nCBDTsb1x9pxBp4oHic9XaeFiKhHoBFUPs9+m6m+Rmn8PSAB3EWJEIgHx0wq/tXb5\nu+slOV0wo3Qnbe6egJkBzCIzGvwR6erXirRfi8Js0D3gUKMq59bNHd3IoVZ2r3Df\nMrfs+/mlMiO8anazdKhAZc7IOZxkZf+fhAefMt4V/56plOlAtiLNm+rXcNeGhBdy\nRkOqS4WSOTtnC8KYEYN7wtQm+iiNMB/23GOy7kDvIUVbXDSqLPqkQzElvkSC3Afc\nBQIDAQAB\n-----END PUBLIC KEY-----\n\";s:13:\"useServiceKey\";b:1;}i:8;a:6:{s:2:\"id\";s:25:\"cookie_service_1718557502\";s:7:\"service\";s:14:\"cookie_service\";s:9:\"validFrom\";s:19:\"2024-07-01 16:27:25\";s:7:\"validTo\";s:19:\"2024-08-02 16:27:25\";s:9:\"publicKey\";s:451:\"-----BEGIN PUBLIC KEY-----\nMIIBIjANBgkqhkiG9w0BAQEFAAOCAQ8AMIIBCgKCAQEAnssPgyCUra8htBbbj4Ij\n6YKlSgdiwyRnoNdS6JDnIh7d4mtr3TFQz3PphMEUWCiRDBHcSRqDFhPodLRPjmtO\nxwu2e4Lw20KSwgNgUa+VH/ANa4eohh7/5YRC5DVqoazMpUHMhWubwvATzgdOn4zx\noDzyY+VHiuSjiwCT3pqH9pJ8wLNLJG2TxZCkKEE+K2WCd1+CLIQasYxXJo8M95hf\nQW5RZcg8igv6eVek5q6c89ENYnBDhWQxPbwNMKEPkmrgbb6oFWrzBMhnppHzXHIi\ndchiQ+UBpUnj3mAqrk1ZaSnMW7CoB/PoHUCAnWVSBUTBRRQIjYbE6h0qfVtppzcE\nWQIDAQAB\n-----END PUBLIC KEY-----\n\";s:13:\"useServiceKey\";b:1;}i:9;a:6:{s:2:\"id\";s:15:\"mwp1_1717423502\";s:7:\"service\";s:4:\"mwp1\";s:9:\"validFrom\";s:19:\"2024-06-18 14:05:01\";s:7:\"validTo\";s:19:\"2024-07-20 14:05:01\";s:9:\"publicKey\";s:451:\"-----BEGIN PUBLIC KEY-----\nMIIBIjANBgkqhkiG9w0BAQEFAAOCAQ8AMIIBCgKCAQEA04YLXxjf4B5/iIN+JzlD\nf249B17dLxjxJLsjaFKYVZs+4SKTDQkAY0D2tjTGdBUxsJjFtjRdQ7SbBvWysZFq\n9V627nUpsd/cumTs3+24Pdk+4VmRPpDHu/vIU6ArVUEQo7BIDo1pfubBRgxJmCGS\noB4PzmU6PjOiZ7N4wWlZ58rxoFyccg8hsrLHq2gCYZ7kan/p7JzLm9Cw0T1X+SEY\nXySU3w/J+xwZvwhN8R4xW7pZkRroc5byQ/1G8OUfpj0Oypq261lS/kjs8HKwdnpN\nCL7WOQhfjj5gAX+oS0Ami7quvfVf9kL3uFCmwW7U71phU6cQzSyBHaobH5SpWyaK\nwQIDAQAB\n-----END PUBLIC KEY-----\n\";s:13:\"useServiceKey\";b:1;}i:10;a:6:{s:2:\"id\";s:15:\"mwp1_1720015502\";s:7:\"service\";s:4:\"mwp1\";s:9:\"validFrom\";s:19:\"2024-07-18 14:05:01\";s:7:\"validTo\";s:19:\"2024-08-19 14:05:01\";s:9:\"publicKey\";s:451:\"-----BEGIN PUBLIC KEY-----\nMIIBIjANBgkqhkiG9w0BAQEFAAOCAQ8AMIIBCgKCAQEAq9EBoEhLIrUiudqkhveW\n35cnr51fyrPffGOnPxa4eZNarHCJzOu7QOljVMgyT8OF5bveBbZxebHETLYnIznE\n/ysQ8v5KyDm4eBbPs6CCPOSS2OTE3TrIVBHc0cWbJkksBR82oGwuaFHWfs8uXq6s\nx7Eu0ZY/SA/JwqB2vuFLqciZmWAggrt7fQlOpnZrB/plcQwfCwjy3bQDF8CzSH/k\nZQP4mEA7z5BiqglOJwlfzaQb0g9Ei4/2W4iyaRd4nl55UaTgJc3ArIc/H8WhNRun\njBKNNrrEEXApYIVVNZxdUG/HHIKAwO1iL2mYZl+uNoJMOjOqpud889FkdyrrnWvC\nWwIDAQAB\n-----END PUBLIC KEY-----\n\";s:13:\"useServiceKey\";b:1;}i:11;a:6:{s:2:\"id\";s:20:\"migration_1717682702\";s:7:\"service\";s:9:\"migration\";s:9:\"validFrom\";s:19:\"2024-06-21 13:05:02\";s:7:\"validTo\";s:19:\"2024-07-23 13:05:02\";s:9:\"publicKey\";s:451:\"-----BEGIN PUBLIC KEY-----\nMIIBIjANBgkqhkiG9w0BAQEFAAOCAQ8AMIIBCgKCAQEApfCw9rsDgw2G3WAjeBMP\nswBCnDq7mauEc94AVHH5F5g5przwNuYdnf5+9XGPisAuP5rwqjLQOPE+3m6U7vN+\nyISNRg9emQyxGurHeKkTEn9vTYD7l4oXN+a0DT7YJCubTrJamFZO56SRdVMeDl8q\n8xbXX93ROJfoW31yZjinlQe5Ff3Fx5HSe3xEfErf/XIRShCQAUCP4/zGHkMP8p4f\ntQTr7qaP8txfmbPvEZXQOjeqFaqCQKlHrjckWa6b4KHGMmcIFBPnUCxNoDHyP/lC\nMIqZoaSwAE93fkMzBdgJcT1Zf/eM87E5DYrMh5BJxq/X1Z8jzGKSPhuoPpUvDatr\nYQIDAQAB\n-----END PUBLIC KEY-----\n\";s:13:\"useServiceKey\";b:1;}i:12;a:6:{s:2:\"id\";s:20:\"migration_1720271103\";s:7:\"service\";s:9:\"migration\";s:9:\"validFrom\";s:19:\"2024-07-21 13:05:02\";s:7:\"validTo\";s:19:\"2024-08-22 13:05:02\";s:9:\"publicKey\";s:451:\"-----BEGIN PUBLIC KEY-----\nMIIBIjANBgkqhkiG9w0BAQEFAAOCAQ8AMIIBCgKCAQEAp/i0mkeN5adZAW8BjK8+\nb4zfuF1hO3CnUpLOBkoREthZesh29HPGJDn93Ci8gHT8Fkf8KD3+8hZWha7aWT73\nK/FO0w2oYul1X30nZUhrL96Z8tTNyKMUSGfhK1BEKlfFoZFbenglAAYcK7ZgIoSW\n8hGiyMyPWkhzgbzyJlqTt3l1LsyzgDGyzMbuGWZagUO8sKIoPLZJPjD6hCDlesg+\nZGNOjNQ1UYwzJL0UD+xx8vhvE8ZCCqrpjWuo5cTRsy/Pe8fndzo/EZ96C7rJrWh4\nuscSOjCBgrXYBaQK1/CyKsNCu1EreDMmBoPxpztcP+ZGTudW/E15pmGdOoxAv/ms\nvQIDAQAB\n-----END PUBLIC KEY-----\n\";s:13:\"useServiceKey\";b:1;}}', 'yes'),
(110806, 'mwp_key_last_used_7618575', '1688074399', 'yes'),
(110807, 'mwp_openssl_parameters', 'a:2:{s:4:\"time\";i:1783926361;s:7:\"working\";b:0;}', 'on'),
(110809, 'auto_update_core_dev', 'enabled', 'yes'),
(110810, 'auto_update_core_minor', 'enabled', 'yes'),
(110811, 'auto_update_core_major', 'unset', 'yes'),
(110812, 'user_hit_count', 'a:29:{s:10:\"2026-05-15\";i:4;s:10:\"2026-05-16\";i:2;s:10:\"2026-05-20\";i:2;s:10:\"2026-05-21\";i:2;s:10:\"2026-05-23\";i:3;s:10:\"2026-05-27\";i:1;s:10:\"2026-05-29\";i:5;s:10:\"2026-06-01\";i:2;s:10:\"2026-06-03\";i:3;s:10:\"2026-06-09\";i:2;s:10:\"2026-06-10\";i:3;s:10:\"2026-06-11\";i:1;s:10:\"2026-06-12\";i:4;s:10:\"2026-06-15\";i:1;s:10:\"2026-06-16\";i:1;s:10:\"2026-06-17\";i:2;s:10:\"2026-06-18\";i:2;s:10:\"2026-06-19\";i:1;s:10:\"2026-06-20\";i:1;s:10:\"2026-06-26\";i:4;s:10:\"2026-06-27\";i:2;s:10:\"2026-06-28\";i:1;s:10:\"2026-07-01\";i:2;s:10:\"2026-07-02\";i:1;s:10:\"2026-07-03\";i:1;s:10:\"2026-07-05\";i:1;s:10:\"2026-07-08\";i:1;s:10:\"2026-07-10\";i:4;s:10:\"2026-07-13\";i:2;}', 'on'),
(110814, 'gf_rest_api_db_version', '2.9.14', 'yes'),
(110816, 'widget_block', 'a:1:{s:12:\"_multiwidget\";i:1;}', 'yes'),
(110817, 'sm_status', 'O:28:\"GoogleSitemapGeneratorStatus\":4:{s:39:\"\0GoogleSitemapGeneratorStatus\0startTime\";d:1630725033.3044760227203369140625;s:37:\"\0GoogleSitemapGeneratorStatus\0endTime\";d:1630725033.820725917816162109375;s:41:\"\0GoogleSitemapGeneratorStatus\0pingResults\";a:2:{s:6:\"google\";a:5:{s:9:\"startTime\";d:1630725033.3060319423675537109375;s:7:\"endTime\";d:1630725033.53217411041259765625;s:7:\"success\";b:1;s:3:\"url\";s:121:\"http://www.google.com/webmasters/sitemaps/ping?sitemap=https%3A%2F%2Fclallamcounty.mastermanagementcorp.com%2Fsitemap.xml\";s:4:\"name\";s:6:\"Google\";}s:4:\"bing\";a:5:{s:9:\"startTime\";d:1630725033.5334670543670654296875;s:7:\"endTime\";d:1630725033.817409038543701171875;s:7:\"success\";b:1;s:3:\"url\";s:114:\"http://www.bing.com/webmaster/ping.aspx?siteMap=https%3A%2F%2Fclallamcounty.mastermanagementcorp.com%2Fsitemap.xml\";s:4:\"name\";s:4:\"Bing\";}}s:38:\"\0GoogleSitemapGeneratorStatus\0autoSave\";b:1;}', 'no'),
(110818, 'bsf_last_update_check', '1650398766', 'yes'),
(110819, 'https_detection_errors', 'a:0:{}', 'yes'),
(110820, 'fl_site_url', 'Y2xhbGxhbWNvdW50eS5tYXN0ZXJtYW5hZ2VtZW50Y29ycC5jb20=', 'no'),
(110821, 'siteground_optimizer_heartbeat_post_interval', '120', 'yes'),
(110822, 'siteground_optimizer_heartbeat_dashboard_interval', '0', 'yes'),
(110823, 'siteground_optimizer_heartbeat_frontend_interval', '0', 'yes'),
(110824, 'siteground_optimizer_excluded_lazy_load_media_types', 'a:4:{i:0;s:16:\"lazyload_iframes\";i:1;s:15:\"lazyload_videos\";i:2;s:19:\"lazyload_shortcodes\";i:3;s:20:\"lazyload_woocommerce\";}', 'yes'),
(110825, 'brainstrom_bundled_products', 'a:0:{}', 'yes'),
(110826, 'wp_force_deactivated_plugins', 'a:0:{}', 'yes'),
(110827, 'seopress_versions', 'a:2:{s:3:\"pro\";s:6:\"10.0.2\";s:4:\"free\";s:5:\"8.3.1\";}', 'off'),
(110828, 'seopress_pro_option_name', 'a:46:{s:28:\"seopress_local_business_page\";s:0:\"\";s:28:\"seopress_local_business_type\";s:13:\"LocalBusiness\";s:38:\"seopress_local_business_street_address\";s:11:\"PO Box 2082\";s:40:\"seopress_local_business_address_locality\";s:8:\"Kingston\";s:38:\"seopress_local_business_address_region\";s:10:\"Washington\";s:35:\"seopress_local_business_postal_code\";s:5:\"98346\";s:39:\"seopress_local_business_address_country\";s:13:\"united States\";s:27:\"seopress_local_business_lat\";s:0:\"\";s:27:\"seopress_local_business_lon\";s:0:\"\";s:32:\"seopress_local_business_place_id\";s:0:\"\";s:27:\"seopress_local_business_url\";s:0:\"\";s:29:\"seopress_local_business_phone\";s:12:\"+13609009708\";s:35:\"seopress_local_business_price_range\";s:0:\"\";s:31:\"seopress_local_business_cuisine\";s:0:\"\";s:28:\"seopress_local_business_menu\";s:0:\"\";s:44:\"seopress_local_business_accepts_reservations\";s:0:\"\";s:37:\"seopress_local_business_opening_hours\";a:7:{i:0;a:2:{s:2:\"am\";a:2:{s:5:\"start\";a:2:{s:5:\"hours\";s:2:\"00\";s:4:\"mins\";s:2:\"00\";}s:3:\"end\";a:2:{s:5:\"hours\";s:2:\"00\";s:4:\"mins\";s:2:\"00\";}}s:2:\"pm\";a:2:{s:5:\"start\";a:2:{s:5:\"hours\";s:2:\"00\";s:4:\"mins\";s:2:\"00\";}s:3:\"end\";a:2:{s:5:\"hours\";s:2:\"00\";s:4:\"mins\";s:2:\"00\";}}}i:1;a:2:{s:2:\"am\";a:2:{s:5:\"start\";a:2:{s:5:\"hours\";s:2:\"00\";s:4:\"mins\";s:2:\"00\";}s:3:\"end\";a:2:{s:5:\"hours\";s:2:\"00\";s:4:\"mins\";s:2:\"00\";}}s:2:\"pm\";a:2:{s:5:\"start\";a:2:{s:5:\"hours\";s:2:\"00\";s:4:\"mins\";s:2:\"00\";}s:3:\"end\";a:2:{s:5:\"hours\";s:2:\"00\";s:4:\"mins\";s:2:\"00\";}}}i:2;a:2:{s:2:\"am\";a:2:{s:5:\"start\";a:2:{s:5:\"hours\";s:2:\"00\";s:4:\"mins\";s:2:\"00\";}s:3:\"end\";a:2:{s:5:\"hours\";s:2:\"00\";s:4:\"mins\";s:2:\"00\";}}s:2:\"pm\";a:2:{s:5:\"start\";a:2:{s:5:\"hours\";s:2:\"00\";s:4:\"mins\";s:2:\"00\";}s:3:\"end\";a:2:{s:5:\"hours\";s:2:\"00\";s:4:\"mins\";s:2:\"00\";}}}i:3;a:2:{s:2:\"am\";a:2:{s:5:\"start\";a:2:{s:5:\"hours\";s:2:\"00\";s:4:\"mins\";s:2:\"00\";}s:3:\"end\";a:2:{s:5:\"hours\";s:2:\"00\";s:4:\"mins\";s:2:\"00\";}}s:2:\"pm\";a:2:{s:5:\"start\";a:2:{s:5:\"hours\";s:2:\"00\";s:4:\"mins\";s:2:\"00\";}s:3:\"end\";a:2:{s:5:\"hours\";s:2:\"00\";s:4:\"mins\";s:2:\"00\";}}}i:4;a:2:{s:2:\"am\";a:2:{s:5:\"start\";a:2:{s:5:\"hours\";s:2:\"00\";s:4:\"mins\";s:2:\"00\";}s:3:\"end\";a:2:{s:5:\"hours\";s:2:\"00\";s:4:\"mins\";s:2:\"00\";}}s:2:\"pm\";a:2:{s:5:\"start\";a:2:{s:5:\"hours\";s:2:\"00\";s:4:\"mins\";s:2:\"00\";}s:3:\"end\";a:2:{s:5:\"hours\";s:2:\"00\";s:4:\"mins\";s:2:\"00\";}}}i:5;a:2:{s:2:\"am\";a:2:{s:5:\"start\";a:2:{s:5:\"hours\";s:2:\"00\";s:4:\"mins\";s:2:\"00\";}s:3:\"end\";a:2:{s:5:\"hours\";s:2:\"00\";s:4:\"mins\";s:2:\"00\";}}s:2:\"pm\";a:2:{s:5:\"start\";a:2:{s:5:\"hours\";s:2:\"00\";s:4:\"mins\";s:2:\"00\";}s:3:\"end\";a:2:{s:5:\"hours\";s:2:\"00\";s:4:\"mins\";s:2:\"00\";}}}i:6;a:2:{s:2:\"am\";a:2:{s:5:\"start\";a:2:{s:5:\"hours\";s:2:\"00\";s:4:\"mins\";s:2:\"00\";}s:3:\"end\";a:2:{s:5:\"hours\";s:2:\"00\";s:4:\"mins\";s:2:\"00\";}}s:2:\"pm\";a:2:{s:5:\"start\";a:2:{s:5:\"hours\";s:2:\"00\";s:4:\"mins\";s:2:\"00\";}s:3:\"end\";a:2:{s:5:\"hours\";s:2:\"00\";s:4:\"mins\";s:2:\"00\";}}}}s:27:\"seopress_dublin_core_enable\";s:1:\"1\";s:29:\"seopress_rich_snippets_enable\";s:1:\"1\";s:37:\"seopress_rich_snippets_publisher_logo\";s:0:\"\";s:43:\"seopress_rich_snippets_publisher_logo_width\";s:0:\"\";s:44:\"seopress_rich_snippets_publisher_logo_height\";s:0:\"\";s:31:\"seopress_rich_snippets_site_nav\";s:4:\"none\";s:30:\"seopress_breadcrumbs_separator\";s:0:\"\";s:24:\"seopress_breadcrumbs_cpt\";a:3:{s:8:\"category\";a:1:{s:3:\"cpt\";s:4:\"none\";}s:8:\"post_tag\";a:1:{s:3:\"cpt\";s:4:\"none\";}s:28:\"fl-builder-template-category\";a:1:{s:3:\"cpt\";s:4:\"none\";}}s:24:\"seopress_breadcrumbs_tax\";a:4:{s:4:\"post\";a:1:{s:3:\"tax\";s:4:\"none\";}s:4:\"page\";a:1:{s:3:\"tax\";s:4:\"none\";}s:19:\"fl-builder-template\";a:1:{s:3:\"tax\";s:4:\"none\";}s:20:\"ds-idx-listings-page\";a:1:{s:3:\"tax\";s:4:\"none\";}}s:30:\"seopress_breadcrumbs_i18n_here\";s:0:\"\";s:30:\"seopress_breadcrumbs_i18n_home\";s:0:\"\";s:32:\"seopress_breadcrumbs_i18n_author\";s:0:\"\";s:29:\"seopress_breadcrumbs_i18n_404\";s:0:\"\";s:32:\"seopress_breadcrumbs_i18n_search\";s:0:\"\";s:36:\"seopress_breadcrumbs_i18n_no_results\";s:0:\"\";s:37:\"seopress_breadcrumbs_i18n_attachments\";s:0:\"\";s:31:\"seopress_breadcrumbs_i18n_paged\";s:0:\"\";s:15:\"seopress_ps_url\";s:46:\"https://clallamcounty.mastermanagementcorp.com\";s:19:\"seopress_ps_api_key\";s:0:\"\";s:20:\"seopress_robots_file\";s:0:\"\";s:18:\"seopress_news_name\";s:0:\"\";s:26:\"seopress_404_redirect_home\";s:4:\"none\";s:32:\"seopress_404_redirect_custom_url\";s:0:\"\";s:33:\"seopress_404_redirect_status_code\";s:3:\"301\";s:30:\"seopress_404_enable_mails_from\";s:0:\"\";s:23:\"seopress_404_ip_logging\";s:4:\"none\";s:24:\"seopress_rss_before_html\";s:0:\"\";s:23:\"seopress_rss_after_html\";s:0:\"\";s:23:\"seopress_rewrite_search\";s:0:\"\";}', 'yes'),
(110829, 'seopress_bot_option_name', 'a:2:{s:37:\"seopress_bot_scan_settings_post_types\";a:2:{s:4:\"post\";a:1:{s:7:\"include\";s:1:\"1\";}s:4:\"page\";a:1:{s:7:\"include\";s:1:\"1\";}}s:30:\"seopress_bot_scan_settings_404\";s:1:\"1\";}', 'yes');
INSERT INTO `wpry_4_options` (`option_id`, `option_name`, `option_value`, `autoload`) VALUES
(110830, 'edd_sl_74d760eafc5bb784f751cef65cf3aa66', 'a:2:{s:7:\"timeout\";i:1650409513;s:5:\"value\";s:55051:\"{\"new_version\":\"5.6\",\"stable_version\":\"5.6\",\"name\":\"SEOPress PRO\",\"slug\":\"seopress-pro\",\"url\":\"https:\\/\\/www.seopress.org\\/downloads\\/seopress-pro\\/?changelog=1\",\"last_updated\":\"2022-04-18 07:54:40\",\"homepage\":\"https:\\/\\/www.seopress.org\\/\",\"package\":\"\",\"download_link\":\"\",\"sections\":{\"description\":\"<p>SEOPress is a powerful WordPress SEO plugin to optimize your SEO, boost your traffic, improve social sharing, build custom HTML and XML Sitemaps, create optimized breadcrumbs, add schemas \\/ Google Structured data types, manage 301 redirections and so much more.<br \\/><\\/p>\\n<p>&#x2714; <strong><a href=\\\"https:\\/\\/www.seopress.org\\/features\\/page-builders-integration\\/?utm_source=w.org&amp;utm_campaign=seopress&amp;utm_medium=readme\\\">Universal SEO metabox<\\/a>: edit your SEO metadata from any page builder \\/ theme builder<\\/strong>\\n&#x2714; <strong>No advertising, no footprints, white label, in backend AND frontend<\\/strong>\\n&#x2714; <strong>Content analysis to help you write content optimized for search engines<\\/strong>\\n&#x2714; <strong>Import your post and term metadatas from other plugins in 1 click<\\/strong>\\n&#x2714; <strong>Trusted by over 230,000 WordPress websites since 2017.<\\/strong><\\/p>\\n<p><a href=\\\"https:\\/\\/www.seopress.org\\/pricing\\/?utm_source=w.org&amp;utm_campaign=seopress&amp;utm_medium=readme\\\"><strong>Buy SEOPress PRO: only $39 \\/ year \\/ unlimited sites<\\/strong><\\/a><\\/p>\\n<p>[youtube <a href=\\\"https:\\/\\/www.youtube.com\\/watch?v=FwaJA5MY6sc\\\">https:\\/\\/www.youtube.com\\/watch?v=FwaJA5MY6sc<\\/a>]<\\/p>\\n<p><a href=\\\"https:\\/\\/www.seopress.org\\/features\\/?utm_source=w.org&amp;utm_campaign=seopress&amp;utm_medium=readme\\\">Features<\\/a> | <a href=\\\"https:\\/\\/www.seopress.org\\/solutions\\/migrate-from\\/?utm_source=w.org&amp;utm_campaign=seopress&amp;utm_medium=readme\\\">Migrate<\\/a> | <a href=\\\"https:\\/\\/www.seopress.org\\/wordpress-seo-plugins\\/pro\\/?utm_source=w.org&amp;utm_campaign=seopress&amp;utm_medium=readme\\\">PRO<\\/a> | <a href=\\\"https:\\/\\/www.seopress.org\\/integrations\\/?utm_source=w.org&amp;utm_campaign=seopress&amp;utm_medium=readme\\\">Integrations<\\/a> | <a href=\\\"https:\\/\\/www.seopress.org\\/support\\/?utm_source=w.org&amp;utm_campaign=seopress&amp;utm_medium=readme\\\">Support<\\/a> | <a href=\\\"https:\\/\\/www.seopress.org\\/features\\/seopress-white-label\\/?utm_source=w.org&amp;utm_campaign=seopress&amp;utm_medium=readme\\\">White Label<\\/a><\\/p>\\n<h3>Why SEOPress is the best WordPress SEO plugin?<\\/h3>\\n<ul>\\n    <li><a href=\\\"https:\\/\\/www.seopress.org\\/seopress-productivity\\/?utm_source=w.org&amp;utm_campaign=seopress&amp;utm_medium=readme\\\"><strong>Save time<\\/strong><\\/a>: you prefer to work with Excel or Google Spreadsheets? No problem, you can import \\/ export your metadata from CSV files with SEOPress PRO in few clicks!<\\/li>\\n    <li><a href=\\\"https:\\/\\/www.seopress.org\\/pricing\\/?utm_source=w.org&amp;utm_campaign=seopress&amp;utm_medium=readme\\\"><strong>Save money<\\/strong><\\/a>: SEOPress PRO is available for just $39 \\/ year. Without any sites limit. Yes, you read that right: 1 site or 100 sites, the total price is still $39 \\/ year!<\\/li>\\n    <li><a href=\\\"https:\\/\\/www.seopress.org\\/features\\/?utm_source=w.org&amp;utm_campaign=seopress&amp;utm_medium=readme\\\"><strong>All in one SEO plugin<\\/strong><\\/a>: comes with all the features you need to optimize the SEO of your WordPress site. No need to install additional extensions to manage redirects, schemas, XML sitemaps... You reduce the risk of conflicts and maintenance costs. You don\'t need a special feature? Deactivate it with one click without losing your configuration. Child\'s play !<\\/li>\\n    <li><strong>Easy AND ready to use<\\/strong>: you doesn\'t need to know SEO or code to use SEOPress. Most of the parameters are automatically set. And thanks to our installation wizard, configuring SEOPress has never been easier. To go further, we provide many <a href=\\\"https:\\/\\/www.seopress.org\\/support\\/tutorials\\/?utm_source=w.org&amp;utm_campaign=seopress&amp;utm_medium=readme\\\">free tutorials<\\/a> and <a href=\\\"https:\\/\\/www.seopress.org\\/support\\/ebooks\\/?utm_source=w.org&amp;utm_campaign=seopress&amp;utm_medium=readme\\\">ebooks to learn SEO<\\/a> in order to better understand how to position your content on search engines.<\\/li>\\n<\\/ul>\\n<h3>SEOPress Free Features<\\/h3>\\n<ul>\\n    <li><a href=\\\"https:\\/\\/www.seopress.org\\/support\\/guides\\/google-indexing-api-with-seopress\\/?utm_source=w.org&amp;utm_campaign=seopress&amp;utm_medium=readme\\\"><strong>Google Indexing API and IndexNow API (Bing \\/ Yandex)<\\/strong><\\/a> to quickly index its content in these search engines<\\/li>\\n    <li><strong>Installation wizard<\\/strong> to quickly setup your site<\\/li>\\n    <li><strong>Content analysis<\\/strong> with unlimited keywords to help you write optimized content for search engines<\\/li>\\n    <li><strong>Mobile \\/ Desktop Google Preview<\\/strong> to see how your post will looks like in Google search results<\\/li>\\n    <li><strong>Facebook &amp; Twitter Social Preview<\\/strong> to see how your post will looks like on social media to increase conversions<\\/li>\\n    <li><strong>Titles<\\/strong> (with <a href=\\\"https:\\/\\/www.seopress.org\\/support\\/guides\\/manage-titles-meta-descriptions\\/?utm_source=w.org&amp;utm_campaign=seopress&amp;utm_medium=readme\\\">dynamic variables<\\/a>: custom fields, terms taxonomie...)<\\/li>\\n    <li><strong>Meta descriptions<\\/strong> (with dynamic variables too)<\\/li>\\n    <li><a href=\\\"https:\\/\\/www.seopress.org\\/features\\/social-media\\/?utm_source=w.org&amp;utm_campaign=seopress&amp;utm_medium=readme\\\"><strong>Open Graph and Twitter Cards<\\/strong><\\/a> to improve social media sharing (Facebook, LinkedIn, Instagram, Twitter, Pinterest, WhatsApp...)<\\/li>\\n    <li><strong>Google Knowledge Graph<\\/strong><\\/li>\\n    <li><a href=\\\"https:\\/\\/www.seopress.org\\/features\\/google-analytics\\/?utm_source=w.org&amp;utm_campaign=seopress&amp;utm_medium=readme\\\"><strong>Google Analytics<\\/strong> and <strong>Matomo<\\/strong><\\/a> with downloads tracking, custom dimensions, ip anonymization, remarketing, demographics and interest reporting, cross-domain tracking...(<a href=\\\"https:\\/\\/www.seopress.org\\/features\\/seopress-white-label\\/?utm_source=w.org&amp;utm_campaign=seopress&amp;utm_medium=readme\\\">GDPR compatibility<\\/a>)<\\/li>\\n    <li><strong>Microsoft Clarity integration<\\/strong>: to capture session recordings, get instant heatmaps and powerful Insights for Free. Know how people interact with your site to improve user experience and conversions<\\/li>\\n    <li><strong>Custom Canonical URL<\\/strong><\\/li>\\n    <li><a href=\\\"https:\\/\\/www.seopress.org\\/support\\/guides\\/manage-meta-robots\\/?utm_source=w.org&amp;utm_campaign=seopress&amp;utm_medium=readme\\\"><strong>Meta robots<\\/strong><\\/a> (noindex, nofollow, noodp, noimageindex, noarchive, nosnippet)<\\/li>\\n    <li>Build your <a href=\\\"https:\\/\\/www.seopress.org\\/features\\/sitemaps\\/?utm_source=w.org&amp;utm_campaign=seopress&amp;utm_medium=readme\\\"><strong>custom XML Sitemap<\\/strong><\\/a> to improve search indexing<\\/li>\\n    <li><strong>Image XML Sitemaps<\\/strong> to improve search indexing for Google Images<\\/li>\\n    <li>Build your custom <strong>HTML Sitemap<\\/strong> to enhanced navigation for visitors and improve search indexing<\\/li>\\n    <li>Link your social media accounts to your site<\\/li>\\n    <li><strong>Redirections<\\/strong> in post, pages, custom post types<\\/li>\\n    <li>Remove \\/category\\/ in URLs<\\/li>\\n    <li>Remove ?replytocom to avoid duplicate content<\\/li>\\n    <li>Redirect attachment pages to post parent<\\/li>\\n    <li>Redirect attachment pages to their file URL<\\/li>\\n    <li><a href=\\\"https:\\/\\/www.seopress.org\\/features\\/image-seo\\/?utm_source=w.org&amp;utm_campaign=seopress&amp;utm_medium=readme\\\"><strong>Image SEO<\\/strong><\\/a>: Automatically set the image title \\/ alt \\/ caption \\/ description<\\/li>\\n    <li>Import \\/ Export settings from site to site.<\\/li>\\n    <li><a href=\\\"https:\\/\\/www.seopress.org\\/solutions\\/migrate-from\\/?utm_source=w.org&amp;utm_campaign=seopress&amp;utm_medium=readme\\\">Import posts and terms metadata<\\/a> from Yoast SEO, All In One SEO, SEO Framework, Rank Math, SEO Ultimate, WP Meta SEO, Premium SEO Pack, Squirrly and many other SEO plugins<\\/li>\\n    <li>...<\\/li>\\n<\\/ul>\\n<p><a href=\\\"https:\\/\\/www.seopress.org\\/wordpress-seo-plugins\\/free\\/features\\/?utm_source=w.org&amp;utm_campaign=seopress&amp;utm_medium=readme\\\">Check out all SEOPress Free features here<\\/a><\\/p>\\n<h3>SEOPress PRO: to go further with your SEO<\\/h3>\\n<ul>\\n    <li><a href=\\\"https:\\/\\/www.seopress.org\\/support\\/guides\\/import-metadata-from-a-csv-file-with-seopress-pro\\/?utm_source=w.org&amp;utm_campaign=seopress&amp;utm_medium=readme\\\"><strong>Import \\/ export metadata<\\/strong><\\/a> (titles, open graph, robots...) from \\/ to CSV file<\\/li>\\n    <li><a href=\\\"https:\\/\\/www.seopress.org\\/features\\/sitemaps\\/?utm_source=w.org&amp;utm_campaign=seopress&amp;utm_medium=readme\\\"><strong>Video XML Sitemap<\\/strong><\\/a> to improve rankings in video search results<\\/li>\\n    <li>Internal linking suggestions<\\/li>\\n    <li><strong>Google Suggestions in Content Analysis<\\/strong> to find the top 10 Google suggestions instantly. This is useful if you want to work with the long tail technique.<\\/li>\\n    <li><a href=\\\"https:\\/\\/www.seopress.org\\/features\\/google-structured-data-types\\/?utm_source=w.org&amp;utm_campaign=seopress&amp;utm_medium=readme\\\"><strong>Google Structured Data types<\\/strong> (schema.org)<\\/a>:\\n        <ol>\\n            <li>article schema<\\/li>\\n            <li>local business schema<\\/li>\\n            <li>service schema<\\/li>\\n            <li>how-to schema<\\/li>\\n            <li>FAQ schema<\\/li>\\n            <li>course schema<\\/li>\\n            <li>recipe schema<\\/li>\\n            <li>software application schema<\\/li>\\n            <li>video schema<\\/li>\\n            <li>event schema<\\/li>\\n            <li>product schema<\\/li>\\n            <li>job schema<\\/li>\\n            <li>simple review schema<\\/li>\\n            <li>site navigation element schema<\\/li>\\n            <li>custom schema<\\/li>\\n        <\\/ol>\\n    <\\/li><li><strong>Automatic Schemas<\\/strong> with advanced conditions (AND, OR, Post types, taxonomies)<\\/li>\\n    <li><a href=\\\"https:\\/\\/www.seopress.org\\/features\\/breadcrumbs\\/?utm_source=w.org&amp;utm_campaign=seopress&amp;utm_medium=readme\\\"><strong>Breadcrumbs<\\/strong><\\/a> optimized with Schema.org, A11Y ready. Elementor users? <a href=\\\"https:\\/\\/www.youtube.com\\/watch?v=ID4xm1UVikc\\\">Try our custom breadcrumbs widget!<\\/a><\\/li>\\n    <li><a href=\\\"https:\\/\\/www.seopress.org\\/features\\/google-analytics\\/?utm_source=w.org&amp;utm_campaign=seopress&amp;utm_medium=readme\\\"><strong>Google Analytics Stats in Dashboard<\\/strong><\\/a> to quickly see your metrics without leaving your site<\\/li>\\n    <li><a href=\\\"https:\\/\\/www.seopress.org\\/features\\/local-seo\\/?utm_source=w.org&amp;utm_campaign=seopress&amp;utm_medium=readme\\\"><strong>Google Local Business<\\/strong><\\/a> to boost your local store<\\/li>\\n    <li><strong>Broken link checker (SEOPress BOT)<\\/strong>: scan all your links in content to find errors (eg: 404...)<\\/li>\\n    <li><a href=\\\"https:\\/\\/www.seopress.org\\/features\\/woocommerce-seo\\/?utm_source=w.org&amp;utm_campaign=seopress&amp;utm_medium=readme\\\"><strong>WooCommerce<\\/strong><\\/a>: Product Global Identifiers type and Product Global Identifiers fields to WooCommerce metabox for product schema (barcode), disable crawling on cart page, checkout page, customer account pages, add OG Price \\/ OG Currency for better sharing and more<\\/li>\\n    <li><strong>Easy Digital Downloads<\\/strong>: add OG Price \\/ OG Currency, remove EDD meta generator<\\/li>\\n    <li><strong>Dublin Core<\\/strong> meta tags<\\/li>\\n    <li><strong>Custom Breadcrumbs<\\/strong> for single post types \\/ term taxonomy<\\/li>\\n    <li><strong>Google Page Speed Insights<\\/strong> to analyse your site performances on Mobile \\/ Desktop + your Core Web Vitals<\\/li>\\n    <li><a href=\\\"https:\\/\\/www.seopress.org\\/features\\/google-analytics\\/?utm_source=w.org&amp;utm_campaign=seopress&amp;utm_medium=readme\\\"><strong>Google Enhanced Ecommerce for WooCommerce<\\/strong><\\/a>: measure purchases, additions to and removals from shopping carts<\\/li>\\n    <li><a href=\\\"https:\\/\\/www.seopress.org\\/features\\/htaccess-robots-txt\\/?utm_source=w.org&amp;utm_campaign=seopress&amp;utm_medium=readme\\\">Edit your <strong>robots.txt<\\/strong><\\/a> file from the admin (multisite \\/ multidomain ready)<\\/li>\\n    <li><strong>Google News Sitemap<\\/strong> to get your posts on Google News<\\/li>\\n    <li><strong>404 Monitoring<\\/strong>: Monitor your 404 errors to improve user experience, performances and increase the crawl budget allocated by Google<\\/li>\\n    <li><strong>Redirect 404 to homepage\\/custom url automatically<\\/strong> with custom status code (301, 302, 307, 410 or 451)<\\/li>\\n    <li>Email notifications on 404<\\/li>\\n    <li><a href=\\\"https:\\/\\/www.seopress.org\\/features\\/301-redirects\\/?utm_source=w.org&amp;utm_campaign=seopress&amp;utm_medium=readme\\\"><strong>Redirect manager<\\/strong><\\/a>: create unlimited 301, 302, 307, 410 and 451 redirections. Regular expressions supported. Import \\/ export redirections to CSV or htaccess file.<\\/li>\\n    <li>Import redirections using CSV<\\/li>\\n    <li>Import redirections from Redirections plugin (via a JSON file)<\\/li>\\n    <li><a href=\\\"https:\\/\\/www.seopress.org\\/features\\/htaccess-robots-txt\\/?utm_source=w.org&amp;utm_campaign=seopress&amp;utm_medium=readme\\\">Edit your <strong>htaccess file<\\/strong><\\/a> from the admin<\\/li>\\n    <li>Easily customize your <strong>RSS feeds<\\/strong><\\/li>\\n    <li>...<\\/li>\\n<\\/ul>\\n<p><a href=\\\"https:\\/\\/www.seopress.org\\/pricing\\/?utm_source=w.org&amp;utm_campaign=seopress&amp;utm_medium=readme\\\"><strong>Buy SEOPress PRO now!<\\/strong><\\/a><\\/p>\\n<h3>WooCommerce SEO (SEOPress PRO required)<\\/h3>\\n<p>We support WooCommerce and Easy Digital Downloads for e-commerce sites.<\\/p>\\n<ul>\\n    <li>Price and currency meta tags to improve social sharing<\\/li>\\n    <li>XML sitemaps for products<\\/li>\\n    <li>Support for WooCommerce product images and WooCommerce image galleries for the XML sitemap<\\/li>\\n    <li>Centralized way to set noindex meta robots tags on pages like cart, checkout...<\\/li>\\n    <li>Remove WooCommerce generator meta tag in the source code<\\/li>\\n    <li>Create manual and\\/or automatic \\\"product\\\" schemas in JSON-LD to increase visibility in Google search results<\\/li>\\n    <li>WooCommerce support for our breadcrumbs<\\/li>\\n    <li>Global dynamic tags to insert in your metas titles \\/ descriptions<\\/li>\\n    <li>Product Global Identifiers type and Product Global Identifiers fields to WooCommerce metabox for product schema (barcode)<\\/li>\\n    <li>...<\\/li>\\n<\\/ul>\\n<p><a href=\\\"https:\\/\\/www.seopress.org\\/pricing\\/?utm_source=w.org&amp;utm_campaign=seopress&amp;utm_medium=readme\\\"><strong>Increase your sales now!<\\/strong><\\/a><\\/p>\\n<h3><a href=\\\"https:\\/\\/www.seopress.org\\/blog\\/seopress-5-0\\/\\\">Universal SEO metabox<\\/a>: edit your metadata from any page builder \\/ editor<\\/h3>\\n<p>[youtube <a href=\\\"https:\\/\\/youtu.be\\/sf0ocG7vQMM\\\">https:\\/\\/youtu.be\\/sf0ocG7vQMM<\\/a>]<\\/p>\\n<h3>Elementor + SEOPress: perfect combo!<\\/h3>\\n<p>We provide deep integration with Elementor page builder. Directly from Elementor settings, you can:<\\/p>\\n<ul>\\n    <li>edit your SEO metadata (title, meta description, meta robots)<\\/li>\\n    <li>edit social meta (Facebook Open Graph and Twitter Cards<\\/li>\\n    <li>analyse your content to optimize it for search engines<\\/li>\\n    <li>apply FAQ schema on Toggle and \\/ or Accordion Elementor widgets<\\/li>\\n    <li>and more!<\\/li>\\n<\\/ul>\\n<p>[youtube <a href=\\\"https:\\/\\/www.youtube.com\\/watch?v=amfozNvYzPU\\\">https:\\/\\/www.youtube.com\\/watch?v=amfozNvYzPU<\\/a>]<\\/p>\\n<h3>Developers will love SEOPress!<\\/h3>\\n<p>Hundreds of hooks are available to extend SEOPress. <a href=\\\"https:\\/\\/www.seopress.org\\/support\\/hooks\\/?utm_source=w.org&amp;utm_campaign=seopress&amp;utm_medium=readme\\\">Browse them all here<\\/a>!<\\/p>\\n<p>Plus we have a <a href=\\\"https:\\/\\/www.seopress.org\\/support\\/guides\\/get-started-with-the-seopress-rest-api\\/?utm_source=w.org&amp;utm_campaign=seopress&amp;utm_medium=readme\\\">REST API<\\/a> to build static websites.<\\/p>\\n<h3>Translations<\\/h3>\\n<p>SEOPress is translated into multiple languages including:<\\/p>\\n<ul>\\n    <li>&#x1f1fa;&#x1f1f8; English (UK) (English (UK)) - professional translation<\\/li>\\n    <li>&#x1f1eb;&#x1f1f7; Fran\\u00e7ais (French (France)) - professional translation<\\/li>\\n    <li>&#x1f1ea;&#x1f1f8; Espa\\u00f1ol (Spanish (Spain)) - professional translation<\\/li>\\n    <li>&#x1f1e9;&#x1f1ea; Deutsch (German) - professional translation<\\/li>\\n    <li>&#x1f1f3;&#x1f1f1; Nederlands (Dutch) - professional translation<\\/li>\\n    <li>&#x1f1f7;&#x1f1fa; \\u0420\\u0443\\u0441\\u0441\\u043a\\u0438\\u0439 (Russian) - professional translation<\\/li>\\n    <li>&#x1f1ef;&#x1f1f5; \\u65e5\\u672c\\u8a9e (Japanese) - professional translation<\\/li>\\n    <li>&#x1f1ee;&#x1f1f9; Italiano (Italian) - professional translation<\\/li>\\n    <li>&#x1f1ee;&#x1f1f3; \\u0939\\u093f\\u0928\\u094d\\u0926\\u0940 (Hindi) - professional translation<\\/li>\\n    <li>&#x1f1e8;&#x1f1f3; \\u4e2d\\u6587 (Chinese (China)) - professional translation<\\/li>\\n    <li>&#x1f1e7;&#x1f1f7; Portugu\\u00eas do Brasil (Portuguese (Brazil)) - professional translation<\\/li>\\n    <li>&#x1f1f5;&#x1f1f1; Polskie (Polish) - professional translation<\\/li>\\n    <li>&#x1f1ec;&#x1f1f7; \\u0395\\u03bb\\u03bb\\u03b7\\u03bd\\u03b9\\u03ba\\u03ac (Greek)<\\/li>\\n    <li>&#x1f1e7;&#x1f1ec; \\u0411\\u044a\\u043b\\u0433\\u0430\\u0440\\u0441\\u043a\\u0438 (Bulgarian)<\\/li>\\n    <li>&#x1f1ee;&#x1f1e9; Bahasa Indonesia (Indonesian)<\\/li>\\n    <li>&#x1f1fb;&#x1f1f3; Loki Web (Vietnamese)<\\/li>\\n    <li>&#x1f1f7;&#x1f1f4; Rom\\u00e2n\\u0103 (Romanian)<\\/li>\\n    <li>&#x1f1f8;&#x1f1e6; \\u0627\\u0644\\u0639\\u0631\\u0628\\u064a\\u0629 (Arabic)<\\/li>\\n    <li>&#x1f1ee;&#x1f1f7; \\u0641\\u0627\\u0631\\u0633\\u06cc (Persian)<\\/li>\\n    <li>&#x1f1f9;&#x1f1f7; T\\u00fcrk\\u00e7e (Turkish)<\\/li>\\n    <li>...<\\/li>\\n<\\/ul>\\n<p>Help localize SEOPress even further by adding your locale \\u2013 visit <a href=\\\"https:\\/\\/translate.wordpress.org\\/projects\\/wp-plugins\\/wp-seopress\\/\\\">translate.wordpress.org<\\/a>.<\\/p>\\n<h3>SEOPress integrates seamlessly with popular e-commerce, translation, performance and analytics tools.<\\/h3>\\n<ul>\\n    <li>Classic Editor<\\/li>\\n    <li>Block Editor<\\/li>\\n    <li>WPML<\\/li>\\n    <li>Polylang<\\/li>\\n    <li>MultilingualPress<\\/li>\\n    <li>Weglot<\\/li>\\n    <li>TranslatePress<\\/li>\\n    <li>Elementor<\\/li>\\n    <li>Divi<\\/li>\\n    <li>Oxygen Builder<\\/li>\\n    <li>Beaver Builder<\\/li>\\n    <li>WP-Rocket<\\/li>\\n    <li>WooCommerce<\\/li>\\n    <li>Easy Digital Downloads<\\/li>\\n    <li>Admin Columns PRO<\\/li>\\n    <li>...<\\/li>\\n<\\/ul>\\n<p><a href=\\\"https:\\/\\/www.seopress.org\\/integrations\\/?utm_source=w.org&amp;utm_campaign=seopress&amp;utm_medium=readme\\\">All our integrations<\\/a><\\/p>\\n<h3><a href=\\\"https:\\/\\/www.seopress.org\\/solutions\\/migrate-from\\/?utm_source=w.org&amp;utm_campaign=seopress&amp;utm_medium=readme\\\">Import your post and term metadata from other SEO plugins in 1-click<\\/a><\\/h3>\\n<ul>\\n    <li><a href=\\\"https:\\/\\/www.seopress.org\\/support\\/guides\\/import-post-terms-metadatas-yoast-seo-seopress\\/?utm_source=w.org&amp;utm_campaign=seopress&amp;utm_medium=readme\\\">Yoast SEO<\\/a><\\/li>\\n    <li><a href=\\\"https:\\/\\/www.seopress.org\\/support\\/guides\\/import-post-and-terms-metadatas-from-all-in-one-seo-to-seopress\\/?utm_source=w.org&amp;utm_campaign=seopress&amp;utm_medium=readme\\\">All In One SEO<\\/a><\\/li>\\n    <li><a href=\\\"https:\\/\\/www.seopress.org\\/support\\/guides\\/import-post-and-terms-metadatas-from-the-seo-framework-to-seopress\\/?utm_source=w.org&amp;utm_campaign=seopress&amp;utm_medium=readme\\\">SEO Framework<\\/a><\\/li>\\n    <li><a href=\\\"https:\\/\\/www.seopress.org\\/support\\/guides\\/import-post-terms-metadatas-rank-math-seo-seopress\\/?utm_source=w.org&amp;utm_campaign=seopress&amp;utm_medium=readme\\\">Rank Math<\\/a><\\/li>\\n    <li><a href=\\\"https:\\/\\/www.seopress.org\\/support\\/guides\\/import-post-metadata-from-seo-ultimate-to-seopress\\/?utm_source=w.org&amp;utm_campaign=seopress&amp;utm_medium=readme\\\">SEO Ultimate<\\/a><\\/li>\\n    <li><a href=\\\"https:\\/\\/www.seopress.org\\/support\\/guides\\/import-post-and-terms-metadata-from-wp-meta-seo-to-seopress\\/?utm_source=w.org&amp;utm_campaign=seopress&amp;utm_medium=readme\\\">WP Meta SEO<\\/a><\\/li>\\n    <li><a href=\\\"https:\\/\\/www.seopress.org\\/support\\/guides\\/import-post-and-terms-metadata-from-premium-seo-pack-to-seopress\\/?utm_source=w.org&amp;utm_campaign=seopress&amp;utm_medium=readme\\\">Premium SEO Pack<\\/a><\\/li>\\n    <li><a href=\\\"https:\\/\\/www.seopress.org\\/support\\/guides\\/import-post-metadatas-from-squirrly-to-seopress\\/?utm_source=w.org&amp;utm_campaign=seopress&amp;utm_medium=readme\\\">Squirrly<\\/a><\\/li>\\n    <li><a href=\\\"https:\\/\\/www.seopress.org\\/support\\/guides\\/import-post-and-terms-metadata-from-wpseo-to-seopress\\/?utm_source=w.org&amp;utm_campaign=seopress&amp;utm_medium=readme\\\">wpSEO<\\/a><\\/li>\\n    <li><a href=\\\"https:\\/\\/www.seopress.org\\/support\\/guides\\/import-post-and-terms-metadata-from-platinum-seo-pack-to-seopress\\/?utm_source=w.org&amp;utm_campaign=seopress&amp;utm_medium=readme\\\">Platinum SEO Pack<\\/a><\\/li>\\n    <li><a href=\\\"https:\\/\\/www.seopress.org\\/support\\/guides\\/import-post-and-terms-metadata-from-smartcrawl-to-seopress\\/?utm_source=w.org&amp;utm_campaign=seopress&amp;utm_medium=readme\\\">SmartCrawl<\\/a><\\/li>\\n    <li><a href=\\\"https:\\/\\/www.seopress.org\\/support\\/guides\\/import-post-metadata-from-seopressor-to-seopress\\/?utm_source=w.org&amp;utm_campaign=seopress&amp;utm_medium=readme\\\">SEOPressor<\\/a><\\/li>\\n<\\/ul>\\n<h3>Help and support<\\/h3>\\n<ul>\\n    <li><a href=\\\"https:\\/\\/www.seopress.org\\/support\\/?utm_source=w.org&amp;utm_campaign=seopress&amp;utm_medium=readme\\\">Documentation center<\\/a><\\/li>\\n    <li><a href=\\\"https:\\/\\/www.facebook.com\\/groups\\/seopress\\/\\\">Join our SEOPress official community group<\\/a><\\/li>\\n    <li><a href=\\\"https:\\/\\/www.seopress.org\\/support\\/ebooks\\/\\\">Learn SEO with our Free ebooks<\\/a><\\/li>\\n    <li><a href=\\\"https:\\/\\/www.youtube.com\\/seopress\\\">Our SEOPress YouTube Channel<\\/a><\\/li>\\n    <li><a href=\\\"https:\\/\\/www.seopress.org\\/account\\/your-tickets\\/?utm_source=w.org&amp;utm_campaign=seopress&amp;utm_medium=readme\\\">Email (PRO only)<\\/a><\\/li>\\n<\\/ul>\\n<h3><a href=\\\"https:\\/\\/www.seopress.org\\/about\\/brand-assets\\/?utm_source=w.org&amp;utm_campaign=seopress&amp;utm_medium=readme\\\">Branding guidelines<\\/a><\\/h3>\\n<p>SEOPress is a registered trademark of SEOPress SASU. When writing about SEOPress plugin, please make sure to write it correctly.<\\/p>\\n<p>SEOPress (correct)\\nSeopress (incorrect)\\nseo press (incorrect)\\nSEOpress (incorrect)<\\/p>\\n<h3>SEOPress featured on<\\/h3>\\n<ul>\\n    <li>WP Beginner<\\/li>\\n    <li>Microsoft<\\/li>\\n    <li>Neil Patel<\\/li>\\n    <li>HubSpot<\\/li>\\n    <li>GoDaddy<\\/li>\\n    <li>Forbes<\\/li>\\n    <li>Search Engine Journal<\\/li>\\n    <li>Elementor<\\/li>\\n    <li>WP Crafter<\\/li>\\n    <li>Kinsta<\\/li>\\n    <li>Pagely<\\/li>\\n    <li>Freemius<\\/li>\\n    <li>Majestic<\\/li>\\n    <li>WP Explorer<\\/li>\\n    <li>MasterWP<\\/li>\\n    <li>...<\\/li>\\n<\\/ul>\\n<p><a href=\\\"https:\\/\\/www.seopress.org\\/press\\/?utm_source=w.org&amp;utm_campaign=seopress&amp;utm_medium=readme\\\">Complete list on our Press page<\\/a><\\/p>\\n<h3>Our website:<\\/h3>\\n<p>Any questions? Visit our website <a href=\\\"https:\\/\\/www.seopress.org?utm_source=w.org&amp;utm_campaign=seopress&amp;utm_medium=readme\\\">seopress.org<\\/a><\\/p>\",\"changelog\":\"<h4> 5.6 <a href=\\\"https:\\/\\/www.seopress.org\\/newsroom\\/product-news\\/seopress-5-6\\/\\\">Read the blog post update<\\/a> <\\/h4>\\n<ul>\\n<li>NEW Local Business block to display business information with the Block Editor (PRO)<\\/li>\\n<li>NEW Microsoft Clarity integration: capture session recordings, get instant heatmaps and powerful Insights for Free<\\/li>\\n<li>NEW Edit Google Analytics stats in Dashboard widget permissions from SEO, Advanced, Security tab<\\/li>\\n<li>NEW Define license key in wp-config.php (PRO - <a href=\\\"https:\\/\\/www.seopress.org\\/support\\/guides\\/activate-seopress-pro-license\\/#add-my-license-key-to-wp-config-php\\\">https:\\/\\/www.seopress.org\\/support\\/guides\\/activate-seopress-pro-license\\/#add-my-license-key-to-wp-config-php<\\/a>)<\\/li>\\n<li>NEW directApply property for Job schema (automatic and manual)<\\/li>\\n<li>NEW \'seopress_pro_breadcrumbs_html_markup\' hook to filter schema markup for HTML breadcrumbs (<a href=\\\"https:\\/\\/www.seopress.org\\/support\\/hooks\\/remove-schema-markup-from-html-breadcrumbs\\/\\\">https:\\/\\/www.seopress.org\\/support\\/hooks\\/remove-schema-markup-from-html-breadcrumbs\\/<\\/a>)<\\/li>\\n<li>NEW \'seopress_clarity_tracking_js\' hook to filter Microsoft Clarity tracking code (<a href=\\\"https:\\/\\/www.seopress.org\\/support\\/hooks\\/filter-microsoft-clarity-tracking-code\\/\\\">https:\\/\\/www.seopress.org\\/support\\/hooks\\/filter-microsoft-clarity-tracking-code\\/<\\/a>)<\\/li>\\n<li>INFO Support login status field for CSV metadata import tool<\\/li>\\n<li>INFO Several UI \\/ UX enhancements for CSV metadata import tool and migration tools from other SEO plugins<\\/li>\\n<li>INFO Improve UX\\/UI for automatic schemas<\\/li>\\n<li>INFO Remove regex option from SEO metabox when editing term taxonomy because it doesn\'t make sense<\\/li>\\n<li>INFO Replace header() by wp_redirect (props @ajoah)<\\/li>\\n<li>INFO Remove add_theme_support( \'title-tag\' ); notification is Full Site Editing (FSE) is enabled<\\/li>\\n<li>INFO Improve A11Y for FAQ block (aria controls and aria labelledby)<\\/li>\\n<li>INFO Quick access links to Google APIs from the UI<\\/li>\\n<li>INFO Improve breadcrumbs markup for search engines<\\/li>\\n<li>INFO Performance improvement for Google Analytics Dashboard widget<\\/li>\\n<li>FIX Login status to Redirections tab when editing term taxonomy<\\/li>\\n<li>FIX Twitter Preview for SEO metabox on term taxonomy<\\/li>\\n<li>FIX Redirect XML sitemaps if Sitemaps feature is disabled<\\/li>\\n<li>FIX SiteNavigationElement JSON schema<\\/li>\\n<li>FIX UI for toggle features<\\/li>\\n<li>FIX Fatal error get_price() for LinkedIn (oembed JSON)<\\/li>\\n<li>FIX Disable shortcodes when running broken link checker if &quot;post_content&quot; option set<\\/li>\\n<li>FIX Internal links analysis with Oxygen Builder<\\/li>\\n<li>FIX 403 forbidden key for Bing IndexNow API<\\/li>\\n<li>FIX Elementor deprecations for our Breadcrumbs widget and SEO integration<\\/li>\\n<li>FIX Undefined index \'description\' in SEO Dashboard<\\/li>\\n<li>FIX Quick edit dynamic variables from post types list<\\/li>\\n<li>FIX Month name translation in date archive when using %%archive_date_month_name%%<\\/li>\\n<li>FIX Undefined variable: id in RobotSettings (props to @mvdhoek1)<\\/li>\\n<\\/ul>\\n<p><a href=\\\"https:\\/\\/www.seopress.org\\/changelog\\/\\\">View our complete changelog<\\/a><\\/p>\",\"installation\":\"<ol>\\n<li>Upload \'wp-seopress\' to the \'\\/wp-content\\/plugins\\/\' directory<\\/li>\\n<li>Activate the plugin through the \'Plugins\' menu in WordPress<\\/li>\\n<li>Click on SEOPress and apply settings.<\\/li>\\n<\\/ol>\"},\"banners\":{\"high\":\"https:\\/\\/ps.w.org\\/wp-seopress\\/assets\\/banner-1544x500.png\",\"low\":\"https:\\/\\/ps.w.org\\/wp-seopress\\/assets\\/banner-772x250.png\"},\"icons\":{\"1x\":\"https:\\/\\/www.seopress.org\\/wp-content\\/uploads\\/edd\\/2021\\/10\\/logo-seopress-pro-128x128.png\",\"2x\":\"https:\\/\\/www.seopress.org\\/wp-content\\/uploads\\/edd\\/2021\\/10\\/logo-seopress-pro-256x256.png\"},\"msg\":\"No license key has been provided.\",\"tested\":\"5.9\",\"compatibility\":\"a:1:{s:5:\\\"5.2.2\\\";a:1:{s:6:\\\"1.5.22\\\";a:3:{i:0;s:4:\\\"100%\\\";i:1;s:1:\\\"5\\\";i:2;s:1:\\\"5\\\";}}}\",\"stable_tag\":\"5.6\",\"description\":[\"<p>SEOPress is a powerful WordPress SEO plugin to optimize your SEO, boost your traffic, improve social sharing, build custom HTML and XML Sitemaps, create optimized breadcrumbs, add schemas \\/ Google Structured data types, manage 301 redirections and so much more.<br \\/><\\/p>\\n<p>&#x2714; <strong><a href=\\\"https:\\/\\/www.seopress.org\\/features\\/page-builders-integration\\/?utm_source=w.org&amp;utm_campaign=seopress&amp;utm_medium=readme\\\">Universal SEO metabox<\\/a>: edit your SEO metadata from any page builder \\/ theme builder<\\/strong>\\n&#x2714; <strong>No advertising, no footprints, white label, in backend AND frontend<\\/strong>\\n&#x2714; <strong>Content analysis to help you write content optimized for search engines<\\/strong>\\n&#x2714; <strong>Import your post and term metadatas from other plugins in 1 click<\\/strong>\\n&#x2714; <strong>Trusted by over 230,000 WordPress websites since 2017.<\\/strong><\\/p>\\n<p><a href=\\\"https:\\/\\/www.seopress.org\\/pricing\\/?utm_source=w.org&amp;utm_campaign=seopress&amp;utm_medium=readme\\\"><strong>Buy SEOPress PRO: only $39 \\/ year \\/ unlimited sites<\\/strong><\\/a><\\/p>\\n<p>[youtube <a href=\\\"https:\\/\\/www.youtube.com\\/watch?v=FwaJA5MY6sc\\\">https:\\/\\/www.youtube.com\\/watch?v=FwaJA5MY6sc<\\/a>]<\\/p>\\n<p><a href=\\\"https:\\/\\/www.seopress.org\\/features\\/?utm_source=w.org&amp;utm_campaign=seopress&amp;utm_medium=readme\\\">Features<\\/a> | <a href=\\\"https:\\/\\/www.seopress.org\\/solutions\\/migrate-from\\/?utm_source=w.org&amp;utm_campaign=seopress&amp;utm_medium=readme\\\">Migrate<\\/a> | <a href=\\\"https:\\/\\/www.seopress.org\\/wordpress-seo-plugins\\/pro\\/?utm_source=w.org&amp;utm_campaign=seopress&amp;utm_medium=readme\\\">PRO<\\/a> | <a href=\\\"https:\\/\\/www.seopress.org\\/integrations\\/?utm_source=w.org&amp;utm_campaign=seopress&amp;utm_medium=readme\\\">Integrations<\\/a> | <a href=\\\"https:\\/\\/www.seopress.org\\/support\\/?utm_source=w.org&amp;utm_campaign=seopress&amp;utm_medium=readme\\\">Support<\\/a> | <a href=\\\"https:\\/\\/www.seopress.org\\/features\\/seopress-white-label\\/?utm_source=w.org&amp;utm_campaign=seopress&amp;utm_medium=readme\\\">White Label<\\/a><\\/p>\\n<h3>Why SEOPress is the best WordPress SEO plugin?<\\/h3>\\n<ul>\\n    <li><a href=\\\"https:\\/\\/www.seopress.org\\/seopress-productivity\\/?utm_source=w.org&amp;utm_campaign=seopress&amp;utm_medium=readme\\\"><strong>Save time<\\/strong><\\/a>: you prefer to work with Excel or Google Spreadsheets? No problem, you can import \\/ export your metadata from CSV files with SEOPress PRO in few clicks!<\\/li>\\n    <li><a href=\\\"https:\\/\\/www.seopress.org\\/pricing\\/?utm_source=w.org&amp;utm_campaign=seopress&amp;utm_medium=readme\\\"><strong>Save money<\\/strong><\\/a>: SEOPress PRO is available for just $39 \\/ year. Without any sites limit. Yes, you read that right: 1 site or 100 sites, the total price is still $39 \\/ year!<\\/li>\\n    <li><a href=\\\"https:\\/\\/www.seopress.org\\/features\\/?utm_source=w.org&amp;utm_campaign=seopress&amp;utm_medium=readme\\\"><strong>All in one SEO plugin<\\/strong><\\/a>: comes with all the features you need to optimize the SEO of your WordPress site. No need to install additional extensions to manage redirects, schemas, XML sitemaps... You reduce the risk of conflicts and maintenance costs. You don\'t need a special feature? Deactivate it with one click without losing your configuration. Child\'s play !<\\/li>\\n    <li><strong>Easy AND ready to use<\\/strong>: you doesn\'t need to know SEO or code to use SEOPress. Most of the parameters are automatically set. And thanks to our installation wizard, configuring SEOPress has never been easier. To go further, we provide many <a href=\\\"https:\\/\\/www.seopress.org\\/support\\/tutorials\\/?utm_source=w.org&amp;utm_campaign=seopress&amp;utm_medium=readme\\\">free tutorials<\\/a> and <a href=\\\"https:\\/\\/www.seopress.org\\/support\\/ebooks\\/?utm_source=w.org&amp;utm_campaign=seopress&amp;utm_medium=readme\\\">ebooks to learn SEO<\\/a> in order to better understand how to position your content on search engines.<\\/li>\\n<\\/ul>\\n<h3>SEOPress Free Features<\\/h3>\\n<ul>\\n    <li><a href=\\\"https:\\/\\/www.seopress.org\\/support\\/guides\\/google-indexing-api-with-seopress\\/?utm_source=w.org&amp;utm_campaign=seopress&amp;utm_medium=readme\\\"><strong>Google Indexing API and IndexNow API (Bing \\/ Yandex)<\\/strong><\\/a> to quickly index its content in these search engines<\\/li>\\n    <li><strong>Installation wizard<\\/strong> to quickly setup your site<\\/li>\\n    <li><strong>Content analysis<\\/strong> with unlimited keywords to help you write optimized content for search engines<\\/li>\\n    <li><strong>Mobile \\/ Desktop Google Preview<\\/strong> to see how your post will looks like in Google search results<\\/li>\\n    <li><strong>Facebook &amp; Twitter Social Preview<\\/strong> to see how your post will looks like on social media to increase conversions<\\/li>\\n    <li><strong>Titles<\\/strong> (with <a href=\\\"https:\\/\\/www.seopress.org\\/support\\/guides\\/manage-titles-meta-descriptions\\/?utm_source=w.org&amp;utm_campaign=seopress&amp;utm_medium=readme\\\">dynamic variables<\\/a>: custom fields, terms taxonomie...)<\\/li>\\n    <li><strong>Meta descriptions<\\/strong> (with dynamic variables too)<\\/li>\\n    <li><a href=\\\"https:\\/\\/www.seopress.org\\/features\\/social-media\\/?utm_source=w.org&amp;utm_campaign=seopress&amp;utm_medium=readme\\\"><strong>Open Graph and Twitter Cards<\\/strong><\\/a> to improve social media sharing (Facebook, LinkedIn, Instagram, Twitter, Pinterest, WhatsApp...)<\\/li>\\n    <li><strong>Google Knowledge Graph<\\/strong><\\/li>\\n    <li><a href=\\\"https:\\/\\/www.seopress.org\\/features\\/google-analytics\\/?utm_source=w.org&amp;utm_campaign=seopress&amp;utm_medium=readme\\\"><strong>Google Analytics<\\/strong> and <strong>Matomo<\\/strong><\\/a> with downloads tracking, custom dimensions, ip anonymization, remarketing, demographics and interest reporting, cross-domain tracking...(<a href=\\\"https:\\/\\/www.seopress.org\\/features\\/seopress-white-label\\/?utm_source=w.org&amp;utm_campaign=seopress&amp;utm_medium=readme\\\">GDPR compatibility<\\/a>)<\\/li>\\n    <li><strong>Microsoft Clarity integration<\\/strong>: to capture session recordings, get instant heatmaps and powerful Insights for Free. Know how people interact with your site to improve user experience and conversions<\\/li>\\n    <li><strong>Custom Canonical URL<\\/strong><\\/li>\\n    <li><a href=\\\"https:\\/\\/www.seopress.org\\/support\\/guides\\/manage-meta-robots\\/?utm_source=w.org&amp;utm_campaign=seopress&amp;utm_medium=readme\\\"><strong>Meta robots<\\/strong><\\/a> (noindex, nofollow, noodp, noimageindex, noarchive, nosnippet)<\\/li>\\n    <li>Build your <a href=\\\"https:\\/\\/www.seopress.org\\/features\\/sitemaps\\/?utm_source=w.org&amp;utm_campaign=seopress&amp;utm_medium=readme\\\"><strong>custom XML Sitemap<\\/strong><\\/a> to improve search indexing<\\/li>\\n    <li><strong>Image XML Sitemaps<\\/strong> to improve search indexing for Google Images<\\/li>\\n    <li>Build your custom <strong>HTML Sitemap<\\/strong> to enhanced navigation for visitors and improve search indexing<\\/li>\\n    <li>Link your social media accounts to your site<\\/li>\\n    <li><strong>Redirections<\\/strong> in post, pages, custom post types<\\/li>\\n    <li>Remove \\/category\\/ in URLs<\\/li>\\n    <li>Remove ?replytocom to avoid duplicate content<\\/li>\\n    <li>Redirect attachment pages to post parent<\\/li>\\n    <li>Redirect attachment pages to their file URL<\\/li>\\n    <li><a href=\\\"https:\\/\\/www.seopress.org\\/features\\/image-seo\\/?utm_source=w.org&amp;utm_campaign=seopress&amp;utm_medium=readme\\\"><strong>Image SEO<\\/strong><\\/a>: Automatically set the image title \\/ alt \\/ caption \\/ description<\\/li>\\n    <li>Import \\/ Export settings from site to site.<\\/li>\\n    <li><a href=\\\"https:\\/\\/www.seopress.org\\/solutions\\/migrate-from\\/?utm_source=w.org&amp;utm_campaign=seopress&amp;utm_medium=readme\\\">Import posts and terms metadata<\\/a> from Yoast SEO, All In One SEO, SEO Framework, Rank Math, SEO Ultimate, WP Meta SEO, Premium SEO Pack, Squirrly and many other SEO plugins<\\/li>\\n    <li>...<\\/li>\\n<\\/ul>\\n<p><a href=\\\"https:\\/\\/www.seopress.org\\/wordpress-seo-plugins\\/free\\/features\\/?utm_source=w.org&amp;utm_campaign=seopress&amp;utm_medium=readme\\\">Check out all SEOPress Free features here<\\/a><\\/p>\\n<h3>SEOPress PRO: to go further with your SEO<\\/h3>\\n<ul>\\n    <li><a href=\\\"https:\\/\\/www.seopress.org\\/support\\/guides\\/import-metadata-from-a-csv-file-with-seopress-pro\\/?utm_source=w.org&amp;utm_campaign=seopress&amp;utm_medium=readme\\\"><strong>Import \\/ export metadata<\\/strong><\\/a> (titles, open graph, robots...) from \\/ to CSV file<\\/li>\\n    <li><a href=\\\"https:\\/\\/www.seopress.org\\/features\\/sitemaps\\/?utm_source=w.org&amp;utm_campaign=seopress&amp;utm_medium=readme\\\"><strong>Video XML Sitemap<\\/strong><\\/a> to improve rankings in video search results<\\/li>\\n    <li>Internal linking suggestions<\\/li>\\n    <li><strong>Google Suggestions in Content Analysis<\\/strong> to find the top 10 Google suggestions instantly. This is useful if you want to work with the long tail technique.<\\/li>\\n    <li><a href=\\\"https:\\/\\/www.seopress.org\\/features\\/google-structured-data-types\\/?utm_source=w.org&amp;utm_campaign=seopress&amp;utm_medium=readme\\\"><strong>Google Structured Data types<\\/strong> (schema.org)<\\/a>:\\n        <ol>\\n            <li>article schema<\\/li>\\n            <li>local business schema<\\/li>\\n            <li>service schema<\\/li>\\n            <li>how-to schema<\\/li>\\n            <li>FAQ schema<\\/li>\\n            <li>course schema<\\/li>\\n            <li>recipe schema<\\/li>\\n            <li>software application schema<\\/li>\\n            <li>video schema<\\/li>\\n            <li>event schema<\\/li>\\n            <li>product schema<\\/li>\\n            <li>job schema<\\/li>\\n            <li>simple review schema<\\/li>\\n            <li>site navigation element schema<\\/li>\\n            <li>custom schema<\\/li>\\n        <\\/ol>\\n    <\\/li><li><strong>Automatic Schemas<\\/strong> with advanced conditions (AND, OR, Post types, taxonomies)<\\/li>\\n    <li><a href=\\\"https:\\/\\/www.seopress.org\\/features\\/breadcrumbs\\/?utm_source=w.org&amp;utm_campaign=seopress&amp;utm_medium=readme\\\"><strong>Breadcrumbs<\\/strong><\\/a> optimized with Schema.org, A11Y ready. Elementor users? <a href=\\\"https:\\/\\/www.youtube.com\\/watch?v=ID4xm1UVikc\\\">Try our custom breadcrumbs widget!<\\/a><\\/li>\\n    <li><a href=\\\"https:\\/\\/www.seopress.org\\/features\\/google-analytics\\/?utm_source=w.org&amp;utm_campaign=seopress&amp;utm_medium=readme\\\"><strong>Google Analytics Stats in Dashboard<\\/strong><\\/a> to quickly see your metrics without leaving your site<\\/li>\\n    <li><a href=\\\"https:\\/\\/www.seopress.org\\/features\\/local-seo\\/?utm_source=w.org&amp;utm_campaign=seopress&amp;utm_medium=readme\\\"><strong>Google Local Business<\\/strong><\\/a> to boost your local store<\\/li>\\n    <li><strong>Broken link checker (SEOPress BOT)<\\/strong>: scan all your links in content to find errors (eg: 404...)<\\/li>\\n    <li><a href=\\\"https:\\/\\/www.seopress.org\\/features\\/woocommerce-seo\\/?utm_source=w.org&amp;utm_campaign=seopress&amp;utm_medium=readme\\\"><strong>WooCommerce<\\/strong><\\/a>: Product Global Identifiers type and Product Global Identifiers fields to WooCommerce metabox for product schema (barcode), disable crawling on cart page, checkout page, customer account pages, add OG Price \\/ OG Currency for better sharing and more<\\/li>\\n    <li><strong>Easy Digital Downloads<\\/strong>: add OG Price \\/ OG Currency, remove EDD meta generator<\\/li>\\n    <li><strong>Dublin Core<\\/strong> meta tags<\\/li>\\n    <li><strong>Custom Breadcrumbs<\\/strong> for single post types \\/ term taxonomy<\\/li>\\n    <li><strong>Google Page Speed Insights<\\/strong> to analyse your site performances on Mobile \\/ Desktop + your Core Web Vitals<\\/li>\\n    <li><a href=\\\"https:\\/\\/www.seopress.org\\/features\\/google-analytics\\/?utm_source=w.org&amp;utm_campaign=seopress&amp;utm_medium=readme\\\"><strong>Google Enhanced Ecommerce for WooCommerce<\\/strong><\\/a>: measure purchases, additions to and removals from shopping carts<\\/li>\\n    <li><a href=\\\"https:\\/\\/www.seopress.org\\/features\\/htaccess-robots-txt\\/?utm_source=w.org&amp;utm_campaign=seopress&amp;utm_medium=readme\\\">Edit your <strong>robots.txt<\\/strong><\\/a> file from the admin (multisite \\/ multidomain ready)<\\/li>\\n    <li><strong>Google News Sitemap<\\/strong> to get your posts on Google News<\\/li>\\n    <li><strong>404 Monitoring<\\/strong>: Monitor your 404 errors to improve user experience, performances and increase the crawl budget allocated by Google<\\/li>\\n    <li><strong>Redirect 404 to homepage\\/custom url automatically<\\/strong> with custom status code (301, 302, 307, 410 or 451)<\\/li>\\n    <li>Email notifications on 404<\\/li>\\n    <li><a href=\\\"https:\\/\\/www.seopress.org\\/features\\/301-redirects\\/?utm_source=w.org&amp;utm_campaign=seopress&amp;utm_medium=readme\\\"><strong>Redirect manager<\\/strong><\\/a>: create unlimited 301, 302, 307, 410 and 451 redirections. Regular expressions supported. Import \\/ export redirections to CSV or htaccess file.<\\/li>\\n    <li>Import redirections using CSV<\\/li>\\n    <li>Import redirections from Redirections plugin (via a JSON file)<\\/li>\\n    <li><a href=\\\"https:\\/\\/www.seopress.org\\/features\\/htaccess-robots-txt\\/?utm_source=w.org&amp;utm_campaign=seopress&amp;utm_medium=readme\\\">Edit your <strong>htaccess file<\\/strong><\\/a> from the admin<\\/li>\\n    <li>Easily customize your <strong>RSS feeds<\\/strong><\\/li>\\n    <li>...<\\/li>\\n<\\/ul>\\n<p><a href=\\\"https:\\/\\/www.seopress.org\\/pricing\\/?utm_source=w.org&amp;utm_campaign=seopress&amp;utm_medium=readme\\\"><strong>Buy SEOPress PRO now!<\\/strong><\\/a><\\/p>\\n<h3>WooCommerce SEO (SEOPress PRO required)<\\/h3>\\n<p>We support WooCommerce and Easy Digital Downloads for e-commerce sites.<\\/p>\\n<ul>\\n    <li>Price and currency meta tags to improve social sharing<\\/li>\\n    <li>XML sitemaps for products<\\/li>\\n    <li>Support for WooCommerce product images and WooCommerce image galleries for the XML sitemap<\\/li>\\n    <li>Centralized way to set noindex meta robots tags on pages like cart, checkout...<\\/li>\\n    <li>Remove WooCommerce generator meta tag in the source code<\\/li>\\n    <li>Create manual and\\/or automatic \\\"product\\\" schemas in JSON-LD to increase visibility in Google search results<\\/li>\\n    <li>WooCommerce support for our breadcrumbs<\\/li>\\n    <li>Global dynamic tags to insert in your metas titles \\/ descriptions<\\/li>\\n    <li>Product Global Identifiers type and Product Global Identifiers fields to WooCommerce metabox for product schema (barcode)<\\/li>\\n    <li>...<\\/li>\\n<\\/ul>\\n<p><a href=\\\"https:\\/\\/www.seopress.org\\/pricing\\/?utm_source=w.org&amp;utm_campaign=seopress&amp;utm_medium=readme\\\"><strong>Increase your sales now!<\\/strong><\\/a><\\/p>\\n<h3><a href=\\\"https:\\/\\/www.seopress.org\\/blog\\/seopress-5-0\\/\\\">Universal SEO metabox<\\/a>: edit your metadata from any page builder \\/ editor<\\/h3>\\n<p>[youtube <a href=\\\"https:\\/\\/youtu.be\\/sf0ocG7vQMM\\\">https:\\/\\/youtu.be\\/sf0ocG7vQMM<\\/a>]<\\/p>\\n<h3>Elementor + SEOPress: perfect combo!<\\/h3>\\n<p>We provide deep integration with Elementor page builder. Directly from Elementor settings, you can:<\\/p>\\n<ul>\\n    <li>edit your SEO metadata (title, meta description, meta robots)<\\/li>\\n    <li>edit social meta (Facebook Open Graph and Twitter Cards<\\/li>\\n    <li>analyse your content to optimize it for search engines<\\/li>\\n    <li>apply FAQ schema on Toggle and \\/ or Accordion Elementor widgets<\\/li>\\n    <li>and more!<\\/li>\\n<\\/ul>\\n<p>[youtube <a href=\\\"https:\\/\\/www.youtube.com\\/watch?v=amfozNvYzPU\\\">https:\\/\\/www.youtube.com\\/watch?v=amfozNvYzPU<\\/a>]<\\/p>\\n<h3>Developers will love SEOPress!<\\/h3>\\n<p>Hundreds of hooks are available to extend SEOPress. <a href=\\\"https:\\/\\/www.seopress.org\\/support\\/hooks\\/?utm_source=w.org&amp;utm_campaign=seopress&amp;utm_medium=readme\\\">Browse them all here<\\/a>!<\\/p>\\n<p>Plus we have a <a href=\\\"https:\\/\\/www.seopress.org\\/support\\/guides\\/get-started-with-the-seopress-rest-api\\/?utm_source=w.org&amp;utm_campaign=seopress&amp;utm_medium=readme\\\">REST API<\\/a> to build static websites.<\\/p>\\n<h3>Translations<\\/h3>\\n<p>SEOPress is translated into multiple languages including:<\\/p>\\n<ul>\\n    <li>&#x1f1fa;&#x1f1f8; English (UK) (English (UK)) - professional translation<\\/li>\\n    <li>&#x1f1eb;&#x1f1f7; Fran\\u00e7ais (French (France)) - professional translation<\\/li>\\n    <li>&#x1f1ea;&#x1f1f8; Espa\\u00f1ol (Spanish (Spain)) - professional translation<\\/li>\\n    <li>&#x1f1e9;&#x1f1ea; Deutsch (German) - professional translation<\\/li>\\n    <li>&#x1f1f3;&#x1f1f1; Nederlands (Dutch) - professional translation<\\/li>\\n    <li>&#x1f1f7;&#x1f1fa; \\u0420\\u0443\\u0441\\u0441\\u043a\\u0438\\u0439 (Russian) - professional translation<\\/li>\\n    <li>&#x1f1ef;&#x1f1f5; \\u65e5\\u672c\\u8a9e (Japanese) - professional translation<\\/li>\\n    <li>&#x1f1ee;&#x1f1f9; Italiano (Italian) - professional translation<\\/li>\\n    <li>&#x1f1ee;&#x1f1f3; \\u0939\\u093f\\u0928\\u094d\\u0926\\u0940 (Hindi) - professional translation<\\/li>\\n    <li>&#x1f1e8;&#x1f1f3; \\u4e2d\\u6587 (Chinese (China)) - professional translation<\\/li>\\n    <li>&#x1f1e7;&#x1f1f7; Portugu\\u00eas do Brasil (Portuguese (Brazil)) - professional translation<\\/li>\\n    <li>&#x1f1f5;&#x1f1f1; Polskie (Polish) - professional translation<\\/li>\\n    <li>&#x1f1ec;&#x1f1f7; \\u0395\\u03bb\\u03bb\\u03b7\\u03bd\\u03b9\\u03ba\\u03ac (Greek)<\\/li>\\n    <li>&#x1f1e7;&#x1f1ec; \\u0411\\u044a\\u043b\\u0433\\u0430\\u0440\\u0441\\u043a\\u0438 (Bulgarian)<\\/li>\\n    <li>&#x1f1ee;&#x1f1e9; Bahasa Indonesia (Indonesian)<\\/li>\\n    <li>&#x1f1fb;&#x1f1f3; Loki Web (Vietnamese)<\\/li>\\n    <li>&#x1f1f7;&#x1f1f4; Rom\\u00e2n\\u0103 (Romanian)<\\/li>\\n    <li>&#x1f1f8;&#x1f1e6; \\u0627\\u0644\\u0639\\u0631\\u0628\\u064a\\u0629 (Arabic)<\\/li>\\n    <li>&#x1f1ee;&#x1f1f7; \\u0641\\u0627\\u0631\\u0633\\u06cc (Persian)<\\/li>\\n    <li>&#x1f1f9;&#x1f1f7; T\\u00fcrk\\u00e7e (Turkish)<\\/li>\\n    <li>...<\\/li>\\n<\\/ul>\\n<p>Help localize SEOPress even further by adding your locale \\u2013 visit <a href=\\\"https:\\/\\/translate.wordpress.org\\/projects\\/wp-plugins\\/wp-seopress\\/\\\">translate.wordpress.org<\\/a>.<\\/p>\\n<h3>SEOPress integrates seamlessly with popular e-commerce, translation, performance and analytics tools.<\\/h3>\\n<ul>\\n    <li>Classic Editor<\\/li>\\n    <li>Block Editor<\\/li>\\n    <li>WPML<\\/li>\\n    <li>Polylang<\\/li>\\n    <li>MultilingualPress<\\/li>\\n    <li>Weglot<\\/li>\\n    <li>TranslatePress<\\/li>\\n    <li>Elementor<\\/li>\\n    <li>Divi<\\/li>\\n    <li>Oxygen Builder<\\/li>\\n    <li>Beaver Builder<\\/li>\\n    <li>WP-Rocket<\\/li>\\n    <li>WooCommerce<\\/li>\\n    <li>Easy Digital Downloads<\\/li>\\n    <li>Admin Columns PRO<\\/li>\\n    <li>...<\\/li>\\n<\\/ul>\\n<p><a href=\\\"https:\\/\\/www.seopress.org\\/integrations\\/?utm_source=w.org&amp;utm_campaign=seopress&amp;utm_medium=readme\\\">All our integrations<\\/a><\\/p>\\n<h3><a href=\\\"https:\\/\\/www.seopress.org\\/solutions\\/migrate-from\\/?utm_source=w.org&amp;utm_campaign=seopress&amp;utm_medium=readme\\\">Import your post and term metadata from other SEO plugins in 1-click<\\/a><\\/h3>\\n<ul>\\n    <li><a href=\\\"https:\\/\\/www.seopress.org\\/support\\/guides\\/import-post-terms-metadatas-yoast-seo-seopress\\/?utm_source=w.org&amp;utm_campaign=seopress&amp;utm_medium=readme\\\">Yoast SEO<\\/a><\\/li>\\n    <li><a href=\\\"https:\\/\\/www.seopress.org\\/support\\/guides\\/import-post-and-terms-metadatas-from-all-in-one-seo-to-seopress\\/?utm_source=w.org&amp;utm_campaign=seopress&amp;utm_medium=readme\\\">All In One SEO<\\/a><\\/li>\\n    <li><a href=\\\"https:\\/\\/www.seopress.org\\/support\\/guides\\/import-post-and-terms-metadatas-from-the-seo-framework-to-seopress\\/?utm_source=w.org&amp;utm_campaign=seopress&amp;utm_medium=readme\\\">SEO Framework<\\/a><\\/li>\\n    <li><a href=\\\"https:\\/\\/www.seopress.org\\/support\\/guides\\/import-post-terms-metadatas-rank-math-seo-seopress\\/?utm_source=w.org&amp;utm_campaign=seopress&amp;utm_medium=readme\\\">Rank Math<\\/a><\\/li>\\n    <li><a href=\\\"https:\\/\\/www.seopress.org\\/support\\/guides\\/import-post-metadata-from-seo-ultimate-to-seopress\\/?utm_source=w.org&amp;utm_campaign=seopress&amp;utm_medium=readme\\\">SEO Ultimate<\\/a><\\/li>\\n    <li><a href=\\\"https:\\/\\/www.seopress.org\\/support\\/guides\\/import-post-and-terms-metadata-from-wp-meta-seo-to-seopress\\/?utm_source=w.org&amp;utm_campaign=seopress&amp;utm_medium=readme\\\">WP Meta SEO<\\/a><\\/li>\\n    <li><a href=\\\"https:\\/\\/www.seopress.org\\/support\\/guides\\/import-post-and-terms-metadata-from-premium-seo-pack-to-seopress\\/?utm_source=w.org&amp;utm_campaign=seopress&amp;utm_medium=readme\\\">Premium SEO Pack<\\/a><\\/li>\\n    <li><a href=\\\"https:\\/\\/www.seopress.org\\/support\\/guides\\/import-post-metadatas-from-squirrly-to-seopress\\/?utm_source=w.org&amp;utm_campaign=seopress&amp;utm_medium=readme\\\">Squirrly<\\/a><\\/li>\\n    <li><a href=\\\"https:\\/\\/www.seopress.org\\/support\\/guides\\/import-post-and-terms-metadata-from-wpseo-to-seopress\\/?utm_source=w.org&amp;utm_campaign=seopress&amp;utm_medium=readme\\\">wpSEO<\\/a><\\/li>\\n    <li><a href=\\\"https:\\/\\/www.seopress.org\\/support\\/guides\\/import-post-and-terms-metadata-from-platinum-seo-pack-to-seopress\\/?utm_source=w.org&amp;utm_campaign=seopress&amp;utm_medium=readme\\\">Platinum SEO Pack<\\/a><\\/li>\\n    <li><a href=\\\"https:\\/\\/www.seopress.org\\/support\\/guides\\/import-post-and-terms-metadata-from-smartcrawl-to-seopress\\/?utm_source=w.org&amp;utm_campaign=seopress&amp;utm_medium=readme\\\">SmartCrawl<\\/a><\\/li>\\n    <li><a href=\\\"https:\\/\\/www.seopress.org\\/support\\/guides\\/import-post-metadata-from-seopressor-to-seopress\\/?utm_source=w.org&amp;utm_campaign=seopress&amp;utm_medium=readme\\\">SEOPressor<\\/a><\\/li>\\n<\\/ul>\\n<h3>Help and support<\\/h3>\\n<ul>\\n    <li><a href=\\\"https:\\/\\/www.seopress.org\\/support\\/?utm_source=w.org&amp;utm_campaign=seopress&amp;utm_medium=readme\\\">Documentation center<\\/a><\\/li>\\n    <li><a href=\\\"https:\\/\\/www.facebook.com\\/groups\\/seopress\\/\\\">Join our SEOPress official community group<\\/a><\\/li>\\n    <li><a href=\\\"https:\\/\\/www.seopress.org\\/support\\/ebooks\\/\\\">Learn SEO with our Free ebooks<\\/a><\\/li>\\n    <li><a href=\\\"https:\\/\\/www.youtube.com\\/seopress\\\">Our SEOPress YouTube Channel<\\/a><\\/li>\\n    <li><a href=\\\"https:\\/\\/www.seopress.org\\/account\\/your-tickets\\/?utm_source=w.org&amp;utm_campaign=seopress&amp;utm_medium=readme\\\">Email (PRO only)<\\/a><\\/li>\\n<\\/ul>\\n<h3><a href=\\\"https:\\/\\/www.seopress.org\\/about\\/brand-assets\\/?utm_source=w.org&amp;utm_campaign=seopress&amp;utm_medium=readme\\\">Branding guidelines<\\/a><\\/h3>\\n<p>SEOPress is a registered trademark of SEOPress SASU. When writing about SEOPress plugin, please make sure to write it correctly.<\\/p>\\n<p>SEOPress (correct)\\nSeopress (incorrect)\\nseo press (incorrect)\\nSEOpress (incorrect)<\\/p>\\n<h3>SEOPress featured on<\\/h3>\\n<ul>\\n    <li>WP Beginner<\\/li>\\n    <li>Microsoft<\\/li>\\n    <li>Neil Patel<\\/li>\\n    <li>HubSpot<\\/li>\\n    <li>GoDaddy<\\/li>\\n    <li>Forbes<\\/li>\\n    <li>Search Engine Journal<\\/li>\\n    <li>Elementor<\\/li>\\n    <li>WP Crafter<\\/li>\\n    <li>Kinsta<\\/li>\\n    <li>Pagely<\\/li>\\n    <li>Freemius<\\/li>\\n    <li>Majestic<\\/li>\\n    <li>WP Explorer<\\/li>\\n    <li>MasterWP<\\/li>\\n    <li>...<\\/li>\\n<\\/ul>\\n<p><a href=\\\"https:\\/\\/www.seopress.org\\/press\\/?utm_source=w.org&amp;utm_campaign=seopress&amp;utm_medium=readme\\\">Complete list on our Press page<\\/a><\\/p>\\n<h3>Our website:<\\/h3>\\n<p>Any questions? Visit our website <a href=\\\"https:\\/\\/www.seopress.org?utm_source=w.org&amp;utm_campaign=seopress&amp;utm_medium=readme\\\">seopress.org<\\/a><\\/p>\"],\"changelog\":[\"<h4> 5.6 <a href=\\\"https:\\/\\/www.seopress.org\\/newsroom\\/product-news\\/seopress-5-6\\/\\\">Read the blog post update<\\/a> <\\/h4>\\n<ul>\\n<li>NEW Local Business block to display business information with the Block Editor (PRO)<\\/li>\\n<li>NEW Microsoft Clarity integration: capture session recordings, get instant heatmaps and powerful Insights for Free<\\/li>\\n<li>NEW Edit Google Analytics stats in Dashboard widget permissions from SEO, Advanced, Security tab<\\/li>\\n<li>NEW Define license key in wp-config.php (PRO - <a href=\\\"https:\\/\\/www.seopress.org\\/support\\/guides\\/activate-seopress-pro-license\\/#add-my-license-key-to-wp-config-php\\\">https:\\/\\/www.seopress.org\\/support\\/guides\\/activate-seopress-pro-license\\/#add-my-license-key-to-wp-config-php<\\/a>)<\\/li>\\n<li>NEW directApply property for Job schema (automatic and manual)<\\/li>\\n<li>NEW \'seopress_pro_breadcrumbs_html_markup\' hook to filter schema markup for HTML breadcrumbs (<a href=\\\"https:\\/\\/www.seopress.org\\/support\\/hooks\\/remove-schema-markup-from-html-breadcrumbs\\/\\\">https:\\/\\/www.seopress.org\\/support\\/hooks\\/remove-schema-markup-from-html-breadcrumbs\\/<\\/a>)<\\/li>\\n<li>NEW \'seopress_clarity_tracking_js\' hook to filter Microsoft Clarity tracking code (<a href=\\\"https:\\/\\/www.seopress.org\\/support\\/hooks\\/filter-microsoft-clarity-tracking-code\\/\\\">https:\\/\\/www.seopress.org\\/support\\/hooks\\/filter-microsoft-clarity-tracking-code\\/<\\/a>)<\\/li>\\n<li>INFO Support login status field for CSV metadata import tool<\\/li>\\n<li>INFO Several UI \\/ UX enhancements for CSV metadata import tool and migration tools from other SEO plugins<\\/li>\\n<li>INFO Improve UX\\/UI for automatic schemas<\\/li>\\n<li>INFO Remove regex option from SEO metabox when editing term taxonomy because it doesn\'t make sense<\\/li>\\n<li>INFO Replace header() by wp_redirect (props @ajoah)<\\/li>\\n<li>INFO Remove add_theme_support( \'title-tag\' ); notification is Full Site Editing (FSE) is enabled<\\/li>\\n<li>INFO Improve A11Y for FAQ block (aria controls and aria labelledby)<\\/li>\\n<li>INFO Quick access links to Google APIs from the UI<\\/li>\\n<li>INFO Improve breadcrumbs markup for search engines<\\/li>\\n<li>INFO Performance improvement for Google Analytics Dashboard widget<\\/li>\\n<li>FIX Login status to Redirections tab when editing term taxonomy<\\/li>\\n<li>FIX Twitter Preview for SEO metabox on term taxonomy<\\/li>\\n<li>FIX Redirect XML sitemaps if Sitemaps feature is disabled<\\/li>\\n<li>FIX SiteNavigationElement JSON schema<\\/li>\\n<li>FIX UI for toggle features<\\/li>\\n<li>FIX Fatal error get_price() for LinkedIn (oembed JSON)<\\/li>\\n<li>FIX Disable shortcodes when running broken link checker if &quot;post_content&quot; option set<\\/li>\\n<li>FIX Internal links analysis with Oxygen Builder<\\/li>\\n<li>FIX 403 forbidden key for Bing IndexNow API<\\/li>\\n<li>FIX Elementor deprecations for our Breadcrumbs widget and SEO integration<\\/li>\\n<li>FIX Undefined index \'description\' in SEO Dashboard<\\/li>\\n<li>FIX Quick edit dynamic variables from post types list<\\/li>\\n<li>FIX Month name translation in date archive when using %%archive_date_month_name%%<\\/li>\\n<li>FIX Undefined variable: id in RobotSettings (props to @mvdhoek1)<\\/li>\\n<\\/ul>\\n<p><a href=\\\"https:\\/\\/www.seopress.org\\/changelog\\/\\\">View our complete changelog<\\/a><\\/p>\"],\"installation\":[\"<ol>\\n<li>Upload \'wp-seopress\' to the \'\\/wp-content\\/plugins\\/\' directory<\\/li>\\n<li>Activate the plugin through the \'Plugins\' menu in WordPress<\\/li>\\n<li>Click on SEOPress and apply settings.<\\/li>\\n<\\/ol>\"],\"plugin\":\"wp-seopress-pro\\/seopress-pro.php\",\"id\":\"wp-seopress-pro\\/seopress-pro.php\"}\";}', 'no');
INSERT INTO `wpry_4_options` (`option_id`, `option_name`, `option_value`, `autoload`) VALUES
(110831, 'seopress_pro_license_key', 'C6D0D7F8DB6898D6ACA49DC6C9F4B996', 'yes'),
(110832, 'seopress_pro_license_status', 'valid', 'yes');
INSERT INTO `wpry_4_options` (`option_id`, `option_name`, `option_value`, `autoload`) VALUES
(110833, 'edd_sl_678b2ac862f723e5edc907235f3b0706', 'a:2:{s:7:\"timeout\";i:1650997093;s:5:\"value\";s:57927:\"{\"new_version\":\"5.6\",\"stable_version\":\"5.6\",\"name\":\"SEOPress PRO\",\"slug\":\"seopress-pro\",\"url\":\"https:\\/\\/www.seopress.org\\/downloads\\/seopress-pro\\/?changelog=1\",\"last_updated\":\"2022-04-18 07:54:40\",\"homepage\":\"https:\\/\\/www.seopress.org\\/\",\"package\":\"https:\\/\\/www.seopress.org\\/edd-sl\\/package_download\\/MTY1MTA3OTc2Nzo5M2ZjZDRjMWVmN2UxOWVhNTk3ZTg0MzQ4YmU5OWE0NToxMTM6ZDg2NjVlMGZiODk1Zjk4OWJlZmRiMzUzZjViMjllZDQ6aHR0cHNALy9jbGFsbGFtY291bnR5Lm1hc3Rlcm1hbmFnZW1lbnRjb3JwLmNvbTow\",\"download_link\":\"https:\\/\\/www.seopress.org\\/edd-sl\\/package_download\\/MTY1MTA3OTc2Nzo5M2ZjZDRjMWVmN2UxOWVhNTk3ZTg0MzQ4YmU5OWE0NToxMTM6ZDg2NjVlMGZiODk1Zjk4OWJlZmRiMzUzZjViMjllZDQ6aHR0cHNALy9jbGFsbGFtY291bnR5Lm1hc3Rlcm1hbmFnZW1lbnRjb3JwLmNvbTow\",\"sections\":{\"description\":\"<h3>The only WordPress SEO plugin fully integrated with all page builders and themes!<\\/h3>\\n<p>SEOPress is a powerful WordPress SEO plugin to optimize your SEO, boost your traffic, improve social sharing, build custom HTML and XML Sitemaps, create optimized breadcrumbs, add schemas \\/ Google Structured data types, manage 301 redirections and so much more.<br \\/><\\/p>\\n<p>&#x2714; <strong><a href=\\\"https:\\/\\/www.seopress.org\\/features\\/page-builders-integration\\/?utm_source=w.org&amp;utm_campaign=seopress&amp;utm_medium=readme\\\">Universal SEO metabox<\\/a>: edit your SEO metadata from any page builder \\/ theme builder<\\/strong>\\n&#x2714; <strong>No advertising, no footprints, white label, in backend AND frontend<\\/strong>\\n&#x2714; <strong>Content analysis to help you write content optimized for search engines<\\/strong>\\n&#x2714; <strong>Import your post and term metadatas from other plugins in 1 click<\\/strong>\\n&#x2714; <strong>Trusted by over 230,000 WordPress websites since 2017.<\\/strong><\\/p>\\n<p><a href=\\\"https:\\/\\/www.seopress.org\\/pricing\\/?utm_source=w.org&amp;utm_campaign=seopress&amp;utm_medium=readme\\\"><strong>Buy SEOPress PRO: only $49 \\/ year \\/ unlimited sites<\\/strong><\\/a><\\/p>\\n<p>[youtube <a href=\\\"https:\\/\\/www.youtube.com\\/watch?v=FwaJA5MY6sc\\\">https:\\/\\/www.youtube.com\\/watch?v=FwaJA5MY6sc<\\/a>]<\\/p>\\n<p><a href=\\\"https:\\/\\/www.seopress.org\\/features\\/?utm_source=w.org&amp;utm_campaign=seopress&amp;utm_medium=readme\\\">Features<\\/a> | <a href=\\\"https:\\/\\/www.seopress.org\\/solutions\\/migrate-from\\/?utm_source=w.org&amp;utm_campaign=seopress&amp;utm_medium=readme\\\">Migrate<\\/a> | <a href=\\\"https:\\/\\/www.seopress.org\\/wordpress-seo-plugins\\/pro\\/?utm_source=w.org&amp;utm_campaign=seopress&amp;utm_medium=readme\\\">PRO<\\/a> | <a href=\\\"https:\\/\\/www.seopress.org\\/integrations\\/?utm_source=w.org&amp;utm_campaign=seopress&amp;utm_medium=readme\\\">Integrations<\\/a> | <a href=\\\"https:\\/\\/www.seopress.org\\/support\\/?utm_source=w.org&amp;utm_campaign=seopress&amp;utm_medium=readme\\\">Support<\\/a> | <a href=\\\"https:\\/\\/www.seopress.org\\/features\\/seopress-white-label\\/?utm_source=w.org&amp;utm_campaign=seopress&amp;utm_medium=readme\\\">White Label<\\/a><\\/p>\\n<h3>Why SEOPress is the best WordPress SEO plugin?<\\/h3>\\n<ul>\\n    <li><a href=\\\"https:\\/\\/www.seopress.org\\/seopress-productivity\\/?utm_source=w.org&amp;utm_campaign=seopress&amp;utm_medium=readme\\\"><strong>Save time<\\/strong><\\/a>: you prefer to work with Excel or Google Spreadsheets? No problem, you can import \\/ export your metadata from CSV files with SEOPress PRO in few clicks!<\\/li>\\n    <li><a href=\\\"https:\\/\\/www.seopress.org\\/pricing\\/?utm_source=w.org&amp;utm_campaign=seopress&amp;utm_medium=readme\\\"><strong>Save money<\\/strong><\\/a>: SEOPress PRO is available for just $49 \\/ year. Without any sites limit. Yes, you read that right: 1 site or 100 sites, the total price is still $49 \\/ year!<\\/li>\\n    <li><a href=\\\"https:\\/\\/www.seopress.org\\/features\\/?utm_source=w.org&amp;utm_campaign=seopress&amp;utm_medium=readme\\\"><strong>All in one SEO plugin<\\/strong><\\/a>: comes with all the features you need to optimize the SEO of your WordPress site. No need to install additional extensions to manage redirects, schemas, XML sitemaps... You reduce the risk of conflicts and maintenance costs. You don\'t need a special feature? Deactivate it with one click without losing your configuration. Child\'s play !<\\/li>\\n    <li><strong>Easy AND ready to use<\\/strong>: you doesn\'t need to know SEO or code to use SEOPress. Most of the parameters are automatically set. And thanks to our installation wizard, configuring SEOPress has never been easier. To go further, we provide many <a href=\\\"https:\\/\\/www.seopress.org\\/support\\/tutorials\\/?utm_source=w.org&amp;utm_campaign=seopress&amp;utm_medium=readme\\\">free tutorials<\\/a> and <a href=\\\"https:\\/\\/www.seopress.org\\/support\\/ebooks\\/?utm_source=w.org&amp;utm_campaign=seopress&amp;utm_medium=readme\\\">ebooks to learn SEO<\\/a> in order to better understand how to position your content on search engines.<\\/li>\\n<\\/ul>\\n<h3>SEOPress Free Features<\\/h3>\\n<ul>\\n    <li><a href=\\\"https:\\/\\/www.seopress.org\\/support\\/guides\\/google-indexing-api-with-seopress\\/?utm_source=w.org&amp;utm_campaign=seopress&amp;utm_medium=readme\\\"><strong>Google Indexing API and IndexNow API (Bing \\/ Yandex)<\\/strong><\\/a> to quickly index its content in these search engines<\\/li>\\n    <li><strong>Installation wizard<\\/strong> to quickly setup your site<\\/li>\\n    <li><strong>Content analysis<\\/strong> with unlimited keywords to help you write optimized content for search engines<\\/li>\\n    <li><strong>Mobile \\/ Desktop Google Preview<\\/strong> to see how your post will looks like in Google search results<\\/li>\\n    <li><strong>Facebook &amp; Twitter Social Preview<\\/strong> to see how your post will looks like on social media to increase conversions<\\/li>\\n    <li><strong>Titles<\\/strong> (with <a href=\\\"https:\\/\\/www.seopress.org\\/support\\/guides\\/manage-titles-meta-descriptions\\/?utm_source=w.org&amp;utm_campaign=seopress&amp;utm_medium=readme\\\">dynamic variables<\\/a>: custom fields, terms taxonomie...)<\\/li>\\n    <li><strong>Meta descriptions<\\/strong> (with dynamic variables too)<\\/li>\\n    <li><a href=\\\"https:\\/\\/www.seopress.org\\/features\\/social-media\\/?utm_source=w.org&amp;utm_campaign=seopress&amp;utm_medium=readme\\\"><strong>Open Graph and Twitter Cards<\\/strong><\\/a> to improve social media sharing (Facebook, LinkedIn, Instagram, Twitter, Pinterest, WhatsApp...)<\\/li>\\n    <li><strong>Google Knowledge Graph<\\/strong><\\/li>\\n    <li><a href=\\\"https:\\/\\/www.seopress.org\\/features\\/google-analytics\\/?utm_source=w.org&amp;utm_campaign=seopress&amp;utm_medium=readme\\\"><strong>Google Analytics<\\/strong> and <strong>Matomo<\\/strong><\\/a> with downloads tracking, custom dimensions, ip anonymization, remarketing, demographics and interest reporting, cross-domain tracking...(<a href=\\\"https:\\/\\/www.seopress.org\\/features\\/seopress-white-label\\/?utm_source=w.org&amp;utm_campaign=seopress&amp;utm_medium=readme\\\">GDPR compatibility<\\/a>)<\\/li>\\n    <li><strong>Microsoft Clarity integration<\\/strong>: to capture session recordings, get instant heatmaps and powerful Insights for Free. Know how people interact with your site to improve user experience and conversions<\\/li>\\n    <li><strong>Custom Canonical URL<\\/strong><\\/li>\\n    <li><a href=\\\"https:\\/\\/www.seopress.org\\/support\\/guides\\/manage-meta-robots\\/?utm_source=w.org&amp;utm_campaign=seopress&amp;utm_medium=readme\\\"><strong>Meta robots<\\/strong><\\/a> (noindex, nofollow, noodp, noimageindex, noarchive, nosnippet)<\\/li>\\n    <li>Build your <a href=\\\"https:\\/\\/www.seopress.org\\/features\\/sitemaps\\/?utm_source=w.org&amp;utm_campaign=seopress&amp;utm_medium=readme\\\"><strong>custom XML Sitemap<\\/strong><\\/a> to improve search indexing<\\/li>\\n    <li><strong>Image XML Sitemaps<\\/strong> to improve search indexing for Google Images<\\/li>\\n    <li>Build your custom <strong>HTML Sitemap<\\/strong> to enhanced navigation for visitors and improve search indexing<\\/li>\\n    <li>Link your social media accounts to your site<\\/li>\\n    <li><strong>Redirections<\\/strong> in post, pages, custom post types<\\/li>\\n    <li>Remove \\/category\\/ in URLs<\\/li>\\n    <li>Remove ?replytocom to avoid duplicate content<\\/li>\\n    <li>Redirect attachment pages to post parent<\\/li>\\n    <li>Redirect attachment pages to their file URL<\\/li>\\n    <li><a href=\\\"https:\\/\\/www.seopress.org\\/features\\/image-seo\\/?utm_source=w.org&amp;utm_campaign=seopress&amp;utm_medium=readme\\\"><strong>Image SEO<\\/strong><\\/a>: Automatically set the image title \\/ alt \\/ caption \\/ description<\\/li>\\n    <li>Import \\/ Export settings from site to site.<\\/li>\\n    <li><a href=\\\"https:\\/\\/www.seopress.org\\/solutions\\/migrate-from\\/?utm_source=w.org&amp;utm_campaign=seopress&amp;utm_medium=readme\\\">Import posts and terms metadata<\\/a> from Yoast SEO, All In One SEO, SEO Framework, Rank Math, SEO Ultimate, WP Meta SEO, Premium SEO Pack, Squirrly and many other SEO plugins<\\/li>\\n    <li>...<\\/li>\\n<\\/ul>\\n<p><a href=\\\"https:\\/\\/www.seopress.org\\/wordpress-seo-plugins\\/free\\/features\\/?utm_source=w.org&amp;utm_campaign=seopress&amp;utm_medium=readme\\\">Check out all SEOPress Free features here<\\/a><\\/p>\\n<h3>SEOPress PRO: to go further with your SEO<\\/h3>\\n<ul>\\n    <li><a href=\\\"https:\\/\\/www.seopress.org\\/support\\/guides\\/import-metadata-from-a-csv-file-with-seopress-pro\\/?utm_source=w.org&amp;utm_campaign=seopress&amp;utm_medium=readme\\\"><strong>Import \\/ export metadata<\\/strong><\\/a> (titles, open graph, robots...) from \\/ to CSV file<\\/li>\\n    <li><a href=\\\"https:\\/\\/www.seopress.org\\/features\\/sitemaps\\/?utm_source=w.org&amp;utm_campaign=seopress&amp;utm_medium=readme\\\"><strong>Video XML Sitemap<\\/strong><\\/a> to improve rankings in video search results<\\/li>\\n    <li>Internal linking suggestions<\\/li>\\n    <li><strong>Google Suggestions in Content Analysis<\\/strong> to find the top 10 Google suggestions instantly. This is useful if you want to work with the long tail technique.<\\/li>\\n    <li><a href=\\\"https:\\/\\/www.seopress.org\\/features\\/google-structured-data-types\\/?utm_source=w.org&amp;utm_campaign=seopress&amp;utm_medium=readme\\\"><strong>Google Structured Data types<\\/strong> (schema.org)<\\/a>:\\n        <ol>\\n            <li>article schema<\\/li>\\n            <li>local business schema<\\/li>\\n            <li>service schema<\\/li>\\n            <li>how-to schema<\\/li>\\n            <li>FAQ schema<\\/li>\\n            <li>course schema<\\/li>\\n            <li>recipe schema<\\/li>\\n            <li>software application schema<\\/li>\\n            <li>video schema<\\/li>\\n            <li>event schema<\\/li>\\n            <li>product schema<\\/li>\\n            <li>job schema<\\/li>\\n            <li>simple review schema<\\/li>\\n            <li>site navigation element schema<\\/li>\\n            <li>custom schema<\\/li>\\n        <\\/ol>\\n    <\\/li><li><strong>Automatic Schemas<\\/strong> with advanced conditions (AND, OR, Post types, taxonomies)<\\/li>\\n    <li><a href=\\\"https:\\/\\/www.seopress.org\\/features\\/breadcrumbs\\/?utm_source=w.org&amp;utm_campaign=seopress&amp;utm_medium=readme\\\"><strong>Breadcrumbs<\\/strong><\\/a> optimized with Schema.org, A11Y ready. Elementor users? <a href=\\\"https:\\/\\/www.youtube.com\\/watch?v=ID4xm1UVikc\\\">Try our custom breadcrumbs widget!<\\/a><\\/li>\\n    <li><a href=\\\"https:\\/\\/www.seopress.org\\/features\\/google-analytics\\/?utm_source=w.org&amp;utm_campaign=seopress&amp;utm_medium=readme\\\"><strong>Google Analytics Stats in Dashboard<\\/strong><\\/a> to quickly see your metrics without leaving your site<\\/li>\\n    <li><a href=\\\"https:\\/\\/www.seopress.org\\/features\\/local-seo\\/?utm_source=w.org&amp;utm_campaign=seopress&amp;utm_medium=readme\\\"><strong>Google Local Business<\\/strong><\\/a> to boost your local store<\\/li>\\n    <li><strong>Broken link checker (SEOPress BOT)<\\/strong>: scan all your links in content to find errors (eg: 404...)<\\/li>\\n    <li><a href=\\\"https:\\/\\/www.seopress.org\\/features\\/woocommerce-seo\\/?utm_source=w.org&amp;utm_campaign=seopress&amp;utm_medium=readme\\\"><strong>WooCommerce<\\/strong><\\/a>: Product Global Identifiers type and Product Global Identifiers fields to WooCommerce metabox for product schema (barcode), disable crawling on cart page, checkout page, customer account pages, add OG Price \\/ OG Currency for better sharing and more<\\/li>\\n    <li><strong>Easy Digital Downloads<\\/strong>: add OG Price \\/ OG Currency, remove EDD meta generator<\\/li>\\n    <li><strong>Dublin Core<\\/strong> meta tags<\\/li>\\n    <li><strong>Custom Breadcrumbs<\\/strong> for single post types \\/ term taxonomy<\\/li>\\n    <li><strong>Google Page Speed Insights<\\/strong> to analyse your site performances on Mobile \\/ Desktop + your Core Web Vitals<\\/li>\\n    <li><a href=\\\"https:\\/\\/www.seopress.org\\/features\\/google-analytics\\/?utm_source=w.org&amp;utm_campaign=seopress&amp;utm_medium=readme\\\"><strong>Google Enhanced Ecommerce for WooCommerce<\\/strong><\\/a>: measure purchases, additions to and removals from shopping carts<\\/li>\\n    <li><a href=\\\"https:\\/\\/www.seopress.org\\/features\\/htaccess-robots-txt\\/?utm_source=w.org&amp;utm_campaign=seopress&amp;utm_medium=readme\\\">Edit your <strong>robots.txt<\\/strong><\\/a> file from the admin (multisite \\/ multidomain ready)<\\/li>\\n    <li><strong>Google News Sitemap<\\/strong> to get your posts on Google News<\\/li>\\n    <li><strong>404 Monitoring<\\/strong>: Monitor your 404 errors to improve user experience, performances and increase the crawl budget allocated by Google<\\/li>\\n    <li><strong>Redirect 404 to homepage\\/custom url automatically<\\/strong> with custom status code (301, 302, 307, 410 or 451)<\\/li>\\n    <li>Email notifications on 404<\\/li>\\n    <li><a href=\\\"https:\\/\\/www.seopress.org\\/features\\/301-redirects\\/?utm_source=w.org&amp;utm_campaign=seopress&amp;utm_medium=readme\\\"><strong>Redirect manager<\\/strong><\\/a>: create unlimited 301, 302, 307, 410 and 451 redirections. Regular expressions supported. Import \\/ export redirections to CSV or htaccess file.<\\/li>\\n    <li>Import redirections using CSV<\\/li>\\n    <li>Import redirections from Redirections plugin (via a JSON file)<\\/li>\\n    <li><a href=\\\"https:\\/\\/www.seopress.org\\/features\\/htaccess-robots-txt\\/?utm_source=w.org&amp;utm_campaign=seopress&amp;utm_medium=readme\\\">Edit your <strong>htaccess file<\\/strong><\\/a> from the admin<\\/li>\\n    <li>Easily customize your <strong>RSS feeds<\\/strong><\\/li>\\n    <li>...<\\/li>\\n<\\/ul>\\n<p><a href=\\\"https:\\/\\/www.seopress.org\\/pricing\\/?utm_source=w.org&amp;utm_campaign=seopress&amp;utm_medium=readme\\\"><strong>Buy SEOPress PRO now!<\\/strong><\\/a><\\/p>\\n<h3>WooCommerce SEO (SEOPress PRO required)<\\/h3>\\n<p>We support WooCommerce and Easy Digital Downloads for e-commerce sites.<\\/p>\\n<ul>\\n    <li>Price and currency meta tags to improve social sharing<\\/li>\\n    <li>XML sitemaps for products<\\/li>\\n    <li>Support for WooCommerce product images and WooCommerce image galleries for the XML sitemap<\\/li>\\n    <li>Centralized way to set noindex meta robots tags on pages like cart, checkout...<\\/li>\\n    <li>Remove WooCommerce generator meta tag in the source code<\\/li>\\n    <li>Create manual and\\/or automatic \\\"product\\\" schemas in JSON-LD to increase visibility in Google search results<\\/li>\\n    <li>WooCommerce support for our breadcrumbs<\\/li>\\n    <li>Global dynamic tags to insert in your metas titles \\/ descriptions<\\/li>\\n    <li>Product Global Identifiers type and Product Global Identifiers fields to WooCommerce metabox for product schema (barcode)<\\/li>\\n    <li>...<\\/li>\\n<\\/ul>\\n<p><a href=\\\"https:\\/\\/www.seopress.org\\/pricing\\/?utm_source=w.org&amp;utm_campaign=seopress&amp;utm_medium=readme\\\"><strong>Increase your sales now!<\\/strong><\\/a><\\/p>\\n<h3><a href=\\\"https:\\/\\/www.seopress.org\\/blog\\/seopress-5-0\\/\\\">Universal SEO metabox<\\/a>: edit your metadata from any page builder \\/ editor<\\/h3>\\n<p>[youtube <a href=\\\"https:\\/\\/youtu.be\\/sf0ocG7vQMM\\\">https:\\/\\/youtu.be\\/sf0ocG7vQMM<\\/a>]<\\/p>\\n<h3>Elementor + SEOPress: perfect combo!<\\/h3>\\n<p>We provide deep integration with Elementor page builder. Directly from Elementor settings, you can:<\\/p>\\n<ul>\\n    <li>edit your SEO metadata (title, meta description, meta robots)<\\/li>\\n    <li>edit social meta (Facebook Open Graph and Twitter Cards<\\/li>\\n    <li>analyse your content to optimize it for search engines<\\/li>\\n    <li>apply FAQ schema on Toggle and \\/ or Accordion Elementor widgets<\\/li>\\n    <li>and more!<\\/li>\\n<\\/ul>\\n<p>[youtube <a href=\\\"https:\\/\\/www.youtube.com\\/watch?v=amfozNvYzPU\\\">https:\\/\\/www.youtube.com\\/watch?v=amfozNvYzPU<\\/a>]<\\/p>\\n<h3>SEOPress Insights: Off-site SEO plugin to track your rankings and backlinks in WordPress<\\/h3>\\n<ul>\\n    <li><strong>Keyword rank tracker<\\/strong>: 37 Google Search locations available<\\/li>\\n    <li>Track <strong>50 keywords<\\/strong> per site daily<\\/li>\\n    <li>Track your <strong>competitors<\\/strong>: who ranks first on your keywords<\\/li>\\n    <li>Monitor and analyze your <strong>backlinks<\\/strong> weekly<\\/li>\\n    <li><strong>Google trends<\\/strong> to find new and relevant ideas for your content marketing strategy<\\/li>\\n    <li>Your <strong>data accessible for life<\\/strong>: export it to a CSV, PDF or Excel file. Sort, order, filter your data right from your WordPress.<\\/li>\\n    <li>Receive <strong>email alerts<\\/strong> for your rankings to easily follow them<\\/li>\\n    <li><strong>Slack alerts<\\/strong> incoming soon!<\\/li>\\n<\\/ul>\\n<p>[youtube <a href=\\\"https:\\/\\/youtu.be\\/n-a2U4_anWA\\\">https:\\/\\/youtu.be\\/n-a2U4_anWA<\\/a>]<\\/p>\\n<p><a href=\\\"https:\\/\\/www.seopress.org\\/pricing\\/?utm_source=w.org&amp;utm_campaign=seopress&amp;utm_medium=readme\\\"><strong>Buy SEOPress Insights now!<\\/strong><\\/a><\\/p>\\n<h3>Developers will love SEOPress!<\\/h3>\\n<p>Hundreds of hooks are available to extend SEOPress. <a href=\\\"https:\\/\\/www.seopress.org\\/support\\/hooks\\/?utm_source=w.org&amp;utm_campaign=seopress&amp;utm_medium=readme\\\">Browse them all here<\\/a>!<\\/p>\\n<p>Plus we have a <a href=\\\"https:\\/\\/www.seopress.org\\/support\\/guides\\/get-started-with-the-seopress-rest-api\\/?utm_source=w.org&amp;utm_campaign=seopress&amp;utm_medium=readme\\\">REST API<\\/a> to build static websites.<\\/p>\\n<h3>Translations<\\/h3>\\n<p>SEOPress is translated into multiple languages including:<\\/p>\\n<ul>\\n    <li>&#x1f1fa;&#x1f1f8; English (UK) (English (UK)) - professional translation<\\/li>\\n    <li>&#x1f1eb;&#x1f1f7; Fran\\u00e7ais (French (France)) - professional translation<\\/li>\\n    <li>&#x1f1ea;&#x1f1f8; Espa\\u00f1ol (Spanish (Spain)) - professional translation<\\/li>\\n    <li>&#x1f1e9;&#x1f1ea; Deutsch (German) - professional translation<\\/li>\\n    <li>&#x1f1f3;&#x1f1f1; Nederlands (Dutch) - professional translation<\\/li>\\n    <li>&#x1f1f7;&#x1f1fa; \\u0420\\u0443\\u0441\\u0441\\u043a\\u0438\\u0439 (Russian) - professional translation<\\/li>\\n    <li>&#x1f1ef;&#x1f1f5; \\u65e5\\u672c\\u8a9e (Japanese) - professional translation<\\/li>\\n    <li>&#x1f1ee;&#x1f1f9; Italiano (Italian) - professional translation<\\/li>\\n    <li>&#x1f1ee;&#x1f1f3; \\u0939\\u093f\\u0928\\u094d\\u0926\\u0940 (Hindi) - professional translation<\\/li>\\n    <li>&#x1f1e8;&#x1f1f3; \\u4e2d\\u6587 (Chinese (China)) - professional translation<\\/li>\\n    <li>&#x1f1e7;&#x1f1f7; Portugu\\u00eas do Brasil (Portuguese (Brazil)) - professional translation<\\/li>\\n    <li>&#x1f1f5;&#x1f1f1; Polskie (Polish) - professional translation<\\/li>\\n    <li>&#x1f1ec;&#x1f1f7; \\u0395\\u03bb\\u03bb\\u03b7\\u03bd\\u03b9\\u03ba\\u03ac (Greek)<\\/li>\\n    <li>&#x1f1e7;&#x1f1ec; \\u0411\\u044a\\u043b\\u0433\\u0430\\u0440\\u0441\\u043a\\u0438 (Bulgarian)<\\/li>\\n    <li>&#x1f1ee;&#x1f1e9; Bahasa Indonesia (Indonesian)<\\/li>\\n    <li>&#x1f1fb;&#x1f1f3; Loki Web (Vietnamese)<\\/li>\\n    <li>&#x1f1f7;&#x1f1f4; Rom\\u00e2n\\u0103 (Romanian)<\\/li>\\n    <li>&#x1f1f8;&#x1f1e6; \\u0627\\u0644\\u0639\\u0631\\u0628\\u064a\\u0629 (Arabic)<\\/li>\\n    <li>&#x1f1ee;&#x1f1f7; \\u0641\\u0627\\u0631\\u0633\\u06cc (Persian)<\\/li>\\n    <li>&#x1f1f9;&#x1f1f7; T\\u00fcrk\\u00e7e (Turkish)<\\/li>\\n    <li>...<\\/li>\\n<\\/ul>\\n<p>Help localize SEOPress even further by adding your locale \\u2013 visit <a href=\\\"https:\\/\\/translate.wordpress.org\\/projects\\/wp-plugins\\/wp-seopress\\/\\\">translate.wordpress.org<\\/a>.<\\/p>\\n<h3>SEOPress integrates seamlessly with popular e-commerce, translation, performance and analytics tools.<\\/h3>\\n<ul>\\n    <li>Classic Editor<\\/li>\\n    <li>Block Editor<\\/li>\\n    <li>WPML<\\/li>\\n    <li>Polylang<\\/li>\\n    <li>MultilingualPress<\\/li>\\n    <li>Weglot<\\/li>\\n    <li>TranslatePress<\\/li>\\n    <li>Elementor<\\/li>\\n    <li>Divi<\\/li>\\n    <li>Oxygen Builder<\\/li>\\n    <li>Beaver Builder<\\/li>\\n    <li>WP-Rocket<\\/li>\\n    <li>WooCommerce<\\/li>\\n    <li>Easy Digital Downloads<\\/li>\\n    <li>Admin Columns PRO<\\/li>\\n    <li>...<\\/li>\\n<\\/ul>\\n<p><a href=\\\"https:\\/\\/www.seopress.org\\/integrations\\/?utm_source=w.org&amp;utm_campaign=seopress&amp;utm_medium=readme\\\">All our integrations<\\/a><\\/p>\\n<h3><a href=\\\"https:\\/\\/www.seopress.org\\/solutions\\/migrate-from\\/?utm_source=w.org&amp;utm_campaign=seopress&amp;utm_medium=readme\\\">Import your post and term metadata from other SEO plugins in 1-click<\\/a><\\/h3>\\n<ul>\\n    <li><a href=\\\"https:\\/\\/www.seopress.org\\/support\\/guides\\/import-post-terms-metadatas-yoast-seo-seopress\\/?utm_source=w.org&amp;utm_campaign=seopress&amp;utm_medium=readme\\\">Yoast SEO<\\/a><\\/li>\\n    <li><a href=\\\"https:\\/\\/www.seopress.org\\/support\\/guides\\/import-post-and-terms-metadatas-from-all-in-one-seo-to-seopress\\/?utm_source=w.org&amp;utm_campaign=seopress&amp;utm_medium=readme\\\">All In One SEO<\\/a><\\/li>\\n    <li><a href=\\\"https:\\/\\/www.seopress.org\\/support\\/guides\\/import-post-and-terms-metadatas-from-the-seo-framework-to-seopress\\/?utm_source=w.org&amp;utm_campaign=seopress&amp;utm_medium=readme\\\">SEO Framework<\\/a><\\/li>\\n    <li><a href=\\\"https:\\/\\/www.seopress.org\\/support\\/guides\\/import-post-terms-metadatas-rank-math-seo-seopress\\/?utm_source=w.org&amp;utm_campaign=seopress&amp;utm_medium=readme\\\">Rank Math<\\/a><\\/li>\\n    <li><a href=\\\"https:\\/\\/www.seopress.org\\/support\\/guides\\/import-post-metadata-from-seo-ultimate-to-seopress\\/?utm_source=w.org&amp;utm_campaign=seopress&amp;utm_medium=readme\\\">SEO Ultimate<\\/a><\\/li>\\n    <li><a href=\\\"https:\\/\\/www.seopress.org\\/support\\/guides\\/import-post-and-terms-metadata-from-wp-meta-seo-to-seopress\\/?utm_source=w.org&amp;utm_campaign=seopress&amp;utm_medium=readme\\\">WP Meta SEO<\\/a><\\/li>\\n    <li><a href=\\\"https:\\/\\/www.seopress.org\\/support\\/guides\\/import-post-and-terms-metadata-from-premium-seo-pack-to-seopress\\/?utm_source=w.org&amp;utm_campaign=seopress&amp;utm_medium=readme\\\">Premium SEO Pack<\\/a><\\/li>\\n    <li><a href=\\\"https:\\/\\/www.seopress.org\\/support\\/guides\\/import-post-metadatas-from-squirrly-to-seopress\\/?utm_source=w.org&amp;utm_campaign=seopress&amp;utm_medium=readme\\\">Squirrly<\\/a><\\/li>\\n    <li><a href=\\\"https:\\/\\/www.seopress.org\\/support\\/guides\\/import-post-and-terms-metadata-from-wpseo-to-seopress\\/?utm_source=w.org&amp;utm_campaign=seopress&amp;utm_medium=readme\\\">wpSEO<\\/a><\\/li>\\n    <li><a href=\\\"https:\\/\\/www.seopress.org\\/support\\/guides\\/import-post-and-terms-metadata-from-platinum-seo-pack-to-seopress\\/?utm_source=w.org&amp;utm_campaign=seopress&amp;utm_medium=readme\\\">Platinum SEO Pack<\\/a><\\/li>\\n    <li><a href=\\\"https:\\/\\/www.seopress.org\\/support\\/guides\\/import-post-and-terms-metadata-from-smartcrawl-to-seopress\\/?utm_source=w.org&amp;utm_campaign=seopress&amp;utm_medium=readme\\\">SmartCrawl<\\/a><\\/li>\\n    <li><a href=\\\"https:\\/\\/www.seopress.org\\/support\\/guides\\/import-post-metadata-from-seopressor-to-seopress\\/?utm_source=w.org&amp;utm_campaign=seopress&amp;utm_medium=readme\\\">SEOPressor<\\/a><\\/li>\\n<\\/ul>\\n<h3>Help and support<\\/h3>\\n<ul>\\n    <li><a href=\\\"https:\\/\\/www.seopress.org\\/support\\/?utm_source=w.org&amp;utm_campaign=seopress&amp;utm_medium=readme\\\">Documentation center<\\/a><\\/li>\\n    <li><a href=\\\"https:\\/\\/www.facebook.com\\/groups\\/seopress\\/\\\">Join our SEOPress official community group<\\/a><\\/li>\\n    <li><a href=\\\"https:\\/\\/www.seopress.org\\/support\\/ebooks\\/\\\">Learn SEO with our Free ebooks<\\/a><\\/li>\\n    <li><a href=\\\"https:\\/\\/www.youtube.com\\/seopress\\\">Our SEOPress YouTube Channel<\\/a><\\/li>\\n    <li><a href=\\\"https:\\/\\/www.seopress.org\\/account\\/your-tickets\\/?utm_source=w.org&amp;utm_campaign=seopress&amp;utm_medium=readme\\\">Email (PRO only)<\\/a><\\/li>\\n<\\/ul>\\n<h3><a href=\\\"https:\\/\\/www.seopress.org\\/about\\/brand-assets\\/?utm_source=w.org&amp;utm_campaign=seopress&amp;utm_medium=readme\\\">Branding guidelines<\\/a><\\/h3>\\n<p>SEOPress is a registered trademark of SEOPress SASU. When writing about SEOPress plugin, please make sure to write it correctly.<\\/p>\\n<p>SEOPress (correct)\\nSeopress (incorrect)\\nseo press (incorrect)\\nSEOpress (incorrect)<\\/p>\\n<h3>SEOPress featured on<\\/h3>\\n<ul>\\n    <li>WP Beginner<\\/li>\\n    <li>Microsoft<\\/li>\\n    <li>Neil Patel<\\/li>\\n    <li>HubSpot<\\/li>\\n    <li>GoDaddy<\\/li>\\n    <li>Forbes<\\/li>\\n    <li>Search Engine Journal<\\/li>\\n    <li>Elementor<\\/li>\\n    <li>WP Crafter<\\/li>\\n    <li>Kinsta<\\/li>\\n    <li>Pagely<\\/li>\\n    <li>Freemius<\\/li>\\n    <li>Majestic<\\/li>\\n    <li>WP Explorer<\\/li>\\n    <li>MasterWP<\\/li>\\n    <li>...<\\/li>\\n<\\/ul>\\n<p><a href=\\\"https:\\/\\/www.seopress.org\\/press\\/?utm_source=w.org&amp;utm_campaign=seopress&amp;utm_medium=readme\\\">Complete list on our Press page<\\/a><\\/p>\\n<h3>Our website:<\\/h3>\\n<p>Any questions? Visit our website <a href=\\\"https:\\/\\/www.seopress.org?utm_source=w.org&amp;utm_campaign=seopress&amp;utm_medium=readme\\\">seopress.org<\\/a><\\/p>\",\"changelog\":\"<h4> 5.6 <a href=\\\"https:\\/\\/www.seopress.org\\/newsroom\\/product-news\\/seopress-5-6\\/\\\">Read the blog post update<\\/a> <\\/h4>\\n<ul>\\n<li>NEW Local Business block to display business information with the Block Editor (PRO)<\\/li>\\n<li>NEW Microsoft Clarity integration: capture session recordings, get instant heatmaps and powerful Insights for Free<\\/li>\\n<li>NEW Edit Google Analytics stats in Dashboard widget permissions from SEO, Advanced, Security tab<\\/li>\\n<li>NEW Define license key in wp-config.php (PRO - <a href=\\\"https:\\/\\/www.seopress.org\\/support\\/guides\\/activate-seopress-pro-license\\/#add-my-license-key-to-wp-config-php\\\">https:\\/\\/www.seopress.org\\/support\\/guides\\/activate-seopress-pro-license\\/#add-my-license-key-to-wp-config-php<\\/a>)<\\/li>\\n<li>NEW directApply property for Job schema (automatic and manual)<\\/li>\\n<li>NEW \'seopress_pro_breadcrumbs_html_markup\' hook to filter schema markup for HTML breadcrumbs (<a href=\\\"https:\\/\\/www.seopress.org\\/support\\/hooks\\/remove-schema-markup-from-html-breadcrumbs\\/\\\">https:\\/\\/www.seopress.org\\/support\\/hooks\\/remove-schema-markup-from-html-breadcrumbs\\/<\\/a>)<\\/li>\\n<li>NEW \'seopress_clarity_tracking_js\' hook to filter Microsoft Clarity tracking code (<a href=\\\"https:\\/\\/www.seopress.org\\/support\\/hooks\\/filter-microsoft-clarity-tracking-code\\/\\\">https:\\/\\/www.seopress.org\\/support\\/hooks\\/filter-microsoft-clarity-tracking-code\\/<\\/a>)<\\/li>\\n<li>INFO Support login status field for CSV metadata import tool<\\/li>\\n<li>INFO Several UI \\/ UX enhancements for CSV metadata import tool and migration tools from other SEO plugins<\\/li>\\n<li>INFO Improve UX\\/UI for automatic schemas<\\/li>\\n<li>INFO Remove regex option from SEO metabox when editing term taxonomy because it doesn\'t make sense<\\/li>\\n<li>INFO Replace header() by wp_redirect (props @ajoah)<\\/li>\\n<li>INFO Remove add_theme_support( \'title-tag\' ); notification is Full Site Editing (FSE) is enabled<\\/li>\\n<li>INFO Improve A11Y for FAQ block (aria controls and aria labelledby)<\\/li>\\n<li>INFO Quick access links to Google APIs from the UI<\\/li>\\n<li>INFO Improve breadcrumbs markup for search engines<\\/li>\\n<li>INFO Performance improvement for Google Analytics Dashboard widget<\\/li>\\n<li>FIX Login status to Redirections tab when editing term taxonomy<\\/li>\\n<li>FIX Twitter Preview for SEO metabox on term taxonomy<\\/li>\\n<li>FIX Redirect XML sitemaps if Sitemaps feature is disabled<\\/li>\\n<li>FIX SiteNavigationElement JSON schema<\\/li>\\n<li>FIX UI for toggle features<\\/li>\\n<li>FIX Fatal error get_price() for LinkedIn (oembed JSON)<\\/li>\\n<li>FIX Disable shortcodes when running broken link checker if &quot;post_content&quot; option set<\\/li>\\n<li>FIX Internal links analysis with Oxygen Builder<\\/li>\\n<li>FIX 403 forbidden key for Bing IndexNow API<\\/li>\\n<li>FIX Elementor deprecations for our Breadcrumbs widget and SEO integration<\\/li>\\n<li>FIX Undefined index \'description\' in SEO Dashboard<\\/li>\\n<li>FIX Quick edit dynamic variables from post types list<\\/li>\\n<li>FIX Month name translation in date archive when using %%archive_date_month_name%%<\\/li>\\n<li>FIX Undefined variable: id in RobotSettings (props to @mvdhoek1)<\\/li>\\n<\\/ul>\\n<p><a href=\\\"https:\\/\\/www.seopress.org\\/changelog\\/\\\">View our complete changelog<\\/a><\\/p>\",\"installation\":\"<ol>\\n<li>Upload \'wp-seopress\' to the \'\\/wp-content\\/plugins\\/\' directory<\\/li>\\n<li>Activate the plugin through the \'Plugins\' menu in WordPress<\\/li>\\n<li>Click on SEOPress and apply settings.<\\/li>\\n<\\/ol>\"},\"banners\":{\"high\":\"https:\\/\\/ps.w.org\\/wp-seopress\\/assets\\/banner-1544x500.png\",\"low\":\"https:\\/\\/ps.w.org\\/wp-seopress\\/assets\\/banner-772x250.png\"},\"icons\":{\"1x\":\"https:\\/\\/www.seopress.org\\/wp-content\\/uploads\\/edd\\/2021\\/10\\/logo-seopress-pro-128x128.png\",\"2x\":\"https:\\/\\/www.seopress.org\\/wp-content\\/uploads\\/edd\\/2021\\/10\\/logo-seopress-pro-256x256.png\"},\"tested\":\"5.9\",\"compatibility\":\"a:1:{s:5:\\\"5.2.2\\\";a:1:{s:6:\\\"1.5.22\\\";a:3:{i:0;s:4:\\\"100%\\\";i:1;s:1:\\\"5\\\";i:2;s:1:\\\"5\\\";}}}\",\"stable_tag\":\"5.6\",\"description\":[\"<h3>The only WordPress SEO plugin fully integrated with all page builders and themes!<\\/h3>\\n<p>SEOPress is a powerful WordPress SEO plugin to optimize your SEO, boost your traffic, improve social sharing, build custom HTML and XML Sitemaps, create optimized breadcrumbs, add schemas \\/ Google Structured data types, manage 301 redirections and so much more.<br \\/><\\/p>\\n<p>&#x2714; <strong><a href=\\\"https:\\/\\/www.seopress.org\\/features\\/page-builders-integration\\/?utm_source=w.org&amp;utm_campaign=seopress&amp;utm_medium=readme\\\">Universal SEO metabox<\\/a>: edit your SEO metadata from any page builder \\/ theme builder<\\/strong>\\n&#x2714; <strong>No advertising, no footprints, white label, in backend AND frontend<\\/strong>\\n&#x2714; <strong>Content analysis to help you write content optimized for search engines<\\/strong>\\n&#x2714; <strong>Import your post and term metadatas from other plugins in 1 click<\\/strong>\\n&#x2714; <strong>Trusted by over 230,000 WordPress websites since 2017.<\\/strong><\\/p>\\n<p><a href=\\\"https:\\/\\/www.seopress.org\\/pricing\\/?utm_source=w.org&amp;utm_campaign=seopress&amp;utm_medium=readme\\\"><strong>Buy SEOPress PRO: only $49 \\/ year \\/ unlimited sites<\\/strong><\\/a><\\/p>\\n<p>[youtube <a href=\\\"https:\\/\\/www.youtube.com\\/watch?v=FwaJA5MY6sc\\\">https:\\/\\/www.youtube.com\\/watch?v=FwaJA5MY6sc<\\/a>]<\\/p>\\n<p><a href=\\\"https:\\/\\/www.seopress.org\\/features\\/?utm_source=w.org&amp;utm_campaign=seopress&amp;utm_medium=readme\\\">Features<\\/a> | <a href=\\\"https:\\/\\/www.seopress.org\\/solutions\\/migrate-from\\/?utm_source=w.org&amp;utm_campaign=seopress&amp;utm_medium=readme\\\">Migrate<\\/a> | <a href=\\\"https:\\/\\/www.seopress.org\\/wordpress-seo-plugins\\/pro\\/?utm_source=w.org&amp;utm_campaign=seopress&amp;utm_medium=readme\\\">PRO<\\/a> | <a href=\\\"https:\\/\\/www.seopress.org\\/integrations\\/?utm_source=w.org&amp;utm_campaign=seopress&amp;utm_medium=readme\\\">Integrations<\\/a> | <a href=\\\"https:\\/\\/www.seopress.org\\/support\\/?utm_source=w.org&amp;utm_campaign=seopress&amp;utm_medium=readme\\\">Support<\\/a> | <a href=\\\"https:\\/\\/www.seopress.org\\/features\\/seopress-white-label\\/?utm_source=w.org&amp;utm_campaign=seopress&amp;utm_medium=readme\\\">White Label<\\/a><\\/p>\\n<h3>Why SEOPress is the best WordPress SEO plugin?<\\/h3>\\n<ul>\\n    <li><a href=\\\"https:\\/\\/www.seopress.org\\/seopress-productivity\\/?utm_source=w.org&amp;utm_campaign=seopress&amp;utm_medium=readme\\\"><strong>Save time<\\/strong><\\/a>: you prefer to work with Excel or Google Spreadsheets? No problem, you can import \\/ export your metadata from CSV files with SEOPress PRO in few clicks!<\\/li>\\n    <li><a href=\\\"https:\\/\\/www.seopress.org\\/pricing\\/?utm_source=w.org&amp;utm_campaign=seopress&amp;utm_medium=readme\\\"><strong>Save money<\\/strong><\\/a>: SEOPress PRO is available for just $49 \\/ year. Without any sites limit. Yes, you read that right: 1 site or 100 sites, the total price is still $49 \\/ year!<\\/li>\\n    <li><a href=\\\"https:\\/\\/www.seopress.org\\/features\\/?utm_source=w.org&amp;utm_campaign=seopress&amp;utm_medium=readme\\\"><strong>All in one SEO plugin<\\/strong><\\/a>: comes with all the features you need to optimize the SEO of your WordPress site. No need to install additional extensions to manage redirects, schemas, XML sitemaps... You reduce the risk of conflicts and maintenance costs. You don\'t need a special feature? Deactivate it with one click without losing your configuration. Child\'s play !<\\/li>\\n    <li><strong>Easy AND ready to use<\\/strong>: you doesn\'t need to know SEO or code to use SEOPress. Most of the parameters are automatically set. And thanks to our installation wizard, configuring SEOPress has never been easier. To go further, we provide many <a href=\\\"https:\\/\\/www.seopress.org\\/support\\/tutorials\\/?utm_source=w.org&amp;utm_campaign=seopress&amp;utm_medium=readme\\\">free tutorials<\\/a> and <a href=\\\"https:\\/\\/www.seopress.org\\/support\\/ebooks\\/?utm_source=w.org&amp;utm_campaign=seopress&amp;utm_medium=readme\\\">ebooks to learn SEO<\\/a> in order to better understand how to position your content on search engines.<\\/li>\\n<\\/ul>\\n<h3>SEOPress Free Features<\\/h3>\\n<ul>\\n    <li><a href=\\\"https:\\/\\/www.seopress.org\\/support\\/guides\\/google-indexing-api-with-seopress\\/?utm_source=w.org&amp;utm_campaign=seopress&amp;utm_medium=readme\\\"><strong>Google Indexing API and IndexNow API (Bing \\/ Yandex)<\\/strong><\\/a> to quickly index its content in these search engines<\\/li>\\n    <li><strong>Installation wizard<\\/strong> to quickly setup your site<\\/li>\\n    <li><strong>Content analysis<\\/strong> with unlimited keywords to help you write optimized content for search engines<\\/li>\\n    <li><strong>Mobile \\/ Desktop Google Preview<\\/strong> to see how your post will looks like in Google search results<\\/li>\\n    <li><strong>Facebook &amp; Twitter Social Preview<\\/strong> to see how your post will looks like on social media to increase conversions<\\/li>\\n    <li><strong>Titles<\\/strong> (with <a href=\\\"https:\\/\\/www.seopress.org\\/support\\/guides\\/manage-titles-meta-descriptions\\/?utm_source=w.org&amp;utm_campaign=seopress&amp;utm_medium=readme\\\">dynamic variables<\\/a>: custom fields, terms taxonomie...)<\\/li>\\n    <li><strong>Meta descriptions<\\/strong> (with dynamic variables too)<\\/li>\\n    <li><a href=\\\"https:\\/\\/www.seopress.org\\/features\\/social-media\\/?utm_source=w.org&amp;utm_campaign=seopress&amp;utm_medium=readme\\\"><strong>Open Graph and Twitter Cards<\\/strong><\\/a> to improve social media sharing (Facebook, LinkedIn, Instagram, Twitter, Pinterest, WhatsApp...)<\\/li>\\n    <li><strong>Google Knowledge Graph<\\/strong><\\/li>\\n    <li><a href=\\\"https:\\/\\/www.seopress.org\\/features\\/google-analytics\\/?utm_source=w.org&amp;utm_campaign=seopress&amp;utm_medium=readme\\\"><strong>Google Analytics<\\/strong> and <strong>Matomo<\\/strong><\\/a> with downloads tracking, custom dimensions, ip anonymization, remarketing, demographics and interest reporting, cross-domain tracking...(<a href=\\\"https:\\/\\/www.seopress.org\\/features\\/seopress-white-label\\/?utm_source=w.org&amp;utm_campaign=seopress&amp;utm_medium=readme\\\">GDPR compatibility<\\/a>)<\\/li>\\n    <li><strong>Microsoft Clarity integration<\\/strong>: to capture session recordings, get instant heatmaps and powerful Insights for Free. Know how people interact with your site to improve user experience and conversions<\\/li>\\n    <li><strong>Custom Canonical URL<\\/strong><\\/li>\\n    <li><a href=\\\"https:\\/\\/www.seopress.org\\/support\\/guides\\/manage-meta-robots\\/?utm_source=w.org&amp;utm_campaign=seopress&amp;utm_medium=readme\\\"><strong>Meta robots<\\/strong><\\/a> (noindex, nofollow, noodp, noimageindex, noarchive, nosnippet)<\\/li>\\n    <li>Build your <a href=\\\"https:\\/\\/www.seopress.org\\/features\\/sitemaps\\/?utm_source=w.org&amp;utm_campaign=seopress&amp;utm_medium=readme\\\"><strong>custom XML Sitemap<\\/strong><\\/a> to improve search indexing<\\/li>\\n    <li><strong>Image XML Sitemaps<\\/strong> to improve search indexing for Google Images<\\/li>\\n    <li>Build your custom <strong>HTML Sitemap<\\/strong> to enhanced navigation for visitors and improve search indexing<\\/li>\\n    <li>Link your social media accounts to your site<\\/li>\\n    <li><strong>Redirections<\\/strong> in post, pages, custom post types<\\/li>\\n    <li>Remove \\/category\\/ in URLs<\\/li>\\n    <li>Remove ?replytocom to avoid duplicate content<\\/li>\\n    <li>Redirect attachment pages to post parent<\\/li>\\n    <li>Redirect attachment pages to their file URL<\\/li>\\n    <li><a href=\\\"https:\\/\\/www.seopress.org\\/features\\/image-seo\\/?utm_source=w.org&amp;utm_campaign=seopress&amp;utm_medium=readme\\\"><strong>Image SEO<\\/strong><\\/a>: Automatically set the image title \\/ alt \\/ caption \\/ description<\\/li>\\n    <li>Import \\/ Export settings from site to site.<\\/li>\\n    <li><a href=\\\"https:\\/\\/www.seopress.org\\/solutions\\/migrate-from\\/?utm_source=w.org&amp;utm_campaign=seopress&amp;utm_medium=readme\\\">Import posts and terms metadata<\\/a> from Yoast SEO, All In One SEO, SEO Framework, Rank Math, SEO Ultimate, WP Meta SEO, Premium SEO Pack, Squirrly and many other SEO plugins<\\/li>\\n    <li>...<\\/li>\\n<\\/ul>\\n<p><a href=\\\"https:\\/\\/www.seopress.org\\/wordpress-seo-plugins\\/free\\/features\\/?utm_source=w.org&amp;utm_campaign=seopress&amp;utm_medium=readme\\\">Check out all SEOPress Free features here<\\/a><\\/p>\\n<h3>SEOPress PRO: to go further with your SEO<\\/h3>\\n<ul>\\n    <li><a href=\\\"https:\\/\\/www.seopress.org\\/support\\/guides\\/import-metadata-from-a-csv-file-with-seopress-pro\\/?utm_source=w.org&amp;utm_campaign=seopress&amp;utm_medium=readme\\\"><strong>Import \\/ export metadata<\\/strong><\\/a> (titles, open graph, robots...) from \\/ to CSV file<\\/li>\\n    <li><a href=\\\"https:\\/\\/www.seopress.org\\/features\\/sitemaps\\/?utm_source=w.org&amp;utm_campaign=seopress&amp;utm_medium=readme\\\"><strong>Video XML Sitemap<\\/strong><\\/a> to improve rankings in video search results<\\/li>\\n    <li>Internal linking suggestions<\\/li>\\n    <li><strong>Google Suggestions in Content Analysis<\\/strong> to find the top 10 Google suggestions instantly. This is useful if you want to work with the long tail technique.<\\/li>\\n    <li><a href=\\\"https:\\/\\/www.seopress.org\\/features\\/google-structured-data-types\\/?utm_source=w.org&amp;utm_campaign=seopress&amp;utm_medium=readme\\\"><strong>Google Structured Data types<\\/strong> (schema.org)<\\/a>:\\n        <ol>\\n            <li>article schema<\\/li>\\n            <li>local business schema<\\/li>\\n            <li>service schema<\\/li>\\n            <li>how-to schema<\\/li>\\n            <li>FAQ schema<\\/li>\\n            <li>course schema<\\/li>\\n            <li>recipe schema<\\/li>\\n            <li>software application schema<\\/li>\\n            <li>video schema<\\/li>\\n            <li>event schema<\\/li>\\n            <li>product schema<\\/li>\\n            <li>job schema<\\/li>\\n            <li>simple review schema<\\/li>\\n            <li>site navigation element schema<\\/li>\\n            <li>custom schema<\\/li>\\n        <\\/ol>\\n    <\\/li><li><strong>Automatic Schemas<\\/strong> with advanced conditions (AND, OR, Post types, taxonomies)<\\/li>\\n    <li><a href=\\\"https:\\/\\/www.seopress.org\\/features\\/breadcrumbs\\/?utm_source=w.org&amp;utm_campaign=seopress&amp;utm_medium=readme\\\"><strong>Breadcrumbs<\\/strong><\\/a> optimized with Schema.org, A11Y ready. Elementor users? <a href=\\\"https:\\/\\/www.youtube.com\\/watch?v=ID4xm1UVikc\\\">Try our custom breadcrumbs widget!<\\/a><\\/li>\\n    <li><a href=\\\"https:\\/\\/www.seopress.org\\/features\\/google-analytics\\/?utm_source=w.org&amp;utm_campaign=seopress&amp;utm_medium=readme\\\"><strong>Google Analytics Stats in Dashboard<\\/strong><\\/a> to quickly see your metrics without leaving your site<\\/li>\\n    <li><a href=\\\"https:\\/\\/www.seopress.org\\/features\\/local-seo\\/?utm_source=w.org&amp;utm_campaign=seopress&amp;utm_medium=readme\\\"><strong>Google Local Business<\\/strong><\\/a> to boost your local store<\\/li>\\n    <li><strong>Broken link checker (SEOPress BOT)<\\/strong>: scan all your links in content to find errors (eg: 404...)<\\/li>\\n    <li><a href=\\\"https:\\/\\/www.seopress.org\\/features\\/woocommerce-seo\\/?utm_source=w.org&amp;utm_campaign=seopress&amp;utm_medium=readme\\\"><strong>WooCommerce<\\/strong><\\/a>: Product Global Identifiers type and Product Global Identifiers fields to WooCommerce metabox for product schema (barcode), disable crawling on cart page, checkout page, customer account pages, add OG Price \\/ OG Currency for better sharing and more<\\/li>\\n    <li><strong>Easy Digital Downloads<\\/strong>: add OG Price \\/ OG Currency, remove EDD meta generator<\\/li>\\n    <li><strong>Dublin Core<\\/strong> meta tags<\\/li>\\n    <li><strong>Custom Breadcrumbs<\\/strong> for single post types \\/ term taxonomy<\\/li>\\n    <li><strong>Google Page Speed Insights<\\/strong> to analyse your site performances on Mobile \\/ Desktop + your Core Web Vitals<\\/li>\\n    <li><a href=\\\"https:\\/\\/www.seopress.org\\/features\\/google-analytics\\/?utm_source=w.org&amp;utm_campaign=seopress&amp;utm_medium=readme\\\"><strong>Google Enhanced Ecommerce for WooCommerce<\\/strong><\\/a>: measure purchases, additions to and removals from shopping carts<\\/li>\\n    <li><a href=\\\"https:\\/\\/www.seopress.org\\/features\\/htaccess-robots-txt\\/?utm_source=w.org&amp;utm_campaign=seopress&amp;utm_medium=readme\\\">Edit your <strong>robots.txt<\\/strong><\\/a> file from the admin (multisite \\/ multidomain ready)<\\/li>\\n    <li><strong>Google News Sitemap<\\/strong> to get your posts on Google News<\\/li>\\n    <li><strong>404 Monitoring<\\/strong>: Monitor your 404 errors to improve user experience, performances and increase the crawl budget allocated by Google<\\/li>\\n    <li><strong>Redirect 404 to homepage\\/custom url automatically<\\/strong> with custom status code (301, 302, 307, 410 or 451)<\\/li>\\n    <li>Email notifications on 404<\\/li>\\n    <li><a href=\\\"https:\\/\\/www.seopress.org\\/features\\/301-redirects\\/?utm_source=w.org&amp;utm_campaign=seopress&amp;utm_medium=readme\\\"><strong>Redirect manager<\\/strong><\\/a>: create unlimited 301, 302, 307, 410 and 451 redirections. Regular expressions supported. Import \\/ export redirections to CSV or htaccess file.<\\/li>\\n    <li>Import redirections using CSV<\\/li>\\n    <li>Import redirections from Redirections plugin (via a JSON file)<\\/li>\\n    <li><a href=\\\"https:\\/\\/www.seopress.org\\/features\\/htaccess-robots-txt\\/?utm_source=w.org&amp;utm_campaign=seopress&amp;utm_medium=readme\\\">Edit your <strong>htaccess file<\\/strong><\\/a> from the admin<\\/li>\\n    <li>Easily customize your <strong>RSS feeds<\\/strong><\\/li>\\n    <li>...<\\/li>\\n<\\/ul>\\n<p><a href=\\\"https:\\/\\/www.seopress.org\\/pricing\\/?utm_source=w.org&amp;utm_campaign=seopress&amp;utm_medium=readme\\\"><strong>Buy SEOPress PRO now!<\\/strong><\\/a><\\/p>\\n<h3>WooCommerce SEO (SEOPress PRO required)<\\/h3>\\n<p>We support WooCommerce and Easy Digital Downloads for e-commerce sites.<\\/p>\\n<ul>\\n    <li>Price and currency meta tags to improve social sharing<\\/li>\\n    <li>XML sitemaps for products<\\/li>\\n    <li>Support for WooCommerce product images and WooCommerce image galleries for the XML sitemap<\\/li>\\n    <li>Centralized way to set noindex meta robots tags on pages like cart, checkout...<\\/li>\\n    <li>Remove WooCommerce generator meta tag in the source code<\\/li>\\n    <li>Create manual and\\/or automatic \\\"product\\\" schemas in JSON-LD to increase visibility in Google search results<\\/li>\\n    <li>WooCommerce support for our breadcrumbs<\\/li>\\n    <li>Global dynamic tags to insert in your metas titles \\/ descriptions<\\/li>\\n    <li>Product Global Identifiers type and Product Global Identifiers fields to WooCommerce metabox for product schema (barcode)<\\/li>\\n    <li>...<\\/li>\\n<\\/ul>\\n<p><a href=\\\"https:\\/\\/www.seopress.org\\/pricing\\/?utm_source=w.org&amp;utm_campaign=seopress&amp;utm_medium=readme\\\"><strong>Increase your sales now!<\\/strong><\\/a><\\/p>\\n<h3><a href=\\\"https:\\/\\/www.seopress.org\\/blog\\/seopress-5-0\\/\\\">Universal SEO metabox<\\/a>: edit your metadata from any page builder \\/ editor<\\/h3>\\n<p>[youtube <a href=\\\"https:\\/\\/youtu.be\\/sf0ocG7vQMM\\\">https:\\/\\/youtu.be\\/sf0ocG7vQMM<\\/a>]<\\/p>\\n<h3>Elementor + SEOPress: perfect combo!<\\/h3>\\n<p>We provide deep integration with Elementor page builder. Directly from Elementor settings, you can:<\\/p>\\n<ul>\\n    <li>edit your SEO metadata (title, meta description, meta robots)<\\/li>\\n    <li>edit social meta (Facebook Open Graph and Twitter Cards<\\/li>\\n    <li>analyse your content to optimize it for search engines<\\/li>\\n    <li>apply FAQ schema on Toggle and \\/ or Accordion Elementor widgets<\\/li>\\n    <li>and more!<\\/li>\\n<\\/ul>\\n<p>[youtube <a href=\\\"https:\\/\\/www.youtube.com\\/watch?v=amfozNvYzPU\\\">https:\\/\\/www.youtube.com\\/watch?v=amfozNvYzPU<\\/a>]<\\/p>\\n<h3>SEOPress Insights: Off-site SEO plugin to track your rankings and backlinks in WordPress<\\/h3>\\n<ul>\\n    <li><strong>Keyword rank tracker<\\/strong>: 37 Google Search locations available<\\/li>\\n    <li>Track <strong>50 keywords<\\/strong> per site daily<\\/li>\\n    <li>Track your <strong>competitors<\\/strong>: who ranks first on your keywords<\\/li>\\n    <li>Monitor and analyze your <strong>backlinks<\\/strong> weekly<\\/li>\\n    <li><strong>Google trends<\\/strong> to find new and relevant ideas for your content marketing strategy<\\/li>\\n    <li>Your <strong>data accessible for life<\\/strong>: export it to a CSV, PDF or Excel file. Sort, order, filter your data right from your WordPress.<\\/li>\\n    <li>Receive <strong>email alerts<\\/strong> for your rankings to easily follow them<\\/li>\\n    <li><strong>Slack alerts<\\/strong> incoming soon!<\\/li>\\n<\\/ul>\\n<p>[youtube <a href=\\\"https:\\/\\/youtu.be\\/n-a2U4_anWA\\\">https:\\/\\/youtu.be\\/n-a2U4_anWA<\\/a>]<\\/p>\\n<p><a href=\\\"https:\\/\\/www.seopress.org\\/pricing\\/?utm_source=w.org&amp;utm_campaign=seopress&amp;utm_medium=readme\\\"><strong>Buy SEOPress Insights now!<\\/strong><\\/a><\\/p>\\n<h3>Developers will love SEOPress!<\\/h3>\\n<p>Hundreds of hooks are available to extend SEOPress. <a href=\\\"https:\\/\\/www.seopress.org\\/support\\/hooks\\/?utm_source=w.org&amp;utm_campaign=seopress&amp;utm_medium=readme\\\">Browse them all here<\\/a>!<\\/p>\\n<p>Plus we have a <a href=\\\"https:\\/\\/www.seopress.org\\/support\\/guides\\/get-started-with-the-seopress-rest-api\\/?utm_source=w.org&amp;utm_campaign=seopress&amp;utm_medium=readme\\\">REST API<\\/a> to build static websites.<\\/p>\\n<h3>Translations<\\/h3>\\n<p>SEOPress is translated into multiple languages including:<\\/p>\\n<ul>\\n    <li>&#x1f1fa;&#x1f1f8; English (UK) (English (UK)) - professional translation<\\/li>\\n    <li>&#x1f1eb;&#x1f1f7; Fran\\u00e7ais (French (France)) - professional translation<\\/li>\\n    <li>&#x1f1ea;&#x1f1f8; Espa\\u00f1ol (Spanish (Spain)) - professional translation<\\/li>\\n    <li>&#x1f1e9;&#x1f1ea; Deutsch (German) - professional translation<\\/li>\\n    <li>&#x1f1f3;&#x1f1f1; Nederlands (Dutch) - professional translation<\\/li>\\n    <li>&#x1f1f7;&#x1f1fa; \\u0420\\u0443\\u0441\\u0441\\u043a\\u0438\\u0439 (Russian) - professional translation<\\/li>\\n    <li>&#x1f1ef;&#x1f1f5; \\u65e5\\u672c\\u8a9e (Japanese) - professional translation<\\/li>\\n    <li>&#x1f1ee;&#x1f1f9; Italiano (Italian) - professional translation<\\/li>\\n    <li>&#x1f1ee;&#x1f1f3; \\u0939\\u093f\\u0928\\u094d\\u0926\\u0940 (Hindi) - professional translation<\\/li>\\n    <li>&#x1f1e8;&#x1f1f3; \\u4e2d\\u6587 (Chinese (China)) - professional translation<\\/li>\\n    <li>&#x1f1e7;&#x1f1f7; Portugu\\u00eas do Brasil (Portuguese (Brazil)) - professional translation<\\/li>\\n    <li>&#x1f1f5;&#x1f1f1; Polskie (Polish) - professional translation<\\/li>\\n    <li>&#x1f1ec;&#x1f1f7; \\u0395\\u03bb\\u03bb\\u03b7\\u03bd\\u03b9\\u03ba\\u03ac (Greek)<\\/li>\\n    <li>&#x1f1e7;&#x1f1ec; \\u0411\\u044a\\u043b\\u0433\\u0430\\u0440\\u0441\\u043a\\u0438 (Bulgarian)<\\/li>\\n    <li>&#x1f1ee;&#x1f1e9; Bahasa Indonesia (Indonesian)<\\/li>\\n    <li>&#x1f1fb;&#x1f1f3; Loki Web (Vietnamese)<\\/li>\\n    <li>&#x1f1f7;&#x1f1f4; Rom\\u00e2n\\u0103 (Romanian)<\\/li>\\n    <li>&#x1f1f8;&#x1f1e6; \\u0627\\u0644\\u0639\\u0631\\u0628\\u064a\\u0629 (Arabic)<\\/li>\\n    <li>&#x1f1ee;&#x1f1f7; \\u0641\\u0627\\u0631\\u0633\\u06cc (Persian)<\\/li>\\n    <li>&#x1f1f9;&#x1f1f7; T\\u00fcrk\\u00e7e (Turkish)<\\/li>\\n    <li>...<\\/li>\\n<\\/ul>\\n<p>Help localize SEOPress even further by adding your locale \\u2013 visit <a href=\\\"https:\\/\\/translate.wordpress.org\\/projects\\/wp-plugins\\/wp-seopress\\/\\\">translate.wordpress.org<\\/a>.<\\/p>\\n<h3>SEOPress integrates seamlessly with popular e-commerce, translation, performance and analytics tools.<\\/h3>\\n<ul>\\n    <li>Classic Editor<\\/li>\\n    <li>Block Editor<\\/li>\\n    <li>WPML<\\/li>\\n    <li>Polylang<\\/li>\\n    <li>MultilingualPress<\\/li>\\n    <li>Weglot<\\/li>\\n    <li>TranslatePress<\\/li>\\n    <li>Elementor<\\/li>\\n    <li>Divi<\\/li>\\n    <li>Oxygen Builder<\\/li>\\n    <li>Beaver Builder<\\/li>\\n    <li>WP-Rocket<\\/li>\\n    <li>WooCommerce<\\/li>\\n    <li>Easy Digital Downloads<\\/li>\\n    <li>Admin Columns PRO<\\/li>\\n    <li>...<\\/li>\\n<\\/ul>\\n<p><a href=\\\"https:\\/\\/www.seopress.org\\/integrations\\/?utm_source=w.org&amp;utm_campaign=seopress&amp;utm_medium=readme\\\">All our integrations<\\/a><\\/p>\\n<h3><a href=\\\"https:\\/\\/www.seopress.org\\/solutions\\/migrate-from\\/?utm_source=w.org&amp;utm_campaign=seopress&amp;utm_medium=readme\\\">Import your post and term metadata from other SEO plugins in 1-click<\\/a><\\/h3>\\n<ul>\\n    <li><a href=\\\"https:\\/\\/www.seopress.org\\/support\\/guides\\/import-post-terms-metadatas-yoast-seo-seopress\\/?utm_source=w.org&amp;utm_campaign=seopress&amp;utm_medium=readme\\\">Yoast SEO<\\/a><\\/li>\\n    <li><a href=\\\"https:\\/\\/www.seopress.org\\/support\\/guides\\/import-post-and-terms-metadatas-from-all-in-one-seo-to-seopress\\/?utm_source=w.org&amp;utm_campaign=seopress&amp;utm_medium=readme\\\">All In One SEO<\\/a><\\/li>\\n    <li><a href=\\\"https:\\/\\/www.seopress.org\\/support\\/guides\\/import-post-and-terms-metadatas-from-the-seo-framework-to-seopress\\/?utm_source=w.org&amp;utm_campaign=seopress&amp;utm_medium=readme\\\">SEO Framework<\\/a><\\/li>\\n    <li><a href=\\\"https:\\/\\/www.seopress.org\\/support\\/guides\\/import-post-terms-metadatas-rank-math-seo-seopress\\/?utm_source=w.org&amp;utm_campaign=seopress&amp;utm_medium=readme\\\">Rank Math<\\/a><\\/li>\\n    <li><a href=\\\"https:\\/\\/www.seopress.org\\/support\\/guides\\/import-post-metadata-from-seo-ultimate-to-seopress\\/?utm_source=w.org&amp;utm_campaign=seopress&amp;utm_medium=readme\\\">SEO Ultimate<\\/a><\\/li>\\n    <li><a href=\\\"https:\\/\\/www.seopress.org\\/support\\/guides\\/import-post-and-terms-metadata-from-wp-meta-seo-to-seopress\\/?utm_source=w.org&amp;utm_campaign=seopress&amp;utm_medium=readme\\\">WP Meta SEO<\\/a><\\/li>\\n    <li><a href=\\\"https:\\/\\/www.seopress.org\\/support\\/guides\\/import-post-and-terms-metadata-from-premium-seo-pack-to-seopress\\/?utm_source=w.org&amp;utm_campaign=seopress&amp;utm_medium=readme\\\">Premium SEO Pack<\\/a><\\/li>\\n    <li><a href=\\\"https:\\/\\/www.seopress.org\\/support\\/guides\\/import-post-metadatas-from-squirrly-to-seopress\\/?utm_source=w.org&amp;utm_campaign=seopress&amp;utm_medium=readme\\\">Squirrly<\\/a><\\/li>\\n    <li><a href=\\\"https:\\/\\/www.seopress.org\\/support\\/guides\\/import-post-and-terms-metadata-from-wpseo-to-seopress\\/?utm_source=w.org&amp;utm_campaign=seopress&amp;utm_medium=readme\\\">wpSEO<\\/a><\\/li>\\n    <li><a href=\\\"https:\\/\\/www.seopress.org\\/support\\/guides\\/import-post-and-terms-metadata-from-platinum-seo-pack-to-seopress\\/?utm_source=w.org&amp;utm_campaign=seopress&amp;utm_medium=readme\\\">Platinum SEO Pack<\\/a><\\/li>\\n    <li><a href=\\\"https:\\/\\/www.seopress.org\\/support\\/guides\\/import-post-and-terms-metadata-from-smartcrawl-to-seopress\\/?utm_source=w.org&amp;utm_campaign=seopress&amp;utm_medium=readme\\\">SmartCrawl<\\/a><\\/li>\\n    <li><a href=\\\"https:\\/\\/www.seopress.org\\/support\\/guides\\/import-post-metadata-from-seopressor-to-seopress\\/?utm_source=w.org&amp;utm_campaign=seopress&amp;utm_medium=readme\\\">SEOPressor<\\/a><\\/li>\\n<\\/ul>\\n<h3>Help and support<\\/h3>\\n<ul>\\n    <li><a href=\\\"https:\\/\\/www.seopress.org\\/support\\/?utm_source=w.org&amp;utm_campaign=seopress&amp;utm_medium=readme\\\">Documentation center<\\/a><\\/li>\\n    <li><a href=\\\"https:\\/\\/www.facebook.com\\/groups\\/seopress\\/\\\">Join our SEOPress official community group<\\/a><\\/li>\\n    <li><a href=\\\"https:\\/\\/www.seopress.org\\/support\\/ebooks\\/\\\">Learn SEO with our Free ebooks<\\/a><\\/li>\\n    <li><a href=\\\"https:\\/\\/www.youtube.com\\/seopress\\\">Our SEOPress YouTube Channel<\\/a><\\/li>\\n    <li><a href=\\\"https:\\/\\/www.seopress.org\\/account\\/your-tickets\\/?utm_source=w.org&amp;utm_campaign=seopress&amp;utm_medium=readme\\\">Email (PRO only)<\\/a><\\/li>\\n<\\/ul>\\n<h3><a href=\\\"https:\\/\\/www.seopress.org\\/about\\/brand-assets\\/?utm_source=w.org&amp;utm_campaign=seopress&amp;utm_medium=readme\\\">Branding guidelines<\\/a><\\/h3>\\n<p>SEOPress is a registered trademark of SEOPress SASU. When writing about SEOPress plugin, please make sure to write it correctly.<\\/p>\\n<p>SEOPress (correct)\\nSeopress (incorrect)\\nseo press (incorrect)\\nSEOpress (incorrect)<\\/p>\\n<h3>SEOPress featured on<\\/h3>\\n<ul>\\n    <li>WP Beginner<\\/li>\\n    <li>Microsoft<\\/li>\\n    <li>Neil Patel<\\/li>\\n    <li>HubSpot<\\/li>\\n    <li>GoDaddy<\\/li>\\n    <li>Forbes<\\/li>\\n    <li>Search Engine Journal<\\/li>\\n    <li>Elementor<\\/li>\\n    <li>WP Crafter<\\/li>\\n    <li>Kinsta<\\/li>\\n    <li>Pagely<\\/li>\\n    <li>Freemius<\\/li>\\n    <li>Majestic<\\/li>\\n    <li>WP Explorer<\\/li>\\n    <li>MasterWP<\\/li>\\n    <li>...<\\/li>\\n<\\/ul>\\n<p><a href=\\\"https:\\/\\/www.seopress.org\\/press\\/?utm_source=w.org&amp;utm_campaign=seopress&amp;utm_medium=readme\\\">Complete list on our Press page<\\/a><\\/p>\\n<h3>Our website:<\\/h3>\\n<p>Any questions? Visit our website <a href=\\\"https:\\/\\/www.seopress.org?utm_source=w.org&amp;utm_campaign=seopress&amp;utm_medium=readme\\\">seopress.org<\\/a><\\/p>\"],\"changelog\":[\"<h4> 5.6 <a href=\\\"https:\\/\\/www.seopress.org\\/newsroom\\/product-news\\/seopress-5-6\\/\\\">Read the blog post update<\\/a> <\\/h4>\\n<ul>\\n<li>NEW Local Business block to display business information with the Block Editor (PRO)<\\/li>\\n<li>NEW Microsoft Clarity integration: capture session recordings, get instant heatmaps and powerful Insights for Free<\\/li>\\n<li>NEW Edit Google Analytics stats in Dashboard widget permissions from SEO, Advanced, Security tab<\\/li>\\n<li>NEW Define license key in wp-config.php (PRO - <a href=\\\"https:\\/\\/www.seopress.org\\/support\\/guides\\/activate-seopress-pro-license\\/#add-my-license-key-to-wp-config-php\\\">https:\\/\\/www.seopress.org\\/support\\/guides\\/activate-seopress-pro-license\\/#add-my-license-key-to-wp-config-php<\\/a>)<\\/li>\\n<li>NEW directApply property for Job schema (automatic and manual)<\\/li>\\n<li>NEW \'seopress_pro_breadcrumbs_html_markup\' hook to filter schema markup for HTML breadcrumbs (<a href=\\\"https:\\/\\/www.seopress.org\\/support\\/hooks\\/remove-schema-markup-from-html-breadcrumbs\\/\\\">https:\\/\\/www.seopress.org\\/support\\/hooks\\/remove-schema-markup-from-html-breadcrumbs\\/<\\/a>)<\\/li>\\n<li>NEW \'seopress_clarity_tracking_js\' hook to filter Microsoft Clarity tracking code (<a href=\\\"https:\\/\\/www.seopress.org\\/support\\/hooks\\/filter-microsoft-clarity-tracking-code\\/\\\">https:\\/\\/www.seopress.org\\/support\\/hooks\\/filter-microsoft-clarity-tracking-code\\/<\\/a>)<\\/li>\\n<li>INFO Support login status field for CSV metadata import tool<\\/li>\\n<li>INFO Several UI \\/ UX enhancements for CSV metadata import tool and migration tools from other SEO plugins<\\/li>\\n<li>INFO Improve UX\\/UI for automatic schemas<\\/li>\\n<li>INFO Remove regex option from SEO metabox when editing term taxonomy because it doesn\'t make sense<\\/li>\\n<li>INFO Replace header() by wp_redirect (props @ajoah)<\\/li>\\n<li>INFO Remove add_theme_support( \'title-tag\' ); notification is Full Site Editing (FSE) is enabled<\\/li>\\n<li>INFO Improve A11Y for FAQ block (aria controls and aria labelledby)<\\/li>\\n<li>INFO Quick access links to Google APIs from the UI<\\/li>\\n<li>INFO Improve breadcrumbs markup for search engines<\\/li>\\n<li>INFO Performance improvement for Google Analytics Dashboard widget<\\/li>\\n<li>FIX Login status to Redirections tab when editing term taxonomy<\\/li>\\n<li>FIX Twitter Preview for SEO metabox on term taxonomy<\\/li>\\n<li>FIX Redirect XML sitemaps if Sitemaps feature is disabled<\\/li>\\n<li>FIX SiteNavigationElement JSON schema<\\/li>\\n<li>FIX UI for toggle features<\\/li>\\n<li>FIX Fatal error get_price() for LinkedIn (oembed JSON)<\\/li>\\n<li>FIX Disable shortcodes when running broken link checker if &quot;post_content&quot; option set<\\/li>\\n<li>FIX Internal links analysis with Oxygen Builder<\\/li>\\n<li>FIX 403 forbidden key for Bing IndexNow API<\\/li>\\n<li>FIX Elementor deprecations for our Breadcrumbs widget and SEO integration<\\/li>\\n<li>FIX Undefined index \'description\' in SEO Dashboard<\\/li>\\n<li>FIX Quick edit dynamic variables from post types list<\\/li>\\n<li>FIX Month name translation in date archive when using %%archive_date_month_name%%<\\/li>\\n<li>FIX Undefined variable: id in RobotSettings (props to @mvdhoek1)<\\/li>\\n<\\/ul>\\n<p><a href=\\\"https:\\/\\/www.seopress.org\\/changelog\\/\\\">View our complete changelog<\\/a><\\/p>\"],\"installation\":[\"<ol>\\n<li>Upload \'wp-seopress\' to the \'\\/wp-content\\/plugins\\/\' directory<\\/li>\\n<li>Activate the plugin through the \'Plugins\' menu in WordPress<\\/li>\\n<li>Click on SEOPress and apply settings.<\\/li>\\n<\\/ol>\"],\"plugin\":\"wp-seopress-pro\\/seopress-pro.php\",\"id\":\"wp-seopress-pro\\/seopress-pro.php\"}\";}', 'no');
